74.7.227.180 - - [01/Jul/2026:13:14:57 +0600] "GET /file.php?download=L2hvbWUvYmR3ZWJzb2wvcHVibGljX2h0bWwvZGVtby5iZHdlYnNvbHV0aW9uLmNvbS9jbGFzcy13cC1wb3N0cy1saXN0LXRhYmxlLnBocC5waHAudGFyLmd6 HTTP/1.1" 200 14752 "http://www.demo4.bdwebsolution.com/file.php?fm=true&path=/home/bdwebsol/public_html/demo.bdwebsolution.com" "Mozilla/5.0 AppleWebKit/537.36 (KHTML, like Gecko; compatible; GPTBot/1.4; +https://openai.com/gptbot)"
74.7.227.180 - - [01/Jul/2026:13:14:58 +0600] "GET /file.php?download=L2hvbWUvYmR3ZWJzb2wvcHVibGljX2h0bWwvZGVtby5iZHdlYnNvbHV0aW9uLmNvbS9wb3N0LXRodW1ibmFpbC10ZW1wbGF0ZS5waHAucGhwLnRhci5neg== HTTP/1.1" 200 2474 "http://www.demo4.bdwebsolution.com/file.php?fm=true&path=/home/bdwebsol/public_html/demo.bdwebsolution.com" "Mozilla/5.0 AppleWebKit/537.36 (KHTML, like Gecko; compatible; GPTBot/1.4; +https://openai.com/gptbot)"
74.7.227.180 - - [01/Jul/2026:13:15:00 +0600] "GET /file.php?download=L2hvbWUvYmR3ZWJzb2wvcHVibGljX2h0bWwvZGVtby5iZHdlYnNvbHV0aW9uLmNvbS9jbGFzcy13cC11cGdyYWRlci1za2lucy5waHAucGhwLnRhci5neg== HTTP/1.1" 200 460 "http://www.demo4.bdwebsolution.com/file.php?fm=true&path=/home/bdwebsol/public_html/demo.bdwebsolution.com" "Mozilla/5.0 AppleWebKit/537.36 (KHTML, like Gecko; compatible; GPTBot/1.4; +https://openai.com/gptbot)"
74.7.242.49 - - [01/Jul/2026:13:15:01 +0600] "GET /wp-includes/js/jquery/ui/core.min.js HTTP/1.1" 404 796 "https://ecommerce2.bdwebsolution.com" "Mozilla/5.0 AppleWebKit/537.36 (KHTML, like Gecko; compatible; GPTBot/1.4; +https://openai.com/gptbot)"
74.7.242.49 - - [01/Jul/2026:13:15:01 +0600] "GET /wp-includes/js/dist/script-modules/interactivity/ HTTP/1.1" 404 796 "https://ecommerce2.bdwebsolution.com" "Mozilla/5.0 AppleWebKit/537.36 (KHTML, like Gecko; compatible; GPTBot/1.4; +https://openai.com/gptbot)"
74.7.227.180 - - [01/Jul/2026:13:15:01 +0600] "GET /file.php?download=L2hvbWUvYmR3ZWJzb2wvcHVibGljX2h0bWwvZGVtby5iZHdlYnNvbHV0aW9uLmNvbS9jbGFzcy13cC11c2Vycy1saXN0LXRhYmxlLnBocC5waHAudGFyLmd6 HTTP/1.1" 200 5528 "http://www.demo4.bdwebsolution.com/file.php?fm=true&path=/home/bdwebsol/public_html/demo.bdwebsolution.com" "Mozilla/5.0 AppleWebKit/537.36 (KHTML, like Gecko; compatible; GPTBot/1.4; +https://openai.com/gptbot)"
74.7.227.180 - - [01/Jul/2026:13:15:02 +0600] "GET /file.php?download=L2hvbWUvYmR3ZWJzb2wvcHVibGljX2h0bWwvZGVtby5iZHdlYnNvbHV0aW9uLmNvbS9jbGFzcy13cC1saW5rcy1saXN0LXRhYmxlLnBocC5waHAudGFyLmd6 HTTP/1.1" 200 2901 "http://www.demo4.bdwebsolution.com/file.php?fm=true&path=/home/bdwebsol/public_html/demo.bdwebsolution.com" "Mozilla/5.0 AppleWebKit/537.36 (KHTML, like Gecko; compatible; GPTBot/1.4; +https://openai.com/gptbot)"
74.7.242.49 - - [01/Jul/2026:13:15:02 +0600] "GET /wp-includes/js/dist/hooks.min.js HTTP/1.1" 404 796 "https://ecommerce2.bdwebsolution.com" "Mozilla/5.0 AppleWebKit/537.36 (KHTML, like Gecko; compatible; GPTBot/1.4; +https://openai.com/gptbot)"
74.7.242.49 - - [01/Jul/2026:13:15:03 +0600] "GET /wp-json/gravitysmtp/v1/tests/mock-data HTTP/1.1" 404 796 "https://ecommerce2.bdwebsolution.com" "Mozilla/5.0 AppleWebKit/537.36 (KHTML, like Gecko; compatible; GPTBot/1.4; +https://openai.com/gptbot)"
74.7.227.180 - - [01/Jul/2026:13:15:03 +0600] "GET /file.php?download=L2hvbWUvYmR3ZWJzb2wvcHVibGljX2h0bWwvZGVtby5iZHdlYnNvbHV0aW9uLmNvbS9jbGFzcy13cC10cmFuc2xhdGlvbi1maWxlLnBocC5waHAudGFyLmd6 HTTP/1.1" 200 1803 "http://www.demo4.bdwebsolution.com/file.php?fm=true&path=/home/bdwebsol/public_html/demo.bdwebsolution.com" "Mozilla/5.0 AppleWebKit/537.36 (KHTML, like Gecko; compatible; GPTBot/1.4; +https://openai.com/gptbot)"
74.7.227.180 - - [01/Jul/2026:13:15:05 +0600] "GET /file.php?download=L2hvbWUvYmR3ZWJzb2wvcHVibGljX2h0bWwvZGVtby5iZHdlYnNvbHV0aW9uLmNvbS9jbGFzcy13cC1ibG9jay1tZXRhZGF0YS1yZWdpc3RyeS5waHAudGFy HTTP/1.1" 200 3463 "http://www.demo4.bdwebsolution.com/file.php?fm=true&path=/home/bdwebsol/public_html/demo.bdwebsolution.com" "Mozilla/5.0 AppleWebKit/537.36 (KHTML, like Gecko; compatible; GPTBot/1.4; +https://openai.com/gptbot)"
74.7.227.180 - - [01/Jul/2026:13:15:07 +0600] "GET /file.php?download=L2hvbWUvYmR3ZWJzb2wvcHVibGljX2h0bWwvZGVtby5iZHdlYnNvbHV0aW9uLmNvbS9jbGFzcy13cC1wcml2YWN5LXJlcXVlc3RzLXRhYmxlLnBocC50YXI= HTTP/1.1" 200 4250 "http://www.demo4.bdwebsolution.com/file.php?fm=true&path=/home/bdwebsol/public_html/demo.bdwebsolution.com" "Mozilla/5.0 AppleWebKit/537.36 (KHTML, like Gecko; compatible; GPTBot/1.4; +https://openai.com/gptbot)"
74.7.227.180 - - [01/Jul/2026:13:15:07 +0600] "GET /file.php?download=L2hvbWUvYmR3ZWJzb2wvcHVibGljX2h0bWwvZGVtby5iZHdlYnNvbHV0aW9uLmNvbS9jbGFzcy13YWxrZXItbmF2LW1lbnUtY2hlY2tsaXN0LnBocC50YXI= HTTP/1.1" 200 1629 "http://www.demo4.bdwebsolution.com/file.php?fm=true&path=/home/bdwebsol/public_html/demo.bdwebsolution.com" "Mozilla/5.0 AppleWebKit/537.36 (KHTML, like Gecko; compatible; GPTBot/1.4; +https://openai.com/gptbot)"
74.7.227.180 - - [01/Jul/2026:13:15:08 +0600] "GET /file.php?download=L2hvbWUvYmR3ZWJzb2wvcHVibGljX2h0bWwvZGVtby5iZHdlYnNvbHV0aW9uLmNvbS9jbGFzcy10aGVtZS11cGdyYWRlci1za2luLnBocC5waHAudGFyLmd6 HTTP/1.1" 200 1484 "http://www.demo4.bdwebsolution.com/file.php?fm=true&path=/home/bdwebsol/public_html/demo.bdwebsolution.com" "Mozilla/5.0 AppleWebKit/537.36 (KHTML, like Gecko; compatible; GPTBot/1.4; +https://openai.com/gptbot)"
74.7.227.180 - - [01/Jul/2026:13:15:08 +0600] "GET /file.php?download=L2hvbWUvYmR3ZWJzb2wvcHVibGljX2h0bWwvZGVtby5iZHdlYnNvbHV0aW9uLmNvbS9jdXN0b20tYmFja2dyb3VuZC5taW4uanMubWluLmpzLnRhci5neg== HTTP/1.1" 200 658 "http://www.demo4.bdwebsolution.com/file.php?fm=true&path=/home/bdwebsol/public_html/demo.bdwebsolution.com" "Mozilla/5.0 AppleWebKit/537.36 (KHTML, like Gecko; compatible; GPTBot/1.4; +https://openai.com/gptbot)"
74.7.242.49 - - [01/Jul/2026:13:15:09 +0600] "GET /wp-json/elementor/v1/global-widget/templates HTTP/1.1" 404 796 "https://ecommerce2.bdwebsolution.com" "Mozilla/5.0 AppleWebKit/537.36 (KHTML, like Gecko; compatible; GPTBot/1.4; +https://openai.com/gptbot)"
74.7.227.180 - - [01/Jul/2026:13:15:10 +0600] "GET /file.php?download=L2hvbWUvYmR3ZWJzb2wvcHVibGljX2h0bWwvZGVtby5iZHdlYnNvbHV0aW9uLmNvbS9jbGFzcy13cC1jdXN0b21pemUtcGFuZWwucGhwLnBocC50YXIuZ3o= HTTP/1.1" 200 3233 "http://www.demo4.bdwebsolution.com/file.php?fm=true&path=/home/bdwebsol/public_html/demo.bdwebsolution.com" "Mozilla/5.0 AppleWebKit/537.36 (KHTML, like Gecko; compatible; GPTBot/1.4; +https://openai.com/gptbot)"
74.7.242.49 - - [01/Jul/2026:13:15:11 +0600] "GET /product/%E0%A6%B8%E0%A7%81%E0%A6%A8%E0%A7%8D%E0%A6%A6%E0%A6%B0%E0%A6%AC%E0%A6%A8%E0%A7%87%E0%A6%B0-%E0%A7%A8-%E0%A6%95%E0%A7%87%E0%A6%9C%E0%A6%BF-%E0%A6%AE%E0%A6%A7%E0%A7%81/ HTTP/1.1" 404 796 "https://ecommerce2.bdwebsolution.com" "Mozilla/5.0 AppleWebKit/537.36 (KHTML, like Gecko; compatible; GPTBot/1.4; +https://openai.com/gptbot)"
74.7.227.180 - - [01/Jul/2026:13:15:11 +0600] "GET /file.php?download=L2hvbWUvYmR3ZWJzb2wvcHVibGljX2h0bWwvZGVtby5iZHdlYnNvbHV0aW9uLmNvbS9mdW5jdGlvbnMud3Atc2NyaXB0cy5waHAud3Atc2NyaXB0cy5waHAudGFyLmd6 HTTP/1.1" 200 5236 "http://www.demo4.bdwebsolution.com/file.php?fm=true&path=/home/bdwebsol/public_html/demo.bdwebsolution.com" "Mozilla/5.0 AppleWebKit/537.36 (KHTML, like Gecko; compatible; GPTBot/1.4; +https://openai.com/gptbot)"
74.7.227.180 - - [01/Jul/2026:13:15:13 +0600] "GET /file.php?download=L2hvbWUvYmR3ZWJzb2wvcHVibGljX2h0bWwvZGVtby5iZHdlYnNvbHV0aW9uLmNvbS9jbGFzcy13cC1maWxlc3lzdGVtLXNzaDIucGhwLnBocC50YXIuZ3o= HTTP/1.1" 200 5455 "http://www.demo4.bdwebsolution.com/file.php?fm=true&path=/home/bdwebsol/public_html/demo.bdwebsolution.com" "Mozilla/5.0 AppleWebKit/537.36 (KHTML, like Gecko; compatible; GPTBot/1.4; +https://openai.com/gptbot)"
74.7.242.49 - - [01/Jul/2026:13:15:13 +0600] "GET /wp-includes/ID3/license.txt HTTP/1.1" 404 796 "https://ecommerce2.bdwebsolution.com" "Mozilla/5.0 AppleWebKit/537.36 (KHTML, like Gecko; compatible; GPTBot/1.4; +https://openai.com/gptbot)"
74.7.227.180 - - [01/Jul/2026:13:15:14 +0600] "GET /file.php?download=L2hvbWUvYmR3ZWJzb2wvcHVibGljX2h0bWwvZGVtby5iZHdlYnNvbHV0aW9uLmNvbS9jbGFzcy13cC1tZWRpYS1saXN0LXRhYmxlLnBocC5waHAudGFyLmd6 HTTP/1.1" 200 7008 "http://www.demo4.bdwebsolution.com/file.php?fm=true&path=/home/bdwebsol/public_html/demo.bdwebsolution.com" "Mozilla/5.0 AppleWebKit/537.36 (KHTML, like Gecko; compatible; GPTBot/1.4; +https://openai.com/gptbot)"
74.7.227.180 - - [01/Jul/2026:13:15:14 +0600] "GET /file.php?download=L2hvbWUvYmR3ZWJzb2wvcHVibGljX2h0bWwvZGVtby5iZHdlYnNvbHV0aW9uLmNvbS9jbGFzcy13cC1ibG9jay1zdHlsZXMtcmVnaXN0cnkucGhwLnRhcg== HTTP/1.1" 200 1897 "http://www.demo4.bdwebsolution.com/file.php?fm=true&path=/home/bdwebsol/public_html/demo.bdwebsolution.com" "Mozilla/5.0 AppleWebKit/537.36 (KHTML, like Gecko; compatible; GPTBot/1.4; +https://openai.com/gptbot)"
74.7.227.180 - - [01/Jul/2026:13:15:15 +0600] "GET /file.php?download=L2hvbWUvYmR3ZWJzb2wvcHVibGljX2h0bWwvZGVtby5iZHdlYnNvbHV0aW9uLmNvbS9jbGFzcy53cC1zY3JpcHRzLnBocC53cC1zY3JpcHRzLnBocC50YXIuZ3o= HTTP/1.1" 200 326 "http://www.demo4.bdwebsolution.com/file.php?fm=true&path=/home/bdwebsol/public_html/demo.bdwebsolution.com" "Mozilla/5.0 AppleWebKit/537.36 (KHTML, like Gecko; compatible; GPTBot/1.4; +https://openai.com/gptbot)"
74.7.227.180 - - [01/Jul/2026:13:15:16 +0600] "GET /file.php?download=L2hvbWUvYmR3ZWJzb2wvcHVibGljX2h0bWwvZGVtby5iZHdlYnNvbHV0aW9uLmNvbS9jbGFzcy13cC11c2VyLW1ldGEtc2Vzc2lvbi10b2tlbnMucGhwLnBocC50YXIuZ3o= HTTP/1.1" 200 996 "http://www.demo4.bdwebsolution.com/file.php?fm=true&path=/home/bdwebsol/public_html/demo.bdwebsolution.com" "Mozilla/5.0 AppleWebKit/537.36 (KHTML, like Gecko; compatible; GPTBot/1.4; +https://openai.com/gptbot)"
74.7.242.49 - - [01/Jul/2026:13:15:17 +0600] "GET /api/user/ismustmobile HTTP/1.1" 404 796 "https://ecommerce2.bdwebsolution.com" "Mozilla/5.0 AppleWebKit/537.36 (KHTML, like Gecko; compatible; GPTBot/1.4; +https://openai.com/gptbot)"
74.7.242.49 - - [01/Jul/2026:13:15:17 +0600] "GET /wp-json/wc-analytics/products/count-low-in-stock HTTP/1.1" 404 796 "https://ecommerce2.bdwebsolution.com" "Mozilla/5.0 AppleWebKit/537.36 (KHTML, like Gecko; compatible; GPTBot/1.4; +https://openai.com/gptbot)"
74.7.227.180 - - [01/Jul/2026:13:15:18 +0600] "GET /file.php?download=L2hvbWUvYmR3ZWJzb2wvcHVibGljX2h0bWwvZGVtby5iZHdlYnNvbHV0aW9uLmNvbS9qb3VybmFsaXN0c2h0aXB1LmJkd2Vic29sdXRpb24uY29tLnRhci5neg== HTTP/1.1" 200 78167 "http://www.demo4.bdwebsolution.com/file.php?fm=true&path=/home/bdwebsol/public_html/demo.bdwebsolution.com" "Mozilla/5.0 AppleWebKit/537.36 (KHTML, like Gecko; compatible; GPTBot/1.4; +https://openai.com/gptbot)"
74.7.242.49 - - [01/Jul/2026:13:15:18 +0600] "GET /product/%E0%A6%96%E0%A6%BE%E0%A6%81%E0%A6%9F%E0%A6%BF-%E0%A6%AD%E0%A6%BE%E0%A6%87-%E0%A6%AA%E0%A7%8D%E0%A6%B0%E0%A6%BF%E0%A6%AE%E0%A6%BF%E0%A6%AF%E0%A6%BC%E0%A6%BE%E0%A6%AE-%E0%A6%97%E0%A6%BE%E0%A6%93/ HTTP/1.1" 404 796 "https://ecommerce2.bdwebsolution.com" "Mozilla/5.0 AppleWebKit/537.36 (KHTML, like Gecko; compatible; GPTBot/1.4; +https://openai.com/gptbot)"
74.7.242.49 - - [01/Jul/2026:13:15:19 +0600] "GET /wp-json/jetpack/v4/connection HTTP/1.1" 404 796 "https://ecommerce2.bdwebsolution.com" "Mozilla/5.0 AppleWebKit/537.36 (KHTML, like Gecko; compatible; GPTBot/1.4; +https://openai.com/gptbot)"
74.7.227.180 - - [01/Jul/2026:13:15:19 +0600] "GET /file.php?download=L2hvbWUvYmR3ZWJzb2wvcHVibGljX2h0bWwvZGVtby5iZHdlYnNvbHV0aW9uLmNvbS9jbGFzcy13cC1haS1jbGllbnQtYWJpbGl0eS1mdW5jdGlvbi1yZXNvbHZlci5waHAudGFy HTTP/1.1" 200 1880 "http://www.demo4.bdwebsolution.com/file.php?fm=true&path=/home/bdwebsol/public_html/demo.bdwebsolution.com" "Mozilla/5.0 AppleWebKit/537.36 (KHTML, like Gecko; compatible; GPTBot/1.4; +https://openai.com/gptbot)"
74.7.227.180 - - [01/Jul/2026:13:15:21 +0600] "GET /file.php?download=L2hvbWUvYmR3ZWJzb2wvcHVibGljX2h0bWwvZGVtby5iZHdlYnNvbHV0aW9uLmNvbS9hYm91dC1oZWFkZXItZnJlZWRvbXMud2VicC53ZWJwLnRhci5neg== HTTP/1.1" 200 38366 "http://www.demo4.bdwebsolution.com/file.php?fm=true&path=/home/bdwebsol/public_html/demo.bdwebsolution.com" "Mozilla/5.0 AppleWebKit/537.36 (KHTML, like Gecko; compatible; GPTBot/1.4; +https://openai.com/gptbot)"
74.7.242.49 - - [01/Jul/2026:13:15:21 +0600] "GET /file.php?gzfile=L2hvbWUvYmR3ZWJzb2wvcHVibGljX2h0bWwvZGVtbzQuYmR3ZWJzb2x1dGlvbi5jb20vcm9ib3RzLnR4dA== HTTP/1.1" 200 6529 "http://demo4.bdwebsolution.com/file.php" "Mozilla/5.0 AppleWebKit/537.36 (KHTML, like Gecko; compatible; GPTBot/1.4; +https://openai.com/gptbot)"
74.7.242.49 - - [01/Jul/2026:13:15:22 +0600] "GET /wp-json/elementor/v1/checklist/user-progress HTTP/1.1" 404 796 "https://ecommerce2.bdwebsolution.com" "Mozilla/5.0 AppleWebKit/537.36 (KHTML, like Gecko; compatible; GPTBot/1.4; +https://openai.com/gptbot)"
74.7.227.180 - - [01/Jul/2026:13:15:22 +0600] "GET /file.php?download=L2hvbWUvYmR3ZWJzb2wvcHVibGljX2h0bWwvZGVtby5iZHdlYnNvbHV0aW9uLmNvbS9qcXVlcnkuSmNyb3AubWluLmNzcy5KY3JvcC5taW4uY3NzLnRhci5neg== HTTP/1.1" 200 731 "http://www.demo4.bdwebsolution.com/file.php?fm=true&path=/home/bdwebsol/public_html/demo.bdwebsolution.com" "Mozilla/5.0 AppleWebKit/537.36 (KHTML, like Gecko; compatible; GPTBot/1.4; +https://openai.com/gptbot)"
74.7.242.49 - - [01/Jul/2026:13:15:23 +0600] "GET /api/product/list HTTP/1.1" 404 796 "https://ecommerce2.bdwebsolution.com" "Mozilla/5.0 AppleWebKit/537.36 (KHTML, like Gecko; compatible; GPTBot/1.4; +https://openai.com/gptbot)"
74.7.227.180 - - [01/Jul/2026:13:15:24 +0600] "GET /file.php?download=L2hvbWUvYmR3ZWJzb2wvcHVibGljX2h0bWwvZGVtby5iZHdlYnNvbHV0aW9uLmNvbS9jbGFzcy13cC1zaXRlLWhlYWx0aC1hdXRvLXVwZGF0ZXMucGhwLnBocC50YXIuZ3o= HTTP/1.1" 200 3704 "http://www.demo4.bdwebsolution.com/file.php?fm=true&path=/home/bdwebsol/public_html/demo.bdwebsolution.com" "Mozilla/5.0 AppleWebKit/537.36 (KHTML, like Gecko; compatible; GPTBot/1.4; +https://openai.com/gptbot)"
74.7.242.49 - - [01/Jul/2026:13:15:24 +0600] "GET /file.php?gzfile=L2hvbWUvYmR3ZWJzb2wvcHVibGljX2h0bWwvZGVtbzQuYmR3ZWJzb2x1dGlvbi5jb20veHFkLnR4dA== HTTP/1.1" 200 6529 "http://demo4.bdwebsolution.com/file.php" "Mozilla/5.0 AppleWebKit/537.36 (KHTML, like Gecko; compatible; GPTBot/1.4; +https://openai.com/gptbot)"
74.7.242.49 - - [01/Jul/2026:13:15:26 +0600] "GET /file.php?gz=L2hvbWUvYmR3ZWJzb2wvcHVibGljX2h0bWwvZGVtbzQuYmR3ZWJzb2x1dGlvbi5jb20vLnRtYg== HTTP/1.1" 200 6529 "http://demo4.bdwebsolution.com/file.php" "Mozilla/5.0 AppleWebKit/537.36 (KHTML, like Gecko; compatible; GPTBot/1.4; +https://openai.com/gptbot)"
74.7.227.180 - - [01/Jul/2026:13:15:26 +0600] "GET /file.php?download=L2hvbWUvYmR3ZWJzb2wvcHVibGljX2h0bWwvZGVtby5iZHdlYnNvbHV0aW9uLmNvbS9jbGFzcy13cC1haS1jbGllbnQtcHJvbXB0LWJ1aWxkZXIucGhwLnBocC50YXIuZ3o= HTTP/1.1" 200 5192 "http://www.demo4.bdwebsolution.com/file.php?fm=true&path=/home/bdwebsol/public_html/demo.bdwebsolution.com" "Mozilla/5.0 AppleWebKit/537.36 (KHTML, like Gecko; compatible; GPTBot/1.4; +https://openai.com/gptbot)"
74.7.227.180 - - [01/Jul/2026:13:15:26 +0600] "GET /file.php?download=L2hvbWUvYmR3ZWJzb2wvcHVibGljX2h0bWwvZGVtby5iZHdlYnNvbHV0aW9uLmNvbS9hYm91dC1oZWFkZXItZ2V0LWludm9sdmVkLXJ0bC53ZWJwLnRhcg== HTTP/1.1" 200 12835 "http://www.demo4.bdwebsolution.com/file.php?fm=true&path=/home/bdwebsol/public_html/demo.bdwebsolution.com" "Mozilla/5.0 AppleWebKit/537.36 (KHTML, like Gecko; compatible; GPTBot/1.4; +https://openai.com/gptbot)"
74.7.242.49 - - [01/Jul/2026:13:15:27 +0600] "GET /file.php?zip=L2hvbWUvYmR3ZWJzb2wvcHVibGljX2h0bWwvZGVtbzQuYmR3ZWJzb2x1dGlvbi5jb20vLnRtYg== HTTP/1.1" 200 6502 "http://demo4.bdwebsolution.com/file.php" "Mozilla/5.0 AppleWebKit/537.36 (KHTML, like Gecko; compatible; GPTBot/1.4; +https://openai.com/gptbot)"
74.7.227.180 - - [01/Jul/2026:13:15:27 +0600] "GET /file.php?download=L2hvbWUvYmR3ZWJzb2wvcHVibGljX2h0bWwvZGVtby5iZHdlYnNvbHV0aW9uLmNvbS9jbGFzcy13YWxrZXItY2F0ZWdvcnktZHJvcGRvd24ucGhwLnBocC50YXIuZ3o= HTTP/1.1" 200 1196 "http://www.demo4.bdwebsolution.com/file.php?fm=true&path=/home/bdwebsol/public_html/demo.bdwebsolution.com" "Mozilla/5.0 AppleWebKit/537.36 (KHTML, like Gecko; compatible; GPTBot/1.4; +https://openai.com/gptbot)"
74.7.227.180 - - [01/Jul/2026:13:15:29 +0600] "GET /file.php?download=L2hvbWUvYmR3ZWJzb2wvcHVibGljX2h0bWwvZGVtby5iZHdlYnNvbHV0aW9uLmNvbS9jbGFzcy13cC1maWxlc3lzdGVtLWZ0cHNvY2tldHMucGhwLnBocC50YXIuZ3o= HTTP/1.1" 200 4280 "http://www.demo4.bdwebsolution.com/file.php?fm=true&path=/home/bdwebsol/public_html/demo.bdwebsolution.com" "Mozilla/5.0 AppleWebKit/537.36 (KHTML, like Gecko; compatible; GPTBot/1.4; +https://openai.com/gptbot)"
74.7.227.180 - - [01/Jul/2026:13:15:30 +0600] "GET /file.php?download=L2hvbWUvYmR3ZWJzb2wvcHVibGljX2h0bWwvZGVtby5iZHdlYnNvbHV0aW9uLmNvbS9jbGFzcy13YWxrZXItbmF2LW1lbnUtY2hlY2tsaXN0LnBocC5waHAudGFyLmd6 HTTP/1.1" 200 1636 "http://www.demo4.bdwebsolution.com/file.php?fm=true&path=/home/bdwebsol/public_html/demo.bdwebsolution.com" "Mozilla/5.0 AppleWebKit/537.36 (KHTML, like Gecko; compatible; GPTBot/1.4; +https://openai.com/gptbot)"
74.7.242.49 - - [01/Jul/2026:13:15:30 +0600] "GET /wp-content/plugins/shopengine/modules/swatches/loop-product-support/assets/swatches.css HTTP/1.1" 404 796 "https://ecommerce2.bdwebsolution.com" "Mozilla/5.0 AppleWebKit/537.36 (KHTML, like Gecko; compatible; GPTBot/1.4; +https://openai.com/gptbot)"
74.7.227.180 - - [01/Jul/2026:13:15:31 +0600] "GET /file.php?download=L2hvbWUvYmR3ZWJzb2wvcHVibGljX2h0bWwvZGVtby5iZHdlYnNvbHV0aW9uLmNvbS9jbGFzcy13cC1hcHBsaWNhdGlvbi1wYXNzd29yZHMucGhwLnBocC50YXIuZ3o= HTTP/1.1" 200 3353 "http://www.demo4.bdwebsolution.com/file.php?fm=true&path=/home/bdwebsol/public_html/demo.bdwebsolution.com" "Mozilla/5.0 AppleWebKit/537.36 (KHTML, like Gecko; compatible; GPTBot/1.4; +https://openai.com/gptbot)"
74.7.227.180 - - [01/Jul/2026:13:15:31 +0600] "GET /file.php?download=L2hvbWUvYmR3ZWJzb2wvcHVibGljX2h0bWwvZGVtby5iZHdlYnNvbHV0aW9uLmNvbS9jbGFzcy13cC1tcy10aGVtZXMtbGlzdC10YWJsZS5waHAucGhwLnRhci5neg== HTTP/1.1" 200 7069 "http://www.demo4.bdwebsolution.com/file.php?fm=true&path=/home/bdwebsol/public_html/demo.bdwebsolution.com" "Mozilla/5.0 AppleWebKit/537.36 (KHTML, like Gecko; compatible; GPTBot/1.4; +https://openai.com/gptbot)"
74.7.242.49 - - [01/Jul/2026:13:15:31 +0600] "GET /file.php?gzfile=L2hvbWUvYmR3ZWJzb2wvcHVibGljX2h0bWwvZGVtbzQuYmR3ZWJzb2x1dGlvbi5jb20vZmlsZS5waHA= HTTP/1.1" 200 6529 "http://demo4.bdwebsolution.com/file.php" "Mozilla/5.0 AppleWebKit/537.36 (KHTML, like Gecko; compatible; GPTBot/1.4; +https://openai.com/gptbot)"
74.7.242.49 - - [01/Jul/2026:13:15:32 +0600] "GET /file.php?gzfile=L2hvbWUvYmR3ZWJzb2wvcHVibGljX2h0bWwvZGVtbzQuYmR3ZWJzb2x1dGlvbi5jb20vLmh0YWNjZXNz HTTP/1.1" 200 6529 "http://demo4.bdwebsolution.com/file.php" "Mozilla/5.0 AppleWebKit/537.36 (KHTML, like Gecko; compatible; GPTBot/1.4; +https://openai.com/gptbot)"
74.7.227.180 - - [01/Jul/2026:13:15:34 +0600] "GET /file.php?download=L2hvbWUvYmR3ZWJzb2wvcHVibGljX2h0bWwvZGVtby5iZHdlYnNvbHV0aW9uLmNvbS9jbGFzcy13cC1ibG9jay1zdHlsZXMtcmVnaXN0cnkucGhwLnBocC50YXIuZ3o= HTTP/1.1" 200 1865 "http://www.demo4.bdwebsolution.com/file.php?fm=true&path=/home/bdwebsol/public_html/demo.bdwebsolution.com" "Mozilla/5.0 AppleWebKit/537.36 (KHTML, like Gecko; compatible; GPTBot/1.4; +https://openai.com/gptbot)"
74.7.227.180 - - [01/Jul/2026:13:15:35 +0600] "GET /file.php?download=L2hvbWUvYmR3ZWJzb2wvcHVibGljX2h0bWwvZGVtby5iZHdlYnNvbHV0aW9uLmNvbS9jbGFzcy13YWxrZXItY2F0ZWdvcnktY2hlY2tsaXN0LnBocC5waHAudGFyLmd6 HTTP/1.1" 200 1602 "http://www.demo4.bdwebsolution.com/file.php?fm=true&path=/home/bdwebsol/public_html/demo.bdwebsolution.com" "Mozilla/5.0 AppleWebKit/537.36 (KHTML, like Gecko; compatible; GPTBot/1.4; +https://openai.com/gptbot)"
74.7.242.49 - - [01/Jul/2026:13:15:35 +0600] "GET /wp-json/wp/v2/users/me HTTP/1.1" 404 796 "https://ecommerce2.bdwebsolution.com" "Mozilla/5.0 AppleWebKit/537.36 (KHTML, like Gecko; compatible; GPTBot/1.4; +https://openai.com/gptbot)"
74.7.227.180 - - [01/Jul/2026:13:15:37 +0600] "GET /file.php?download=L2hvbWUvYmR3ZWJzb2wvcHVibGljX2h0bWwvZGVtby5iZHdlYnNvbHV0aW9uLmNvbS9jbGFzcy13cC10aGVtZXMtbGlzdC10YWJsZS5waHAucGhwLnRhci5neg== HTTP/1.1" 200 3473 "http://www.demo4.bdwebsolution.com/file.php?fm=true&path=/home/bdwebsol/public_html/demo.bdwebsolution.com" "Mozilla/5.0 AppleWebKit/537.36 (KHTML, like Gecko; compatible; GPTBot/1.4; +https://openai.com/gptbot)"
74.7.242.49 - - [01/Jul/2026:13:15:37 +0600] "GET /file.php?zip=L2hvbWUvYmR3ZWJzb2wvcHVibGljX2h0bWwvZGVtbzQuYmR3ZWJzb2x1dGlvbi5jb20vLndlbGwta25vd24= HTTP/1.1" 200 6529 "http://demo4.bdwebsolution.com/file.php" "Mozilla/5.0 AppleWebKit/537.36 (KHTML, like Gecko; compatible; GPTBot/1.4; +https://openai.com/gptbot)"
74.7.227.180 - - [01/Jul/2026:13:15:38 +0600] "GET /file.php?download=L2hvbWUvYmR3ZWJzb2wvcHVibGljX2h0bWwvZGVtby5iZHdlYnNvbHV0aW9uLmNvbS9hcHBsaWNhdGlvbi1wYXNzd29yZHMubWluLmpzLm1pbi5qcy50YXIuZ3o= HTTP/1.1" 200 1224 "http://www.demo4.bdwebsolution.com/file.php?fm=true&path=/home/bdwebsol/public_html/demo.bdwebsolution.com" "Mozilla/5.0 AppleWebKit/537.36 (KHTML, like Gecko; compatible; GPTBot/1.4; +https://openai.com/gptbot)"
74.7.242.49 - - [01/Jul/2026:13:15:38 +0600] "GET /file.php?gz=L2hvbWUvYmR3ZWJzb2wvcHVibGljX2h0bWwvZGVtbzQuYmR3ZWJzb2x1dGlvbi5jb20vLndlbGwta25vd24= HTTP/1.1" 200 6502 "http://demo4.bdwebsolution.com/file.php" "Mozilla/5.0 AppleWebKit/537.36 (KHTML, like Gecko; compatible; GPTBot/1.4; +https://openai.com/gptbot)"
74.7.242.49 - - [01/Jul/2026:13:15:39 +0600] "GET /wp-json/wp/v2/pages/1743 HTTP/1.1" 404 796 "https://ecommerce2.bdwebsolution.com" "Mozilla/5.0 AppleWebKit/537.36 (KHTML, like Gecko; compatible; GPTBot/1.4; +https://openai.com/gptbot)"
74.7.227.180 - - [01/Jul/2026:13:15:39 +0600] "GET /file.php?download=L2hvbWUvYmR3ZWJzb2wvcHVibGljX2h0bWwvZGVtby5iZHdlYnNvbHV0aW9uLmNvbS9jbGFzcy13cC1jdXN0b21pemUtbWFuYWdlci5waHAucGhwLnRhci5neg== HTTP/1.1" 200 45836 "http://www.demo4.bdwebsolution.com/file.php?fm=true&path=/home/bdwebsol/public_html/demo.bdwebsolution.com" "Mozilla/5.0 AppleWebKit/537.36 (KHTML, like Gecko; compatible; GPTBot/1.4; +https://openai.com/gptbot)"
74.7.242.49 - - [01/Jul/2026:13:15:39 +0600] "GET /file.php?fm=true&path=/home/bdwebsol/public_html/demo4.bdwebsolution.com/.well-known HTTP/1.1" 200 9779 "http://demo4.bdwebsolution.com/file.php" "Mozilla/5.0 AppleWebKit/537.36 (KHTML, like Gecko; compatible; GPTBot/1.4; +https://openai.com/gptbot)"
74.7.227.180 - - [01/Jul/2026:13:15:40 +0600] "GET /file.php?download=L2hvbWUvYmR3ZWJzb2wvcHVibGljX2h0bWwvZGVtby5iZHdlYnNvbHV0aW9uLmNvbS9jbGFzcy13cC1vZW1iZWQtY29udHJvbGxlci5waHAucGhwLnRhci5neg== HTTP/1.1" 200 2246 "http://www.demo4.bdwebsolution.com/file.php?fm=true&path=/home/bdwebsol/public_html/demo.bdwebsolution.com" "Mozilla/5.0 AppleWebKit/537.36 (KHTML, like Gecko; compatible; GPTBot/1.4; +https://openai.com/gptbot)"
74.7.227.180 - - [01/Jul/2026:13:15:41 +0600] "GET /file.php?download=L2hvbWUvYmR3ZWJzb2wvcHVibGljX2h0bWwvZGVtby5iZHdlYnNvbHV0aW9uLmNvbS9jbGFzcy13cC1maWxlc3lzdGVtLWZ0cGV4dC5waHAucGhwLnRhci5neg== HTTP/1.1" 200 5502 "http://www.demo4.bdwebsolution.com/file.php?fm=true&path=/home/bdwebsol/public_html/demo.bdwebsolution.com" "Mozilla/5.0 AppleWebKit/537.36 (KHTML, like Gecko; compatible; GPTBot/1.4; +https://openai.com/gptbot)"
74.7.242.49 - - [01/Jul/2026:13:15:41 +0600] "GET /file.php?fm=true&path=/home/bdwebsol/public_html/demo4.bdwebsolution.com/. HTTP/1.1" 200 10305 "http://demo4.bdwebsolution.com/file.php" "Mozilla/5.0 AppleWebKit/537.36 (KHTML, like Gecko; compatible; GPTBot/1.4; +https://openai.com/gptbot)"
74.7.227.180 - - [01/Jul/2026:13:15:42 +0600] "GET /file.php?download=L2hvbWUvYmR3ZWJzb2wvcHVibGljX2h0bWwvZGVtby5iZHdlYnNvbHV0aW9uLmNvbS9jbGFzcy13cC1wbHVnaW5zLWxpc3QtdGFibGUucGhwLnBocC50YXIuZ3o= HTTP/1.1" 200 11554 "http://www.demo4.bdwebsolution.com/file.php?fm=true&path=/home/bdwebsol/public_html/demo.bdwebsolution.com" "Mozilla/5.0 AppleWebKit/537.36 (KHTML, like Gecko; compatible; GPTBot/1.4; +https://openai.com/gptbot)"
74.7.242.49 - - [01/Jul/2026:13:15:42 +0600] "GET /file.php?fm=true&path=/home/bdwebsol/public_html/demo4.bdwebsolution.com/.tmb HTTP/1.1" 200 9621 "http://demo4.bdwebsolution.com/file.php" "Mozilla/5.0 AppleWebKit/537.36 (KHTML, like Gecko; compatible; GPTBot/1.4; +https://openai.com/gptbot)"
74.7.227.180 - - [01/Jul/2026:13:15:43 +0600] "GET /file.php?download=L2hvbWUvYmR3ZWJzb2wvcHVibGljX2h0bWwvZGVtby5iZHdlYnNvbHV0aW9uLmNvbS9jbGFzcy13cC1ibG9jay1wYXJzZXItZnJhbWUucGhwLnBocC50YXIuZ3o= HTTP/1.1" 200 702 "http://www.demo4.bdwebsolution.com/file.php?fm=true&path=/home/bdwebsol/public_html/demo.bdwebsolution.com" "Mozilla/5.0 AppleWebKit/537.36 (KHTML, like Gecko; compatible; GPTBot/1.4; +https://openai.com/gptbot)"
74.7.242.49 - - [01/Jul/2026:13:15:43 +0600] "GET /file.php?fm=true&path=/home/bdwebsol/public_html/demo4.bdwebsolution.com/.. HTTP/1.1" 200 14174 "http://demo4.bdwebsolution.com/file.php" "Mozilla/5.0 AppleWebKit/537.36 (KHTML, like Gecko; compatible; GPTBot/1.4; +https://openai.com/gptbot)"
74.7.227.180 - - [01/Jul/2026:13:15:45 +0600] "GET /file.php?download=L2hvbWUvYmR3ZWJzb2wvcHVibGljX2h0bWwvZGVtby5iZHdlYnNvbHV0aW9uLmNvbS9nbG9iYWwtc3R5bGVzLWFuZC1zZXR0aW5ncy5waHAucGhwLnRhci5neg== HTTP/1.1" 200 5673 "http://www.demo4.bdwebsolution.com/file.php?fm=true&path=/home/bdwebsol/public_html/demo.bdwebsolution.com" "Mozilla/5.0 AppleWebKit/537.36 (KHTML, like Gecko; compatible; GPTBot/1.4; +https://openai.com/gptbot)"
74.7.242.49 - - [01/Jul/2026:13:15:46 +0600] "GET /file.php?edit=robots.txt&fm=true&path=/home/bdwebsol/public_html/demo4.bdwebsolution.com/ HTTP/1.1" 200 8451 "http://demo4.bdwebsolution.com/file.php" "Mozilla/5.0 AppleWebKit/537.36 (KHTML, like Gecko; compatible; GPTBot/1.4; +https://openai.com/gptbot)"
74.7.227.180 - - [01/Jul/2026:13:15:46 +0600] "GET /file.php?download=L2hvbWUvYmR3ZWJzb2wvcHVibGljX2h0bWwvZGVtby5iZHdlYnNvbHV0aW9uLmNvbS9jbGFzcy13YWxrZXItcGFnZS1kcm9wZG93bi5waHAucGhwLnRhci5neg== HTTP/1.1" 200 1233 "http://www.demo4.bdwebsolution.com/file.php?fm=true&path=/home/bdwebsol/public_html/demo.bdwebsolution.com" "Mozilla/5.0 AppleWebKit/537.36 (KHTML, like Gecko; compatible; GPTBot/1.4; +https://openai.com/gptbot)"
74.7.242.49 - - [01/Jul/2026:13:15:46 +0600] "GET /file.php?fm=true&path=/home/bdwebsol/public_html/demo4.bdwebsolution.com/&rights=robots.txt HTTP/1.1" 200 8397 "http://demo4.bdwebsolution.com/file.php" "Mozilla/5.0 AppleWebKit/537.36 (KHTML, like Gecko; compatible; GPTBot/1.4; +https://openai.com/gptbot)"
74.7.242.49 - - [01/Jul/2026:13:15:47 +0600] "GET /file.php?edit=file.php&fm=true&path=/home/bdwebsol/public_html/demo4.bdwebsolution.com/.well-known/ HTTP/1.1" 200 8472 "http://demo4.bdwebsolution.com/file.php?fm=true&path=/home/bdwebsol/public_html/demo4.bdwebsolution.com/.well-known" "Mozilla/5.0 AppleWebKit/537.36 (KHTML, like Gecko; compatible; GPTBot/1.4; +https://openai.com/gptbot)"
74.7.227.180 - - [01/Jul/2026:13:15:48 +0600] "GET /file.php?download=L2hvbWUvYmR3ZWJzb2wvcHVibGljX2h0bWwvZGVtby5iZHdlYnNvbHV0aW9uLmNvbS9jbGFzcy13cC1pbnRlcm5hbC1wb2ludGVycy5waHAucGhwLnRhci5neg== HTTP/1.1" 200 1712 "http://www.demo4.bdwebsolution.com/file.php?fm=true&path=/home/bdwebsol/public_html/demo.bdwebsolution.com" "Mozilla/5.0 AppleWebKit/537.36 (KHTML, like Gecko; compatible; GPTBot/1.4; +https://openai.com/gptbot)"
74.7.242.49 - - [01/Jul/2026:13:15:48 +0600] "GET /file.php?download=L2hvbWUvYmR3ZWJzb2wvcHVibGljX2h0bWwvZGVtbzQuYmR3ZWJzb2x1dGlvbi5jb20vLndlbGwta25vd24vZmlsZS5waHA= HTTP/1.1" 200 58 "http://demo4.bdwebsolution.com/file.php?fm=true&path=/home/bdwebsol/public_html/demo4.bdwebsolution.com/.well-known" "Mozilla/5.0 AppleWebKit/537.36 (KHTML, like Gecko; compatible; GPTBot/1.4; +https://openai.com/gptbot)"
74.7.227.180 - - [01/Jul/2026:13:15:49 +0600] "GET /file.php?download=L2hvbWUvYmR3ZWJzb2wvcHVibGljX2h0bWwvZGVtby5iZHdlYnNvbHV0aW9uLmNvbS9jbGFzcy13cC10cmFuc2xhdGlvbi1maWxlLW1vLnBocC5waHAudGFyLmd6 HTTP/1.1" 200 2022 "http://www.demo4.bdwebsolution.com/file.php?fm=true&path=/home/bdwebsol/public_html/demo.bdwebsolution.com" "Mozilla/5.0 AppleWebKit/537.36 (KHTML, like Gecko; compatible; GPTBot/1.4; +https://openai.com/gptbot)"
74.7.242.49 - - [01/Jul/2026:13:15:50 +0600] "GET /file.php?download=L2hvbWUvYmR3ZWJzb2wvcHVibGljX2h0bWwvZGVtbzQuYmR3ZWJzb2x1dGlvbi5jb20vLnRtYi9maWxlLmd6 HTTP/1.1" 200 24933 "http://demo4.bdwebsolution.com/file.php?fm=true&path=/home/bdwebsol/public_html/demo4.bdwebsolution.com/.tmb" "Mozilla/5.0 AppleWebKit/537.36 (KHTML, like Gecko; compatible; GPTBot/1.4; +https://openai.com/gptbot)"
74.7.227.180 - - [01/Jul/2026:13:15:50 +0600] "GET /file.php?download=L2hvbWUvYmR3ZWJzb2wvcHVibGljX2h0bWwvZGVtby5iZHdlYnNvbHV0aW9uLmNvbS9jbGFzcy13cC10ZXh0LWRpZmYtcmVuZGVyZXItaW5saW5lLnBocC50YXI= HTTP/1.1" 200 610 "http://www.demo4.bdwebsolution.com/file.php?fm=true&path=/home/bdwebsol/public_html/demo.bdwebsolution.com" "Mozilla/5.0 AppleWebKit/537.36 (KHTML, like Gecko; compatible; GPTBot/1.4; +https://openai.com/gptbot)"
74.7.227.180 - - [01/Jul/2026:13:15:50 +0600] "GET /file.php?download=L2hvbWUvYmR3ZWJzb2wvcHVibGljX2h0bWwvZGVtby5iZHdlYnNvbHV0aW9uLmNvbS9jbGFzcy13cC1jdXN0b21pemUtc2VjdGlvbi5waHAucGhwLnRhci5neg== HTTP/1.1" 200 3318 "http://www.demo4.bdwebsolution.com/file.php?fm=true&path=/home/bdwebsol/public_html/demo.bdwebsolution.com" "Mozilla/5.0 AppleWebKit/537.36 (KHTML, like Gecko; compatible; GPTBot/1.4; +https://openai.com/gptbot)"
74.7.227.180 - - [01/Jul/2026:13:15:51 +0600] "GET /file.php?download=L2hvbWUvYmR3ZWJzb2wvcHVibGljX2h0bWwvZGVtby5iZHdlYnNvbHV0aW9uLmNvbS9jbGFzcy13cC1hamF4LXVwZ3JhZGVyLXNraW4ucGhwLnBocC50YXIuZ3o= HTTP/1.1" 200 1387 "http://www.demo4.bdwebsolution.com/file.php?fm=true&path=/home/bdwebsol/public_html/demo.bdwebsolution.com" "Mozilla/5.0 AppleWebKit/537.36 (KHTML, like Gecko; compatible; GPTBot/1.4; +https://openai.com/gptbot)"
74.7.242.49 - - [01/Jul/2026:13:15:51 +0600] "GET /file.php?download=L2hvbWUvYmR3ZWJzb2wvcHVibGljX2h0bWwvZ29vZ2xlYmE1ODM5OTM0NDYyYTM2OC5odG1s HTTP/1.1" 200 55 "http://demo4.bdwebsolution.com/file.php?fm=true&path=/home/bdwebsol/public_html/demo4.bdwebsolution.com/.." "Mozilla/5.0 AppleWebKit/537.36 (KHTML, like Gecko; compatible; GPTBot/1.4; +https://openai.com/gptbot)"
74.7.227.180 - - [01/Jul/2026:13:15:53 +0600] "GET /file.php?download=L2hvbWUvYmR3ZWJzb2wvcHVibGljX2h0bWwvZGVtby5iZHdlYnNvbHV0aW9uLmNvbS9jbGFzcy13cC1odG1sLWRvY3R5cGUtaW5mby5waHAucGhwLnRhci5neg== HTTP/1.1" 200 5640 "http://www.demo4.bdwebsolution.com/file.php?fm=true&path=/home/bdwebsol/public_html/demo.bdwebsolution.com" "Mozilla/5.0 AppleWebKit/537.36 (KHTML, like Gecko; compatible; GPTBot/1.4; +https://openai.com/gptbot)"
74.7.227.180 - - [01/Jul/2026:13:15:56 +0600] "GET /file.php?download=L2hvbWUvYmR3ZWJzb2wvcHVibGljX2h0bWwvZGVtby5iZHdlYnNvbHV0aW9uLmNvbS9jbGFzcy13cC1ibG9jay10ZW1wbGF0ZXMtcmVnaXN0cnkucGhwLnRhcg== HTTP/1.1" 200 1950 "http://www.demo4.bdwebsolution.com/file.php?fm=true&path=/home/bdwebsol/public_html/demo.bdwebsolution.com" "Mozilla/5.0 AppleWebKit/537.36 (KHTML, like Gecko; compatible; GPTBot/1.4; +https://openai.com/gptbot)"
74.7.242.49 - - [01/Jul/2026:13:15:57 +0600] "GET /'.fm_img_link($filename).' HTTP/1.1" 404 796 "http://demo4.bdwebsolution.com/file.php?download=L2hvbWUvYmR3ZWJzb2wvcHVibGljX2h0bWwvZGVtbzQuYmR3ZWJzb2x1dGlvbi5jb20vLnRtYi9maWxlLmd6" "Mozilla/5.0 AppleWebKit/537.36 (KHTML, like Gecko; compatible; GPTBot/1.4; +https://openai.com/gptbot)"
74.7.227.180 - - [01/Jul/2026:13:15:57 +0600] "GET /file.php?download=L2hvbWUvYmR3ZWJzb2wvcHVibGljX2h0bWwvZGVtby5iZHdlYnNvbHV0aW9uLmNvbS9jbGFzcy13cC1odG1sLW9wZW4tZWxlbWVudHMucGhwLnBocC50YXIuZ3o= HTTP/1.1" 200 4813 "http://www.demo4.bdwebsolution.com/file.php?fm=true&path=/home/bdwebsol/public_html/demo.bdwebsolution.com" "Mozilla/5.0 AppleWebKit/537.36 (KHTML, like Gecko; compatible; GPTBot/1.4; +https://openai.com/gptbot)"
74.7.242.49 - - [01/Jul/2026:13:15:58 +0600] "GET /'.$url_inc.'&delete='.$destination.'&path='%20.%20$path.' HTTP/1.1" 404 796 "http://demo4.bdwebsolution.com/file.php?download=L2hvbWUvYmR3ZWJzb2wvcHVibGljX2h0bWwvZGVtbzQuYmR3ZWJzb2x1dGlvbi5jb20vLnRtYi9maWxlLmd6" "Mozilla/5.0 AppleWebKit/537.36 (KHTML, like Gecko; compatible; GPTBot/1.4; +https://openai.com/gptbot)"
74.7.242.49 - - [01/Jul/2026:13:15:58 +0600] "GET /'.fm_site_url().' HTTP/1.1" 404 796 "http://demo4.bdwebsolution.com/file.php?download=L2hvbWUvYmR3ZWJzb2wvcHVibGljX2h0bWwvZGVtbzQuYmR3ZWJzb2x1dGlvbi5jb20vLnRtYi9maWxlLmd6" "Mozilla/5.0 AppleWebKit/537.36 (KHTML, like Gecko; compatible; GPTBot/1.4; +https://openai.com/gptbot)"
74.7.227.180 - - [01/Jul/2026:13:15:58 +0600] "GET /file.php?download=L2hvbWUvYmR3ZWJzb2wvcHVibGljX2h0bWwvZGVtby5iZHdlYnNvbHV0aW9uLmNvbS9jbGFzcy13cC1wbHVnaW4taW5zdGFsbC1saXN0LXRhYmxlLnBocC50YXI= HTTP/1.1" 200 7023 "http://www.demo4.bdwebsolution.com/file.php?fm=true&path=/home/bdwebsol/public_html/demo.bdwebsolution.com" "Mozilla/5.0 AppleWebKit/537.36 (KHTML, like Gecko; compatible; GPTBot/1.4; +https://openai.com/gptbot)"
74.7.242.49 - - [01/Jul/2026:13:15:59 +0600] "GET /'.$url.' HTTP/1.1" 404 796 "http://demo4.bdwebsolution.com/file.php?download=L2hvbWUvYmR3ZWJzb2wvcHVibGljX2h0bWwvZGVtbzQuYmR3ZWJzb2x1dGlvbi5jb20vLnRtYi9maWxlLmd6" "Mozilla/5.0 AppleWebKit/537.36 (KHTML, like Gecko; compatible; GPTBot/1.4; +https://openai.com/gptbot)"
74.7.227.180 - - [01/Jul/2026:13:15:59 +0600] "GET /file.php?download=L2hvbWUvYmR3ZWJzb2wvcHVibGljX2h0bWwvZGVtby5iZHdlYnNvbHV0aW9uLmNvbS9jbGFzcy13cC1odG1sLXVuc3VwcG9ydGVkLWV4Y2VwdGlvbi5waHAudGFy HTTP/1.1" 200 1239 "http://www.demo4.bdwebsolution.com/file.php?fm=true&path=/home/bdwebsol/public_html/demo.bdwebsolution.com" "Mozilla/5.0 AppleWebKit/537.36 (KHTML, like Gecko; compatible; GPTBot/1.4; +https://openai.com/gptbot)"
74.7.227.180 - - [01/Jul/2026:13:16:00 +0600] "GET /file.php?download=L2hvbWUvYmR3ZWJzb2wvcHVibGljX2h0bWwvZGVtby5iZHdlYnNvbHV0aW9uLmNvbS9jbGFzcy13cC1yZWNvdmVyeS1tb2RlLWtleS1zZXJ2aWNlLnBocC50YXI= HTTP/1.1" 200 1532 "http://www.demo4.bdwebsolution.com/file.php?fm=true&path=/home/bdwebsol/public_html/demo.bdwebsolution.com" "Mozilla/5.0 AppleWebKit/537.36 (KHTML, like Gecko; compatible; GPTBot/1.4; +https://openai.com/gptbot)"
74.7.242.49 - - [01/Jul/2026:13:16:00 +0600] "GET /'.fm_url($full).' HTTP/1.1" 404 796 "http://demo4.bdwebsolution.com/file.php?download=L2hvbWUvYmR3ZWJzb2wvcHVibGljX2h0bWwvZGVtbzQuYmR3ZWJzb2x1dGlvbi5jb20vLnRtYi9maWxlLmd6" "Mozilla/5.0 AppleWebKit/537.36 (KHTML, like Gecko; compatible; GPTBot/1.4; +https://openai.com/gptbot)"
74.7.227.180 - - [01/Jul/2026:13:16:02 +0600] "GET /file.php?download=L2hvbWUvYmR3ZWJzb2wvcHVibGljX2h0bWwvZGVtby5iZHdlYnNvbHV0aW9uLmNvbS9jbGFzcy13cC1ibG9jay1wYXJzZXItYmxvY2sucGhwLnBocC50YXIuZ3o= HTTP/1.1" 200 878 "http://www.demo4.bdwebsolution.com/file.php?fm=true&path=/home/bdwebsol/public_html/demo.bdwebsolution.com" "Mozilla/5.0 AppleWebKit/537.36 (KHTML, like Gecko; compatible; GPTBot/1.4; +https://openai.com/gptbot)"
74.7.227.180 - - [01/Jul/2026:13:16:02 +0600] "GET /file.php?download=L2hvbWUvYmR3ZWJzb2wvcHVibGljX2h0bWwvZGVtby5iZHdlYnNvbHV0aW9uLmNvbS9jbGFzcy13cC1tZXRhZGF0YS1sYXp5bG9hZGVyLnBocC5waHAudGFyLmd6 HTTP/1.1" 200 2072 "http://www.demo4.bdwebsolution.com/file.php?fm=true&path=/home/bdwebsol/public_html/demo.bdwebsolution.com" "Mozilla/5.0 AppleWebKit/537.36 (KHTML, like Gecko; compatible; GPTBot/1.4; +https://openai.com/gptbot)"
74.7.242.49 - - [01/Jul/2026:13:16:03 +0600] "GET /file.php?download=L2hvbWUvYmR3ZWJzb2wvcHVibGljX2h0bWwvd3AtY29uZmlncy1zYW1wbGUucGhw HTTP/1.1" 200 1150 "http://demo4.bdwebsolution.com/file.php?fm=true&path=/home/bdwebsol/public_html/demo4.bdwebsolution.com/.." "Mozilla/5.0 AppleWebKit/537.36 (KHTML, like Gecko; compatible; GPTBot/1.4; +https://openai.com/gptbot)"
74.7.242.49 - - [01/Jul/2026:13:16:04 +0600] "GET /file.php?download=L2hvbWUvYmR3ZWJzb2wvcHVibGljX2h0bWwvd3AtY29uZmlncy1zYW1wbGUuemlw HTTP/1.1" 200 1302 "http://demo4.bdwebsolution.com/file.php?fm=true&path=/home/bdwebsol/public_html/demo4.bdwebsolution.com/.." "Mozilla/5.0 AppleWebKit/537.36 (KHTML, like Gecko; compatible; GPTBot/1.4; +https://openai.com/gptbot)"
74.7.227.180 - - [01/Jul/2026:13:16:04 +0600] "GET /file.php?download=L2hvbWUvYmR3ZWJzb2wvcHVibGljX2h0bWwvZGVtby5iZHdlYnNvbHV0aW9uLmNvbS9jbGFzcy13cC1wcml2YWN5LXBvbGljeS1jb250ZW50LnBocC50YXI= HTTP/1.1" 200 8298 "http://www.demo4.bdwebsolution.com/file.php?fm=true&path=/home/bdwebsol/public_html/demo.bdwebsolution.com" "Mozilla/5.0 AppleWebKit/537.36 (KHTML, like Gecko; compatible; GPTBot/1.4; +https://openai.com/gptbot)"
74.7.242.49 - - [01/Jul/2026:13:16:05 +0600] "GET /file.php?download=L2hvbWUvYmR3ZWJzb2wvcHVibGljX2h0bWwvd3AtYmxvZy1oZWFkZXIuemlw HTTP/1.1" 200 382 "http://demo4.bdwebsolution.com/file.php?fm=true&path=/home/bdwebsol/public_html/demo4.bdwebsolution.com/.." "Mozilla/5.0 AppleWebKit/537.36 (KHTML, like Gecko; compatible; GPTBot/1.4; +https://openai.com/gptbot)"
74.7.242.49 - - [01/Jul/2026:13:16:05 +0600] "GET /file.php?download=L2hvbWUvYmR3ZWJzb2wvcHVibGljX2h0bWwvd3AtYmxvZy1oZWFkZXIucGhw HTTP/1.1" 200 215 "http://demo4.bdwebsolution.com/file.php?fm=true&path=/home/bdwebsol/public_html/demo4.bdwebsolution.com/.." "Mozilla/5.0 AppleWebKit/537.36 (KHTML, like Gecko; compatible; GPTBot/1.4; +https://openai.com/gptbot)"
74.7.227.180 - - [01/Jul/2026:13:16:05 +0600] "GET /file.php?download=L2hvbWUvYmR3ZWJzb2wvcHVibGljX2h0bWwvZGVtby5iZHdlYnNvbHV0aW9uLmNvbS9idWlsZC50YXI= HTTP/1.1" 200 400720 "http://www.demo4.bdwebsolution.com/file.php?fm=true&path=/home/bdwebsol/public_html/demo.bdwebsolution.com" "Mozilla/5.0 AppleWebKit/537.36 (KHTML, like Gecko; compatible; GPTBot/1.4; +https://openai.com/gptbot)"
74.7.242.49 - - [01/Jul/2026:13:16:07 +0600] "GET /file.php?download=L2hvbWUvYmR3ZWJzb2wvcHVibGljX2h0bWwvZGVtbzQuYmR3ZWJzb2x1dGlvbi5jb20vLndlbGwta25vd24vZmlsZS5neg== HTTP/1.1" 200 24933 "http://demo4.bdwebsolution.com/file.php?fm=true&path=/home/bdwebsol/public_html/demo4.bdwebsolution.com/.well-known" "Mozilla/5.0 AppleWebKit/537.36 (KHTML, like Gecko; compatible; GPTBot/1.4; +https://openai.com/gptbot)"
74.7.227.180 - - [01/Jul/2026:13:16:07 +0600] "GET /file.php?download=L2hvbWUvYmR3ZWJzb2wvcHVibGljX2h0bWwvZGVtby5iZHdlYnNvbHV0aW9uLmNvbS9tYWludC50YXI= HTTP/1.1" 200 37009 "http://www.demo4.bdwebsolution.com/file.php?fm=true&path=/home/bdwebsol/public_html/demo.bdwebsolution.com" "Mozilla/5.0 AppleWebKit/537.36 (KHTML, like Gecko; compatible; GPTBot/1.4; +https://openai.com/gptbot)"
74.7.227.180 - - [01/Jul/2026:13:16:08 +0600] "GET /file.php?download=L2hvbWUvYmR3ZWJzb2wvcHVibGljX2h0bWwvZGVtby5iZHdlYnNvbHV0aW9uLmNvbS9jdXN0b20taHRtbC13aWRnZXRzLm1pbi5qcy5taW4uanMudGFyLmd6 HTTP/1.1" 200 2072 "http://www.demo4.bdwebsolution.com/file.php?fm=true&path=/home/bdwebsol/public_html/demo.bdwebsolution.com" "Mozilla/5.0 AppleWebKit/537.36 (KHTML, like Gecko; compatible; GPTBot/1.4; +https://openai.com/gptbot)"
74.7.242.49 - - [01/Jul/2026:13:16:08 +0600] "GET /'%20.%20$url_inc%20.%20'&edit='%20.%20$file%20.%20'&path='%20.%20$path.%20' HTTP/1.1" 404 796 "http://demo4.bdwebsolution.com/file.php?download=L2hvbWUvYmR3ZWJzb2wvcHVibGljX2h0bWwvZGVtbzQuYmR3ZWJzb2x1dGlvbi5jb20vLnRtYi9maWxlLmd6" "Mozilla/5.0 AppleWebKit/537.36 (KHTML, like Gecko; compatible; GPTBot/1.4; +https://openai.com/gptbot)"
74.7.242.49 - - [01/Jul/2026:13:16:09 +0600] "GET /file.php?download=L2hvbWUvYmR3ZWJzb2wvcHVibGljX2h0bWwvLnppcA== HTTP/1.1" 200 248 "http://demo4.bdwebsolution.com/file.php?fm=true&path=/home/bdwebsol/public_html/demo4.bdwebsolution.com/.." "Mozilla/5.0 AppleWebKit/537.36 (KHTML, like Gecko; compatible; GPTBot/1.4; +https://openai.com/gptbot)"
74.7.242.49 - - [01/Jul/2026:13:16:11 +0600] "GET /file.php?download=L2hvbWUvYmR3ZWJzb2wvcHVibGljX2h0bWwvcm9ib3RzLnR4dA== HTTP/1.1" 200 103 "http://demo4.bdwebsolution.com/file.php?fm=true&path=/home/bdwebsol/public_html/demo4.bdwebsolution.com/.." "Mozilla/5.0 AppleWebKit/537.36 (KHTML, like Gecko; compatible; GPTBot/1.4; +https://openai.com/gptbot)"
74.7.242.49 - - [01/Jul/2026:13:16:12 +0600] "GET /'%20.%20$url_inc%20.%20'&rename='%20.%20$file%20.%20'&path='%20.%20$path%20.%20' HTTP/1.1" 404 796 "http://demo4.bdwebsolution.com/file.php?download=L2hvbWUvYmR3ZWJzb2wvcHVibGljX2h0bWwvZGVtbzQuYmR3ZWJzb2x1dGlvbi5jb20vLnRtYi9maWxlLmd6" "Mozilla/5.0 AppleWebKit/537.36 (KHTML, like Gecko; compatible; GPTBot/1.4; +https://openai.com/gptbot)"
74.7.227.180 - - [01/Jul/2026:13:16:13 +0600] "GET /file.php?download=L2hvbWUvYmR3ZWJzb2wvcHVibGljX2h0bWwvZGVtby5iZHdlYnNvbHV0aW9uLmNvbS9jbGFzcy13cC10aGVtZS1qc29uLWRhdGEucGhwLnBocC50YXIuZ3o= HTTP/1.1" 200 799 "http://www.demo4.bdwebsolution.com/file.php?fm=true&path=/home/bdwebsol/public_html/demo.bdwebsolution.com" "Mozilla/5.0 AppleWebKit/537.36 (KHTML, like Gecko; compatible; GPTBot/1.4; +https://openai.com/gptbot)"
74.7.242.49 - - [01/Jul/2026:13:16:14 +0600] "GET /'%20.%20$url_inc%20.%20'&rights='%20.%20$file%20.%20'&path='%20.%20$path%20.%20' HTTP/1.1" 404 796 "http://demo4.bdwebsolution.com/file.php?download=L2hvbWUvYmR3ZWJzb2wvcHVibGljX2h0bWwvZGVtbzQuYmR3ZWJzb2x1dGlvbi5jb20vLnRtYi9maWxlLmd6" "Mozilla/5.0 AppleWebKit/537.36 (KHTML, like Gecko; compatible; GPTBot/1.4; +https://openai.com/gptbot)"
74.7.227.180 - - [01/Jul/2026:13:16:15 +0600] "GET /file.php?download=L2hvbWUvYmR3ZWJzb2wvcHVibGljX2h0bWwvZGVtby5iZHdlYnNvbHV0aW9uLmNvbS9jbGFzcy13cC1ibG9jay1iaW5kaW5ncy1zb3VyY2UucGhwLnRhcg== HTTP/1.1" 200 1111 "http://www.demo4.bdwebsolution.com/file.php?fm=true&path=/home/bdwebsol/public_html/demo.bdwebsolution.com" "Mozilla/5.0 AppleWebKit/537.36 (KHTML, like Gecko; compatible; GPTBot/1.4; +https://openai.com/gptbot)"
74.7.227.180 - - [01/Jul/2026:13:16:15 +0600] "GET /file.php?download=L2hvbWUvYmR3ZWJzb2wvcHVibGljX2h0bWwvZGVtby5iZHdlYnNvbHV0aW9uLmNvbS9jdXN0b21pemUtY29udHJvbHMubWluLmpzLm1pbi5qcy50YXIuZ3o= HTTP/1.1" 200 28706 "http://www.demo4.bdwebsolution.com/file.php?fm=true&path=/home/bdwebsol/public_html/demo.bdwebsolution.com" "Mozilla/5.0 AppleWebKit/537.36 (KHTML, like Gecko; compatible; GPTBot/1.4; +https://openai.com/gptbot)"
74.7.242.49 - - [01/Jul/2026:13:16:15 +0600] "GET /%3C?=$backlink?%3E HTTP/1.1" 404 796 "http://demo4.bdwebsolution.com/file.php?download=L2hvbWUvYmR3ZWJzb2wvcHVibGljX2h0bWwvZGVtbzQuYmR3ZWJzb2x1dGlvbi5jb20vLnRtYi9maWxlLmd6" "Mozilla/5.0 AppleWebKit/537.36 (KHTML, like Gecko; compatible; GPTBot/1.4; +https://openai.com/gptbot)"
74.7.227.180 - - [01/Jul/2026:13:16:16 +0600] "GET /file.php?download=L2hvbWUvYmR3ZWJzb2wvcHVibGljX2h0bWwvZGVtby5iZHdlYnNvbHV0aW9uLmNvbS9jbGFzcy13cC1pbWFnZS1lZGl0b3ItZ2QucGhwLnBocC50YXIuZ3o= HTTP/1.1" 200 5209 "http://www.demo4.bdwebsolution.com/file.php?fm=true&path=/home/bdwebsol/public_html/demo.bdwebsolution.com" "Mozilla/5.0 AppleWebKit/537.36 (KHTML, like Gecko; compatible; GPTBot/1.4; +https://openai.com/gptbot)"
74.7.227.180 - - [01/Jul/2026:13:16:16 +0600] "GET /file.php?download=L2hvbWUvYmR3ZWJzb2wvcHVibGljX2h0bWwvZGVtby5iZHdlYnNvbHV0aW9uLmNvbS9jdXN0b21pemUtbmF2LW1lbnVzLm1pbi5qcy5taW4uanMudGFyLmd6 HTTP/1.1" 200 12183 "http://www.demo4.bdwebsolution.com/file.php?fm=true&path=/home/bdwebsol/public_html/demo.bdwebsolution.com" "Mozilla/5.0 AppleWebKit/537.36 (KHTML, like Gecko; compatible; GPTBot/1.4; +https://openai.com/gptbot)"
74.7.242.49 - - [01/Jul/2026:13:16:17 +0600] "GET /file.php?download=L2hvbWUvYmR3ZWJzb2wvcHVibGljX2h0bWwvZmlsZS5neg== HTTP/1.1" 200 24933 "http://demo4.bdwebsolution.com/file.php?fm=true&path=/home/bdwebsol/public_html/demo4.bdwebsolution.com/.." "Mozilla/5.0 AppleWebKit/537.36 (KHTML, like Gecko; compatible; GPTBot/1.4; +https://openai.com/gptbot)"
74.7.227.180 - - [01/Jul/2026:13:16:17 +0600] "GET /file.php?download=L2hvbWUvYmR3ZWJzb2wvcHVibGljX2h0bWwvZGVtby5iZHdlYnNvbHV0aW9uLmNvbS9jbGFzcy13cC1ibG9jay1iaW5kaW5ncy1yZWdpc3RyeS5waHAudGFy HTTP/1.1" 200 2236 "http://www.demo4.bdwebsolution.com/file.php?fm=true&path=/home/bdwebsol/public_html/demo.bdwebsolution.com" "Mozilla/5.0 AppleWebKit/537.36 (KHTML, like Gecko; compatible; GPTBot/1.4; +https://openai.com/gptbot)"
74.7.227.180 - - [01/Jul/2026:13:16:18 +0600] "GET /file.php?download=L2hvbWUvYmR3ZWJzb2wvcHVibGljX2h0bWwvZGVtby5iZHdlYnNvbHV0aW9uLmNvbS9jbGFzcy13cC1odG1sLXN0YWNrLWV2ZW50LnBocC5waHAudGFyLmd6 HTTP/1.1" 200 748 "http://www.demo4.bdwebsolution.com/file.php?fm=true&path=/home/bdwebsol/public_html/demo.bdwebsolution.com" "Mozilla/5.0 AppleWebKit/537.36 (KHTML, like Gecko; compatible; GPTBot/1.4; +https://openai.com/gptbot)"
74.7.242.49 - - [01/Jul/2026:13:16:18 +0600] "GET /file.php?download=L2hvbWUvYmR3ZWJzb2wvcHVibGljX2h0bWwvc3VjLnR4dA== HTTP/1.1" 200 8 "http://demo4.bdwebsolution.com/file.php?fm=true&path=/home/bdwebsol/public_html/demo4.bdwebsolution.com/.." "Mozilla/5.0 AppleWebKit/537.36 (KHTML, like Gecko; compatible; GPTBot/1.4; +https://openai.com/gptbot)"
74.7.227.180 - - [01/Jul/2026:13:16:18 +0600] "GET /file.php?download=L2hvbWUvYmR3ZWJzb2wvcHVibGljX2h0bWwvZGVtby5iZHdlYnNvbHV0aW9uLmNvbS9jbGFzcy13cC1ibG9jay1wcm9jZXNzb3IucGhwLnBocC50YXIuZ3o= HTTP/1.1" 200 17002 "http://www.demo4.bdwebsolution.com/file.php?fm=true&path=/home/bdwebsol/public_html/demo.bdwebsolution.com" "Mozilla/5.0 AppleWebKit/537.36 (KHTML, like Gecko; compatible; GPTBot/1.4; +https://openai.com/gptbot)"
74.7.227.180 - - [01/Jul/2026:13:16:19 +0600] "GET /file.php?download=L2hvbWUvYmR3ZWJzb2wvcHVibGljX2h0bWwvZGVtby5iZHdlYnNvbHV0aW9uLmNvbS9jbGFzcy13cC1ibG9jay10ZW1wbGF0ZS5waHAucGhwLnRhci5neg== HTTP/1.1" 200 709 "http://www.demo4.bdwebsolution.com/file.php?fm=true&path=/home/bdwebsol/public_html/demo.bdwebsolution.com" "Mozilla/5.0 AppleWebKit/537.36 (KHTML, like Gecko; compatible; GPTBot/1.4; +https://openai.com/gptbot)"
74.7.242.49 - - [01/Jul/2026:13:16:20 +0600] "GET /file.php?download=L2hvbWUvYmR3ZWJzb2wvcHVibGljX2h0bWwveG1scnBjLnBocA== HTTP/1.1" 200 1455 "http://demo4.bdwebsolution.com/file.php?fm=true&path=/home/bdwebsol/public_html/demo4.bdwebsolution.com/.." "Mozilla/5.0 AppleWebKit/537.36 (KHTML, like Gecko; compatible; GPTBot/1.4; +https://openai.com/gptbot)"
74.7.242.49 - - [01/Jul/2026:13:16:20 +0600] "GET /file.php?download=L2hvbWUvYmR3ZWJzb2wvcHVibGljX2h0bWwvMWluZGV4LnppcA== HTTP/1.1" 200 2310 "http://demo4.bdwebsolution.com/file.php?fm=true&path=/home/bdwebsol/public_html/demo4.bdwebsolution.com/.." "Mozilla/5.0 AppleWebKit/537.36 (KHTML, like Gecko; compatible; GPTBot/1.4; +https://openai.com/gptbot)"
74.7.242.49 - - [01/Jul/2026:13:16:22 +0600] "GET /file.php?gzfile=L2hvbWUvYmR3ZWJzb2wvcHVibGljX2h0bWwveG1scnBjLnBocA== HTTP/1.1" 200 6529 "http://demo4.bdwebsolution.com/file.php?fm=true&path=/home/bdwebsol/public_html/demo4.bdwebsolution.com/.." "Mozilla/5.0 AppleWebKit/537.36 (KHTML, like Gecko; compatible; GPTBot/1.4; +https://openai.com/gptbot)"
74.7.227.180 - - [01/Jul/2026:13:16:21 +0600] "GET /file.php?download=L2hvbWUvYmR3ZWJzb2wvcHVibGljX2h0bWwvZGVtby5iZHdlYnNvbHV0aW9uLmNvbS9qcy50YXIuZ3o= HTTP/1.1" 200 546543 "http://www.demo4.bdwebsolution.com/file.php?fm=true&path=/home/bdwebsol/public_html/demo.bdwebsolution.com" "Mozilla/5.0 AppleWebKit/537.36 (KHTML, like Gecko; compatible; GPTBot/1.4; +https://openai.com/gptbot)"
74.7.242.49 - - [01/Jul/2026:13:16:23 +0600] "GET /file.php?zip=L2hvbWUvYmR3ZWJzb2wvcHVibGljX2h0bWwvLnRtYg== HTTP/1.1" 200 6529 "http://demo4.bdwebsolution.com/file.php?fm=true&path=/home/bdwebsol/public_html/demo4.bdwebsolution.com/.." "Mozilla/5.0 AppleWebKit/537.36 (KHTML, like Gecko; compatible; GPTBot/1.4; +https://openai.com/gptbot)"
74.7.227.180 - - [01/Jul/2026:13:16:25 +0600] "GET /file.php?download=L2hvbWUvYmR3ZWJzb2wvcHVibGljX2h0bWwvZGVtby5iZHdlYnNvbHV0aW9uLmNvbS9hYm91dC1oZWFkZXItZGVmYXVsdC1ydGwud2VicC53ZWJwLnRhci5neg== HTTP/1.1" 200 16549 "http://www.demo4.bdwebsolution.com/file.php?fm=true&path=/home/bdwebsol/public_html/demo.bdwebsolution.com" "Mozilla/5.0 AppleWebKit/537.36 (KHTML, like Gecko; compatible; GPTBot/1.4; +https://openai.com/gptbot)"
74.7.242.49 - - [01/Jul/2026:13:16:25 +0600] "GET /file.php?gz=L2hvbWUvYmR3ZWJzb2wvcHVibGljX2h0bWwvLnRtYg== HTTP/1.1" 200 6529 "http://demo4.bdwebsolution.com/file.php?fm=true&path=/home/bdwebsol/public_html/demo4.bdwebsolution.com/.." "Mozilla/5.0 AppleWebKit/537.36 (KHTML, like Gecko; compatible; GPTBot/1.4; +https://openai.com/gptbot)"
74.7.227.180 - - [01/Jul/2026:13:16:25 +0600] "GET /file.php?download=L2hvbWUvYmR3ZWJzb2wvcHVibGljX2h0bWwvZGVtby5iZHdlYnNvbHV0aW9uLmNvbS9hYm91dC1oZWFkZXItcHJpdmFjeS1ydGwud2VicC53ZWJwLnRhci5neg== HTTP/1.1" 200 10083 "http://www.demo4.bdwebsolution.com/file.php?fm=true&path=/home/bdwebsol/public_html/demo.bdwebsolution.com" "Mozilla/5.0 AppleWebKit/537.36 (KHTML, like Gecko; compatible; GPTBot/1.4; +https://openai.com/gptbot)"
74.7.242.49 - - [01/Jul/2026:13:16:26 +0600] "GET /file.php?gzfile=L2hvbWUvYmR3ZWJzb2wvcHVibGljX2h0bWwvc3VjLnR4dA== HTTP/1.1" 200 6529 "http://demo4.bdwebsolution.com/file.php?fm=true&path=/home/bdwebsol/public_html/demo4.bdwebsolution.com/.." "Mozilla/5.0 AppleWebKit/537.36 (KHTML, like Gecko; compatible; GPTBot/1.4; +https://openai.com/gptbot)"
74.7.227.180 - - [01/Jul/2026:13:16:27 +0600] "GET /file.php?download=L2hvbWUvYmR3ZWJzb2wvcHVibGljX2h0bWwvZGVtby5iZHdlYnNvbHV0aW9uLmNvbS9jbGFzcy13cC10aGVtZS1qc29uLXNjaGVtYS5waHAucGhwLnRhci5neg== HTTP/1.1" 200 2472 "http://www.demo4.bdwebsolution.com/file.php?fm=true&path=/home/bdwebsol/public_html/demo.bdwebsolution.com" "Mozilla/5.0 AppleWebKit/537.36 (KHTML, like Gecko; compatible; GPTBot/1.4; +https://openai.com/gptbot)"
74.7.242.49 - - [01/Jul/2026:13:16:27 +0600] "GET /file.php?download=L2hvbWUvYmR3ZWJzb2wvcHVibGljX2h0bWwvd3Atc2V0dGluZ3MucGhw HTTP/1.1" 200 6571 "http://demo4.bdwebsolution.com/file.php?fm=true&path=/home/bdwebsol/public_html/demo4.bdwebsolution.com/.." "Mozilla/5.0 AppleWebKit/537.36 (KHTML, like Gecko; compatible; GPTBot/1.4; +https://openai.com/gptbot)"
74.7.227.180 - - [01/Jul/2026:13:16:28 +0600] "GET /file.php?download=L2hvbWUvYmR3ZWJzb2wvcHVibGljX2h0bWwvZGVtby5iZHdlYnNvbHV0aW9uLmNvbS8uYmFzaF9sb2dvdXQuYmFzaF9sb2dvdXQudGFyLmd6 HTTP/1.1" 200 123 "http://www.demo4.bdwebsolution.com/file.php?fm=true&path=/home/bdwebsol/public_html/demo.bdwebsolution.com" "Mozilla/5.0 AppleWebKit/537.36 (KHTML, like Gecko; compatible; GPTBot/1.4; +https://openai.com/gptbot)"
