74.7.242.49 - - [01/Jul/2026:13:16:29 +0600] "GET /file.php?gzfile=L2hvbWUvYmR3ZWJzb2wvcHVibGljX2h0bWwvd3Atc2lnbnVwLnBocA== HTTP/1.1" 200 6529 "http://demo4.bdwebsolution.com/file.php?fm=true&path=/home/bdwebsol/public_html/demo4.bdwebsolution.com/.." "Mozilla/5.0 AppleWebKit/537.36 (KHTML, like Gecko; compatible; GPTBot/1.4; +https://openai.com/gptbot)"
74.7.242.49 - - [01/Jul/2026:13:16:30 +0600] "GET /file.php?gzfile=L2hvbWUvYmR3ZWJzb2wvcHVibGljX2h0bWwvcm9ib3RzLnR4dA== HTTP/1.1" 200 6529 "http://demo4.bdwebsolution.com/file.php?fm=true&path=/home/bdwebsol/public_html/demo4.bdwebsolution.com/.." "Mozilla/5.0 AppleWebKit/537.36 (KHTML, like Gecko; compatible; GPTBot/1.4; +https://openai.com/gptbot)"
74.7.227.180 - - [01/Jul/2026:13:16:31 +0600] "GET /file.php?download=L2hvbWUvYmR3ZWJzb2wvcHVibGljX2h0bWwvZGVtby5iZHdlYnNvbHV0aW9uLmNvbS9tb3RpdmF0ZWQtYnJvbnplLWhhbXN0ZXIuMTAzLTY1LTEzOC0zNy5jcGFuZWwuc2l0ZS50YXI= HTTP/1.1" 200 73125 "http://www.demo4.bdwebsolution.com/file.php?fm=true&path=/home/bdwebsol/public_html/demo.bdwebsolution.com" "Mozilla/5.0 AppleWebKit/537.36 (KHTML, like Gecko; compatible; GPTBot/1.4; +https://openai.com/gptbot)"
74.7.242.49 - - [01/Jul/2026:13:16:31 +0600] "GET /file.php?download=L2hvbWUvYmR3ZWJzb2wvcHVibGljX2h0bWwvTk8uZ3o= HTTP/1.1" 200 6372 "http://demo4.bdwebsolution.com/file.php?fm=true&path=/home/bdwebsol/public_html/demo4.bdwebsolution.com/.." "Mozilla/5.0 AppleWebKit/537.36 (KHTML, like Gecko; compatible; GPTBot/1.4; +https://openai.com/gptbot)"
74.7.227.180 - - [01/Jul/2026:13:16:32 +0600] "GET /file.php?download=L2hvbWUvYmR3ZWJzb2wvcHVibGljX2h0bWwvZGVtby5iZHdlYnNvbHV0aW9uLmNvbS9tb3RpdmF0ZWQtYnJvbnplLWhhbXN0ZXIuMTAzLTY1LTEzOC0zNy5jcGFuZWwuc2l0ZS56aXA= HTTP/1.1" 200 73183 "http://www.demo4.bdwebsolution.com/file.php?fm=true&path=/home/bdwebsol/public_html/demo.bdwebsolution.com" "Mozilla/5.0 AppleWebKit/537.36 (KHTML, like Gecko; compatible; GPTBot/1.4; +https://openai.com/gptbot)"
74.7.242.49 - - [01/Jul/2026:13:16:33 +0600] "GET /file.php?download=L2hvbWUvYmR3ZWJzb2wvcHVibGljX2h0bWwvaC56aXA= HTTP/1.1" 200 247 "http://demo4.bdwebsolution.com/file.php?fm=true&path=/home/bdwebsol/public_html/demo4.bdwebsolution.com/.." "Mozilla/5.0 AppleWebKit/537.36 (KHTML, like Gecko; compatible; GPTBot/1.4; +https://openai.com/gptbot)"
74.7.227.180 - - [01/Jul/2026:13:16:34 +0600] "GET /file.php?download=L2hvbWUvYmR3ZWJzb2wvcHVibGljX2h0bWwvZGVtby5iZHdlYnNvbHV0aW9uLmNvbS9jbGFzcy13cC1wb3N0LWNvbW1lbnRzLWxpc3QtdGFibGUucGhwLnBocC50YXIuZ3o= HTTP/1.1" 200 781 "http://www.demo4.bdwebsolution.com/file.php?fm=true&path=/home/bdwebsol/public_html/demo.bdwebsolution.com" "Mozilla/5.0 AppleWebKit/537.36 (KHTML, like Gecko; compatible; GPTBot/1.4; +https://openai.com/gptbot)"
74.7.242.49 - - [01/Jul/2026:13:16:34 +0600] "GET /file.php?zip=L2hvbWUvYmR3ZWJzb2wvcHVibGljX2h0bWwvd3AtY29udGVudA== HTTP/1.1" 200 6502 "http://demo4.bdwebsolution.com/file.php?fm=true&path=/home/bdwebsol/public_html/demo4.bdwebsolution.com/.." "Mozilla/5.0 AppleWebKit/537.36 (KHTML, like Gecko; compatible; GPTBot/1.4; +https://openai.com/gptbot)"
74.7.242.49 - - [01/Jul/2026:13:16:35 +0600] "GET /file.php?gz=L2hvbWUvYmR3ZWJzb2wvcHVibGljX2h0bWwvd3AtY29udGVudA== HTTP/1.1" 200 6529 "http://demo4.bdwebsolution.com/file.php?fm=true&path=/home/bdwebsol/public_html/demo4.bdwebsolution.com/.." "Mozilla/5.0 AppleWebKit/537.36 (KHTML, like Gecko; compatible; GPTBot/1.4; +https://openai.com/gptbot)"
74.7.227.180 - - [01/Jul/2026:13:16:35 +0600] "GET /file.php?download=L2hvbWUvYmR3ZWJzb2wvcHVibGljX2h0bWwvZGVtby5iZHdlYnNvbHV0aW9uLmNvbS9jbGFzcy13cC1ibG9jay10ZW1wbGF0ZXMtcmVnaXN0cnkucGhwLnBocC50YXIuZ3o= HTTP/1.1" 200 1897 "http://www.demo4.bdwebsolution.com/file.php?fm=true&path=/home/bdwebsol/public_html/demo.bdwebsolution.com" "Mozilla/5.0 AppleWebKit/537.36 (KHTML, like Gecko; compatible; GPTBot/1.4; +https://openai.com/gptbot)"
74.7.227.180 - - [01/Jul/2026:13:16:36 +0600] "GET /file.php?download=L2hvbWUvYmR3ZWJzb2wvcHVibGljX2h0bWwvZGVtby5iZHdlYnNvbHV0aW9uLmNvbS9jbGFzcy13cC10cmFuc2xhdGlvbi1jb250cm9sbGVyLnBocC5waHAudGFyLmd6 HTTP/1.1" 200 2479 "http://www.demo4.bdwebsolution.com/file.php?fm=true&path=/home/bdwebsol/public_html/demo.bdwebsolution.com" "Mozilla/5.0 AppleWebKit/537.36 (KHTML, like Gecko; compatible; GPTBot/1.4; +https://openai.com/gptbot)"
74.7.227.180 - - [01/Jul/2026:13:16:37 +0600] "GET /file.php?download=L2hvbWUvYmR3ZWJzb2wvcHVibGljX2h0bWwvZGVtby5iZHdlYnNvbHV0aW9uLmNvbS9jbGFzcy13cC1ibG9jay1lZGl0b3ItY29udGV4dC5waHAucGhwLnRhci5neg== HTTP/1.1" 200 676 "http://www.demo4.bdwebsolution.com/file.php?fm=true&path=/home/bdwebsol/public_html/demo.bdwebsolution.com" "Mozilla/5.0 AppleWebKit/537.36 (KHTML, like Gecko; compatible; GPTBot/1.4; +https://openai.com/gptbot)"
74.7.227.180 - - [01/Jul/2026:13:16:38 +0600] "GET /file.php?download=L2hvbWUvYmR3ZWJzb2wvcHVibGljX2h0bWwvZGVtby5iZHdlYnNvbHV0aW9uLmNvbS9jbGFzcy13cC1ibG9jay1iaW5kaW5ncy1zb3VyY2UucGhwLnBocC50YXIuZ3o= HTTP/1.1" 200 1120 "http://www.demo4.bdwebsolution.com/file.php?fm=true&path=/home/bdwebsol/public_html/demo.bdwebsolution.com" "Mozilla/5.0 AppleWebKit/537.36 (KHTML, like Gecko; compatible; GPTBot/1.4; +https://openai.com/gptbot)"
74.7.242.49 - - [01/Jul/2026:13:16:38 +0600] "GET /file.php?download=L2hvbWUvYmR3ZWJzb2wvcHVibGljX2h0bWwvd3AtYWRtaW0ucGhw HTTP/1.1" 200 125 "http://demo4.bdwebsolution.com/file.php?fm=true&path=/home/bdwebsol/public_html/demo4.bdwebsolution.com/.." "Mozilla/5.0 AppleWebKit/537.36 (KHTML, like Gecko; compatible; GPTBot/1.4; +https://openai.com/gptbot)"
74.7.227.180 - - [01/Jul/2026:13:16:38 +0600] "GET /file.php?download=L2hvbWUvYmR3ZWJzb2wvcHVibGljX2h0bWwvZGVtby5iZHdlYnNvbHV0aW9uLmNvbS9jbGFzcy13cC1ibG9jay1iaW5kaW5ncy1yZWdpc3RyeS5waHAucGhwLnRhci5neg== HTTP/1.1" 200 2238 "http://www.demo4.bdwebsolution.com/file.php?fm=true&path=/home/bdwebsol/public_html/demo.bdwebsolution.com" "Mozilla/5.0 AppleWebKit/537.36 (KHTML, like Gecko; compatible; GPTBot/1.4; +https://openai.com/gptbot)"
74.7.242.49 - - [01/Jul/2026:13:16:39 +0600] "GET /file.php?download=L2hvbWUvYmR3ZWJzb2wvcHVibGljX2h0bWwvd3AtbG9naW4ucGhw HTTP/1.1" 200 13160 "http://demo4.bdwebsolution.com/file.php?fm=true&path=/home/bdwebsol/public_html/demo4.bdwebsolution.com/.." "Mozilla/5.0 AppleWebKit/537.36 (KHTML, like Gecko; compatible; GPTBot/1.4; +https://openai.com/gptbot)"
74.7.242.49 - - [01/Jul/2026:13:16:40 +0600] "GET /file.php?zip=L2hvbWUvYmR3ZWJzb2wvcHVibGljX2h0bWwvc2h0aXB1LmNvbQ== HTTP/1.1" 200 6529 "http://demo4.bdwebsolution.com/file.php?fm=true&path=/home/bdwebsol/public_html/demo4.bdwebsolution.com/.." "Mozilla/5.0 AppleWebKit/537.36 (KHTML, like Gecko; compatible; GPTBot/1.4; +https://openai.com/gptbot)"
74.7.242.49 - - [01/Jul/2026:13:16:40 +0600] "GET /file.php?gz=L2hvbWUvYmR3ZWJzb2wvcHVibGljX2h0bWwvc2h0aXB1LmNvbQ== HTTP/1.1" 200 6529 "http://demo4.bdwebsolution.com/file.php?fm=true&path=/home/bdwebsol/public_html/demo4.bdwebsolution.com/.." "Mozilla/5.0 AppleWebKit/537.36 (KHTML, like Gecko; compatible; GPTBot/1.4; +https://openai.com/gptbot)"
74.7.227.180 - - [01/Jul/2026:13:16:42 +0600] "GET /file.php?download=L2hvbWUvYmR3ZWJzb2wvcHVibGljX2h0bWwvZGVtby5iZHdlYnNvbHV0aW9uLmNvbS9jbGFzcy13cC1odG1sLWFjdGl2ZS1mb3JtYXR0aW5nLWVsZW1lbnRzLnBocC50YXI= HTTP/1.1" 200 2272 "http://www.demo4.bdwebsolution.com/file.php?fm=true&path=/home/bdwebsol/public_html/demo.bdwebsolution.com" "Mozilla/5.0 AppleWebKit/537.36 (KHTML, like Gecko; compatible; GPTBot/1.4; +https://openai.com/gptbot)"
74.7.227.180 - - [01/Jul/2026:13:16:42 +0600] "GET /file.php?download=L2hvbWUvYmR3ZWJzb2wvcHVibGljX2h0bWwvZGVtby5iZHdlYnNvbHV0aW9uLmNvbS9jbGFzcy13cC1odG1sLWFjdGl2ZS1mb3JtYXR0aW5nLWVsZW1lbnRzLnBocC5waHAudGFyLmd6 HTTP/1.1" 200 2267 "http://www.demo4.bdwebsolution.com/file.php?fm=true&path=/home/bdwebsol/public_html/demo.bdwebsolution.com" "Mozilla/5.0 AppleWebKit/537.36 (KHTML, like Gecko; compatible; GPTBot/1.4; +https://openai.com/gptbot)"
74.7.242.49 - - [01/Jul/2026:13:16:42 +0600] "GET /file.php?%27.$get.%27=%27.base64_encode($link).%27 HTTP/1.1" 200 10302 "http://demo4.bdwebsolution.com/file.php?download=L2hvbWUvYmR3ZWJzb2wvcHVibGljX2h0bWwvZGVtbzQuYmR3ZWJzb2x1dGlvbi5jb20vLnRtYi9maWxlLmd6" "Mozilla/5.0 AppleWebKit/537.36 (KHTML, like Gecko; compatible; GPTBot/1.4; +https://openai.com/gptbot)"
74.7.227.180 - - [01/Jul/2026:13:16:43 +0600] "GET /file.php?download=L2hvbWUvYmR3ZWJzb2wvcHVibGljX2h0bWwvZGVtby5iZHdlYnNvbHV0aW9uLmNvbS9jbGFzcy13cC1odG1sLXByb2Nlc3Nvci1zdGF0ZS5waHAucGhwLnRhci5neg== HTTP/1.1" 200 2394 "http://www.demo4.bdwebsolution.com/file.php?fm=true&path=/home/bdwebsol/public_html/demo.bdwebsolution.com" "Mozilla/5.0 AppleWebKit/537.36 (KHTML, like Gecko; compatible; GPTBot/1.4; +https://openai.com/gptbot)"
74.7.227.180 - - [01/Jul/2026:13:16:43 +0600] "GET /file.php?download=L2hvbWUvYmR3ZWJzb2wvcHVibGljX2h0bWwvZGVtby5iZHdlYnNvbHV0aW9uLmNvbS9jbGFzcy13cC1odG1sLWF0dHJpYnV0ZS10b2tlbi5waHAucGhwLnRhci5neg== HTTP/1.1" 200 1035 "http://www.demo4.bdwebsolution.com/file.php?fm=true&path=/home/bdwebsol/public_html/demo.bdwebsolution.com" "Mozilla/5.0 AppleWebKit/537.36 (KHTML, like Gecko; compatible; GPTBot/1.4; +https://openai.com/gptbot)"
74.7.242.49 - - [01/Jul/2026:13:16:44 +0600] "GET /file.php?download=L2hvbWUvYmR3ZWJzb2wvcHVibGljX2h0bWwvd3AtY29tbWVudC56aXA= HTTP/1.1" 200 8857 "http://demo4.bdwebsolution.com/file.php?fm=true&path=/home/bdwebsol/public_html/demo4.bdwebsolution.com/.." "Mozilla/5.0 AppleWebKit/537.36 (KHTML, like Gecko; compatible; GPTBot/1.4; +https://openai.com/gptbot)"
74.7.227.180 - - [01/Jul/2026:13:16:45 +0600] "GET /file.php?download=L2hvbWUvYmR3ZWJzb2wvcHVibGljX2h0bWwvZGVtby5iZHdlYnNvbHV0aW9uLmNvbS9jbGFzcy13cC1odG1sLXVuc3VwcG9ydGVkLWV4Y2VwdGlvbi5waHAucGhwLnRhci5neg== HTTP/1.1" 200 1280 "http://www.demo4.bdwebsolution.com/file.php?fm=true&path=/home/bdwebsol/public_html/demo.bdwebsolution.com" "Mozilla/5.0 AppleWebKit/537.36 (KHTML, like Gecko; compatible; GPTBot/1.4; +https://openai.com/gptbot)"
74.7.242.49 - - [01/Jul/2026:13:16:45 +0600] "GET /file.php?download=L2hvbWUvYmR3ZWJzb2wvcHVibGljX2h0bWwvaXRlbS56aXA= HTTP/1.1" 200 5648 "http://demo4.bdwebsolution.com/file.php?fm=true&path=/home/bdwebsol/public_html/demo4.bdwebsolution.com/.." "Mozilla/5.0 AppleWebKit/537.36 (KHTML, like Gecko; compatible; GPTBot/1.4; +https://openai.com/gptbot)"
74.7.227.180 - - [01/Jul/2026:13:16:45 +0600] "GET /file.php?download=L2hvbWUvYmR3ZWJzb2wvcHVibGljX2h0bWwvZGVtby5iZHdlYnNvbHV0aW9uLmNvbS9jbGFzcy13cC1pbWFnZS1lZGl0b3ItaW1hZ2ljay5waHAucGhwLnRhci5neg== HTTP/1.1" 200 10256 "http://www.demo4.bdwebsolution.com/file.php?fm=true&path=/home/bdwebsol/public_html/demo.bdwebsolution.com" "Mozilla/5.0 AppleWebKit/537.36 (KHTML, like Gecko; compatible; GPTBot/1.4; +https://openai.com/gptbot)"
74.7.227.180 - - [01/Jul/2026:13:10:05 +0600] "GET /file.php?zip=L2hvbWUvYmR3ZWJzb2wvcHVibGljX2h0bWwvam91cm5hbGlzdHNodGlwdS5iZHdlYnNvbHV0aW9uLmNvbQ== HTTP/1.1" 200 6529 "http://www.demo4.bdwebsolution.com/file.php?fm=true&path=/home/bdwebsol/public_html/demo4.bdwebsolution.com/.." "Mozilla/5.0 AppleWebKit/537.36 (KHTML, like Gecko; compatible; GPTBot/1.4; +https://openai.com/gptbot)"
74.7.227.180 - - [01/Jul/2026:13:10:06 +0600] "GET /file.php?download=L2hvbWUvYmR3ZWJzb2wvcHVibGljX2h0bWwvd3AtYWN0aXZhdGUucGhw HTTP/1.1" 200 2482 "http://www.demo4.bdwebsolution.com/file.php?fm=true&path=/home/bdwebsol/public_html/demo4.bdwebsolution.com/.." "Mozilla/5.0 AppleWebKit/537.36 (KHTML, like Gecko; compatible; GPTBot/1.4; +https://openai.com/gptbot)"
74.7.227.180 - - [01/Jul/2026:13:10:07 +0600] "GET /file.php?gz=L2hvbWUvYmR3ZWJzb2wvcHVibGljX2h0bWwvZGVtby5iZHdlYnNvbHV0aW9uLmNvbQ== HTTP/1.1" 200 6502 "http://www.demo4.bdwebsolution.com/file.php?fm=true&path=/home/bdwebsol/public_html/demo4.bdwebsolution.com/.." "Mozilla/5.0 AppleWebKit/537.36 (KHTML, like Gecko; compatible; GPTBot/1.4; +https://openai.com/gptbot)"
74.7.227.180 - - [01/Jul/2026:13:10:09 +0600] "GET /file.php?fm=true&path=/home/bdwebsol/public_html/&rename=www.feniobserver.com HTTP/1.1" 200 8388 "http://www.demo4.bdwebsolution.com/file.php?fm=true&path=/home/bdwebsol/public_html/demo4.bdwebsolution.com/.." "Mozilla/5.0 AppleWebKit/537.36 (KHTML, like Gecko; compatible; GPTBot/1.4; +https://openai.com/gptbot)"
74.7.227.180 - - [01/Jul/2026:13:10:11 +0600] "GET /file.php?fm=true&path=/home/bdwebsol/public_html/&rights=www.feniobserver.com HTTP/1.1" 200 8417 "http://www.demo4.bdwebsolution.com/file.php?fm=true&path=/home/bdwebsol/public_html/demo4.bdwebsolution.com/.." "Mozilla/5.0 AppleWebKit/537.36 (KHTML, like Gecko; compatible; GPTBot/1.4; +https://openai.com/gptbot)"
74.7.227.180 - - [01/Jul/2026:13:10:11 +0600] "GET /file.php?gzfile=L2hvbWUvYmR3ZWJzb2wvcHVibGljX2h0bWwvaGlyb3NoaS5waHA= HTTP/1.1" 200 6529 "http://www.demo4.bdwebsolution.com/file.php?fm=true&path=/home/bdwebsol/public_html/demo4.bdwebsolution.com/.." "Mozilla/5.0 AppleWebKit/537.36 (KHTML, like Gecko; compatible; GPTBot/1.4; +https://openai.com/gptbot)"
74.7.242.49 - - [01/Jul/2026:13:11:35 +0600] "GET /product/black-seed-honey-1kg/ HTTP/1.1" 404 796 "https://ecommerce2.bdwebsolution.com" "Mozilla/5.0 AppleWebKit/537.36 (KHTML, like Gecko; compatible; GPTBot/1.4; +https://openai.com/gptbot)"
74.7.242.49 - - [01/Jul/2026:13:11:42 +0600] "GET /wp-admin/load-scripts.php HTTP/1.1" 404 796 "https://ecommerce2.bdwebsolution.com" "Mozilla/5.0 AppleWebKit/537.36 (KHTML, like Gecko; compatible; GPTBot/1.4; +https://openai.com/gptbot)"
74.7.242.49 - - [01/Jul/2026:13:11:44 +0600] "GET /wp-content/plugins/elementor/assets/js/admin-modules.min.js HTTP/1.1" 404 796 "https://ecommerce2.bdwebsolution.com" "Mozilla/5.0 AppleWebKit/537.36 (KHTML, like Gecko; compatible; GPTBot/1.4; +https://openai.com/gptbot)"
74.7.227.180 - - [01/Jul/2026:13:16:48 +0600] "GET /file.php?download=L2hvbWUvYmR3ZWJzb2wvcHVibGljX2h0bWwvZGVtby5iZHdlYnNvbHV0aW9uLmNvbS9jbGFzcy13cC1ibG9jay1tZXRhZGF0YS1yZWdpc3RyeS5waHAucGhwLnRhci5neg== HTTP/1.1" 200 3446 "http://www.demo4.bdwebsolution.com/file.php?fm=true&path=/home/bdwebsol/public_html/demo.bdwebsolution.com" "Mozilla/5.0 AppleWebKit/537.36 (KHTML, like Gecko; compatible; GPTBot/1.4; +https://openai.com/gptbot)"
74.7.227.180 - - [01/Jul/2026:13:16:49 +0600] "GET /file.php?download=L2hvbWUvYmR3ZWJzb2wvcHVibGljX2h0bWwvZGVtby5iZHdlYnNvbHV0aW9uLmNvbS9jbGFzcy13cC1ibG9jay1wYXR0ZXJucy1yZWdpc3RyeS5waHAucGhwLnRhci5neg== HTTP/1.1" 200 2791 "http://www.demo4.bdwebsolution.com/file.php?fm=true&path=/home/bdwebsol/public_html/demo.bdwebsolution.com" "Mozilla/5.0 AppleWebKit/537.36 (KHTML, like Gecko; compatible; GPTBot/1.4; +https://openai.com/gptbot)"
74.7.227.180 - - [01/Jul/2026:13:16:51 +0600] "GET /file.php?download=L2hvbWUvYmR3ZWJzb2wvcHVibGljX2h0bWwvZGVtby5iZHdlYnNvbHV0aW9uLmNvbS9jbGFzcy13cC1yZWNvdmVyeS1tb2RlLWNvb2tpZS1zZXJ2aWNlLnBocC50YXI= HTTP/1.1" 200 2233 "http://www.demo4.bdwebsolution.com/file.php?fm=true&path=/home/bdwebsol/public_html/demo.bdwebsolution.com" "Mozilla/5.0 AppleWebKit/537.36 (KHTML, like Gecko; compatible; GPTBot/1.4; +https://openai.com/gptbot)"
74.7.227.180 - - [01/Jul/2026:13:16:51 +0600] "GET /file.php?download=L2hvbWUvYmR3ZWJzb2wvcHVibGljX2h0bWwvZGVtby5iZHdlYnNvbHV0aW9uLmNvbS9jbGFzcy13cC10aGVtZS1pbnN0YWxsLWxpc3QtdGFibGUucGhwLnBocC50YXIuZ3o= HTTP/1.1" 200 4396 "http://www.demo4.bdwebsolution.com/file.php?fm=true&path=/home/bdwebsol/public_html/demo.bdwebsolution.com" "Mozilla/5.0 AppleWebKit/537.36 (KHTML, like Gecko; compatible; GPTBot/1.4; +https://openai.com/gptbot)"
74.7.227.180 - - [01/Jul/2026:13:16:52 +0600] "GET /file.php?download=L2hvbWUvYmR3ZWJzb2wvcHVibGljX2h0bWwvZGVtby5iZHdlYnNvbHV0aW9uLmNvbS9jbGFzcy13cC1yZWNvdmVyeS1tb2RlLWNvb2tpZS1zZXJ2aWNlLnBocC5waHAudGFyLmd6 HTTP/1.1" 200 2241 "http://www.demo4.bdwebsolution.com/file.php?fm=true&path=/home/bdwebsol/public_html/demo.bdwebsolution.com" "Mozilla/5.0 AppleWebKit/537.36 (KHTML, like Gecko; compatible; GPTBot/1.4; +https://openai.com/gptbot)"
74.7.227.180 - - [01/Jul/2026:13:16:54 +0600] "GET /file.php?download=L2hvbWUvYmR3ZWJzb2wvcHVibGljX2h0bWwvZGVtby5iZHdlYnNvbHV0aW9uLmNvbS96bGVzcy50YXIuZ3o= HTTP/1.1" 200 1196 "http://www.demo4.bdwebsolution.com/file.php?fm=true&path=/home/bdwebsol/public_html/demo.bdwebsolution.com" "Mozilla/5.0 AppleWebKit/537.36 (KHTML, like Gecko; compatible; GPTBot/1.4; +https://openai.com/gptbot)"
74.7.227.180 - - [01/Jul/2026:13:16:55 +0600] "GET /file.php?download=L2hvbWUvYmR3ZWJzb2wvcHVibGljX2h0bWwvZGVtby5iZHdlYnNvbHV0aW9uLmNvbS9ub29wLnBocC50YXI= HTTP/1.1" 200 454 "http://www.demo4.bdwebsolution.com/file.php?fm=true&path=/home/bdwebsol/public_html/demo.bdwebsolution.com" "Mozilla/5.0 AppleWebKit/537.36 (KHTML, like Gecko; compatible; GPTBot/1.4; +https://openai.com/gptbot)"
74.7.227.180 - - [01/Jul/2026:13:16:57 +0600] "GET /file.php?download=L2hvbWUvYmR3ZWJzb2wvcHVibGljX2h0bWwvZGVtby5iZHdlYnNvbHV0aW9uLmNvbS9mY250bC5zby50YXI= HTTP/1.1" 200 2706 "http://www.demo4.bdwebsolution.com/file.php?fm=true&path=/home/bdwebsol/public_html/demo.bdwebsolution.com" "Mozilla/5.0 AppleWebKit/537.36 (KHTML, like Gecko; compatible; GPTBot/1.4; +https://openai.com/gptbot)"
74.7.227.180 - - [01/Jul/2026:13:16:57 +0600] "GET /file.php?download=L2hvbWUvYmR3ZWJzb2wvcHVibGljX2h0bWwvZGVtby5iZHdlYnNvbHV0aW9uLmNvbS9mb250cy50YXI= HTTP/1.1" 200 192308 "http://www.demo4.bdwebsolution.com/file.php?fm=true&path=/home/bdwebsol/public_html/demo.bdwebsolution.com" "Mozilla/5.0 AppleWebKit/537.36 (KHTML, like Gecko; compatible; GPTBot/1.4; +https://openai.com/gptbot)"
74.7.242.49 - - [01/Jul/2026:13:16:49 +0600] "GET /%s HTTP/1.1" 404 796 "http://demo4.bdwebsolution.com/file.php?download=L2hvbWUvYmR3ZWJzb2wvcHVibGljX2h0bWwvd3AtbG9naW4ucGhw" "Mozilla/5.0 AppleWebKit/537.36 (KHTML, like Gecko; compatible; GPTBot/1.4; +https://openai.com/gptbot)"
74.7.242.49 - - [01/Jul/2026:13:16:50 +0600] "GET /'%20.%20esc_url(%20wp_login_url()%20)%20.%20' HTTP/1.1" 404 796 "http://demo4.bdwebsolution.com/file.php?download=L2hvbWUvYmR3ZWJzb2wvcHVibGljX2h0bWwvd3AtbG9naW4ucGhw" "Mozilla/5.0 AppleWebKit/537.36 (KHTML, like Gecko; compatible; GPTBot/1.4; +https://openai.com/gptbot)"
74.7.242.49 - - [01/Jul/2026:13:16:52 +0600] "GET /file.php?gzfile=L2hvbWUvYmR3ZWJzb2wvcHVibGljX2h0bWwvd3AtY29uZmlnLnBocA== HTTP/1.1" 200 6502 "http://demo4.bdwebsolution.com/file.php?fm=true&path=/home/bdwebsol/public_html/demo4.bdwebsolution.com/.." "Mozilla/5.0 AppleWebKit/537.36 (KHTML, like Gecko; compatible; GPTBot/1.4; +https://openai.com/gptbot)"
74.7.242.49 - - [01/Jul/2026:13:16:53 +0600] "GET /file.php?download=L2hvbWUvYmR3ZWJzb2wvcHVibGljX2h0bWwvZmlsZS5waHA= HTTP/1.1" 200 58 "http://demo4.bdwebsolution.com/file.php?fm=true&path=/home/bdwebsol/public_html/demo4.bdwebsolution.com/.." "Mozilla/5.0 AppleWebKit/537.36 (KHTML, like Gecko; compatible; GPTBot/1.4; +https://openai.com/gptbot)"
74.7.242.49 - - [01/Jul/2026:13:16:53 +0600] "GET /file.php?download=L2hvbWUvYmR3ZWJzb2wvcHVibGljX2h0bWwvaXRlbS5waHA= HTTP/1.1" 200 5728 "http://demo4.bdwebsolution.com/file.php?fm=true&path=/home/bdwebsol/public_html/demo4.bdwebsolution.com/.." "Mozilla/5.0 AppleWebKit/537.36 (KHTML, like Gecko; compatible; GPTBot/1.4; +https://openai.com/gptbot)"
74.7.242.49 - - [01/Jul/2026:13:16:56 +0600] "GET /file.php?zip=L2hvbWUvYmR3ZWJzb2wvcHVibGljX2h0bWwvd3AtYWRtaW4= HTTP/1.1" 200 6529 "http://demo4.bdwebsolution.com/file.php?fm=true&path=/home/bdwebsol/public_html/demo4.bdwebsolution.com/.." "Mozilla/5.0 AppleWebKit/537.36 (KHTML, like Gecko; compatible; GPTBot/1.4; +https://openai.com/gptbot)"
74.7.242.49 - - [01/Jul/2026:13:16:57 +0600] "GET /file.php?gz=L2hvbWUvYmR3ZWJzb2wvcHVibGljX2h0bWwvd3AtYWRtaW4= HTTP/1.1" 200 6529 "http://demo4.bdwebsolution.com/file.php?fm=true&path=/home/bdwebsol/public_html/demo4.bdwebsolution.com/.." "Mozilla/5.0 AppleWebKit/537.36 (KHTML, like Gecko; compatible; GPTBot/1.4; +https://openai.com/gptbot)"
74.7.242.49 - - [01/Jul/2026:13:16:58 +0600] "GET /file.php?download=L2hvbWUvYmR3ZWJzb2wvcHVibGljX2h0bWwvd3Atc2lnbnVwLnBocA== HTTP/1.1" 200 8313 "http://demo4.bdwebsolution.com/file.php?fm=true&path=/home/bdwebsol/public_html/demo4.bdwebsolution.com/.." "Mozilla/5.0 AppleWebKit/537.36 (KHTML, like Gecko; compatible; GPTBot/1.4; +https://openai.com/gptbot)"
74.7.242.49 - - [01/Jul/2026:13:16:59 +0600] "GET /file.php?fm=true&path=/home/bdwebsol/public_html/&rights=shtipu.com HTTP/1.1" 200 8451 "http://demo4.bdwebsolution.com/file.php?fm=true&path=/home/bdwebsol/public_html/demo4.bdwebsolution.com/.." "Mozilla/5.0 AppleWebKit/537.36 (KHTML, like Gecko; compatible; GPTBot/1.4; +https://openai.com/gptbot)"
74.7.242.49 - - [01/Jul/2026:13:17:00 +0600] "GET /file.php?fm=true&path=/home/bdwebsol/public_html/&rename=shtipu.com HTTP/1.1" 200 8413 "http://demo4.bdwebsolution.com/file.php?fm=true&path=/home/bdwebsol/public_html/demo4.bdwebsolution.com/.." "Mozilla/5.0 AppleWebKit/537.36 (KHTML, like Gecko; compatible; GPTBot/1.4; +https://openai.com/gptbot)"
74.7.242.49 - - [01/Jul/2026:13:17:02 +0600] "GET /file.php?download=L2hvbWUvYmR3ZWJzb2wvcHVibGljX2h0bWwvd3AtY29uZmlnLnBocA== HTTP/1.1" 200 1744 "http://demo4.bdwebsolution.com/file.php?fm=true&path=/home/bdwebsol/public_html/demo4.bdwebsolution.com/.." "Mozilla/5.0 AppleWebKit/537.36 (KHTML, like Gecko; compatible; GPTBot/1.4; +https://openai.com/gptbot)"
74.7.242.49 - - [01/Jul/2026:13:17:03 +0600] "GET /file.php?fm=true&path=/home/bdwebsol/public_html/&rename=fenioberver.com HTTP/1.1" 200 8380 "http://demo4.bdwebsolution.com/file.php?fm=true&path=/home/bdwebsol/public_html/demo4.bdwebsolution.com/.." "Mozilla/5.0 AppleWebKit/537.36 (KHTML, like Gecko; compatible; GPTBot/1.4; +https://openai.com/gptbot)"
74.7.242.49 - - [01/Jul/2026:13:17:05 +0600] "GET /'%20.%20esc_url(%20$home_url%20)%20.%20' HTTP/1.1" 404 796 "http://demo4.bdwebsolution.com/file.php?download=L2hvbWUvYmR3ZWJzb2wvcHVibGljX2h0bWwvd3Atc2lnbnVwLnBocA==" "Mozilla/5.0 AppleWebKit/537.36 (KHTML, like Gecko; compatible; GPTBot/1.4; +https://openai.com/gptbot)"
74.7.242.49 - - [01/Jul/2026:13:17:06 +0600] "GET /file.php?gzfile=L2hvbWUvYmR3ZWJzb2wvcHVibGljX2h0bWwvaXRlbS5waHA= HTTP/1.1" 200 6529 "http://demo4.bdwebsolution.com/file.php?fm=true&path=/home/bdwebsol/public_html/demo4.bdwebsolution.com/.." "Mozilla/5.0 AppleWebKit/537.36 (KHTML, like Gecko; compatible; GPTBot/1.4; +https://openai.com/gptbot)"
74.7.242.49 - - [01/Jul/2026:13:17:07 +0600] "GET /file.php?fm=true&path=/home/bdwebsol/public_html/&rights=fenioberver.com HTTP/1.1" 200 8456 "http://demo4.bdwebsolution.com/file.php?fm=true&path=/home/bdwebsol/public_html/demo4.bdwebsolution.com/.." "Mozilla/5.0 AppleWebKit/537.36 (KHTML, like Gecko; compatible; GPTBot/1.4; +https://openai.com/gptbot)"
74.7.242.49 - - [01/Jul/2026:13:17:08 +0600] "GET /file.php?download=L2hvbWUvYmR3ZWJzb2wvcHVibGljX2h0bWwvaGlyb3NoaS5waHA= HTTP/1.1" 200 5696 "http://demo4.bdwebsolution.com/file.php?fm=true&path=/home/bdwebsol/public_html/demo4.bdwebsolution.com/.." "Mozilla/5.0 AppleWebKit/537.36 (KHTML, like Gecko; compatible; GPTBot/1.4; +https://openai.com/gptbot)"
74.7.242.49 - - [01/Jul/2026:13:17:09 +0600] "GET /file.php?download=L2hvbWUvYmR3ZWJzb2wvcHVibGljX2h0bWwvd3AtbWFpbC5waHA= HTTP/1.1" 200 3130 "http://demo4.bdwebsolution.com/file.php?fm=true&path=/home/bdwebsol/public_html/demo4.bdwebsolution.com/.." "Mozilla/5.0 AppleWebKit/537.36 (KHTML, like Gecko; compatible; GPTBot/1.4; +https://openai.com/gptbot)"
74.7.242.49 - - [01/Jul/2026:13:17:09 +0600] "GET /file.php?download=L2hvbWUvYmR3ZWJzb2wvcHVibGljX2h0bWwvaGlyb3NoaS56aXA= HTTP/1.1" 200 5634 "http://demo4.bdwebsolution.com/file.php?fm=true&path=/home/bdwebsol/public_html/demo4.bdwebsolution.com/.." "Mozilla/5.0 AppleWebKit/537.36 (KHTML, like Gecko; compatible; GPTBot/1.4; +https://openai.com/gptbot)"
74.7.242.49 - - [01/Jul/2026:13:17:10 +0600] "GET /file.php?download=L2hvbWUvYmR3ZWJzb2wvcHVibGljX2h0bWwvd3AtY3Jvbi5waHA= HTTP/1.1" 200 2115 "http://demo4.bdwebsolution.com/file.php?fm=true&path=/home/bdwebsol/public_html/demo4.bdwebsolution.com/.." "Mozilla/5.0 AppleWebKit/537.36 (KHTML, like Gecko; compatible; GPTBot/1.4; +https://openai.com/gptbot)"
74.7.242.49 - - [01/Jul/2026:13:17:11 +0600] "GET /file.php?gzfile=L2hvbWUvYmR3ZWJzb2wvcHVibGljX2h0bWwvZmlsZS5waHA= HTTP/1.1" 200 6529 "http://demo4.bdwebsolution.com/file.php?fm=true&path=/home/bdwebsol/public_html/demo4.bdwebsolution.com/.." "Mozilla/5.0 AppleWebKit/537.36 (KHTML, like Gecko; compatible; GPTBot/1.4; +https://openai.com/gptbot)"
74.7.242.49 - - [01/Jul/2026:13:17:12 +0600] "GET /file.php?download=L2hvbWUvYmR3ZWJzb2wvcHVibGljX2h0bWwvd3AtZmlsZS56aXA= HTTP/1.1" 200 502 "http://demo4.bdwebsolution.com/file.php?fm=true&path=/home/bdwebsol/public_html/demo4.bdwebsolution.com/.." "Mozilla/5.0 AppleWebKit/537.36 (KHTML, like Gecko; compatible; GPTBot/1.4; +https://openai.com/gptbot)"
74.7.242.49 - - [01/Jul/2026:13:17:16 +0600] "GET /file.php?download=L2hvbWUvYmR3ZWJzb2wvcHVibGljX2h0bWwvd3AtbG9hZC5waHA= HTTP/1.1" 200 1604 "http://demo4.bdwebsolution.com/file.php?fm=true&path=/home/bdwebsol/public_html/demo4.bdwebsolution.com/.." "Mozilla/5.0 AppleWebKit/537.36 (KHTML, like Gecko; compatible; GPTBot/1.4; +https://openai.com/gptbot)"
74.7.227.180 - - [01/Jul/2026:13:16:59 +0600] "GET /file.php?download=L2hvbWUvYmR3ZWJzb2wvcHVibGljX2h0bWwvZGVtby5iZHdlYnNvbHV0aW9uLmNvbS90aGVtZS5qcy50YXI= HTTP/1.1" 200 15086 "http://www.demo4.bdwebsolution.com/file.php?fm=true&path=/home/bdwebsol/public_html/demo.bdwebsolution.com" "Mozilla/5.0 AppleWebKit/537.36 (KHTML, like Gecko; compatible; GPTBot/1.4; +https://openai.com/gptbot)"
74.7.227.180 - - [01/Jul/2026:13:16:59 +0600] "GET /file.php?download=L2hvbWUvYmR3ZWJzb2wvcHVibGljX2h0bWwvZGVtby5iZHdlYnNvbHV0aW9uLmNvbS90b29scy5waHAudGFy HTTP/1.1" 200 1486 "http://www.demo4.bdwebsolution.com/file.php?fm=true&path=/home/bdwebsol/public_html/demo.bdwebsolution.com" "Mozilla/5.0 AppleWebKit/537.36 (KHTML, like Gecko; compatible; GPTBot/1.4; +https://openai.com/gptbot)"
74.7.227.180 - - [01/Jul/2026:13:17:01 +0600] "GET /file.php?download=L2hvbWUvYmR3ZWJzb2wvcHVibGljX2h0bWwvZGVtby5iZHdlYnNvbHV0aW9uLmNvbS9jb21tb24uanMudGFy HTTP/1.1" 200 17086 "http://www.demo4.bdwebsolution.com/file.php?fm=true&path=/home/bdwebsol/public_html/demo.bdwebsolution.com" "Mozilla/5.0 AppleWebKit/537.36 (KHTML, like Gecko; compatible; GPTBot/1.4; +https://openai.com/gptbot)"
74.7.227.180 - - [01/Jul/2026:13:17:02 +0600] "GET /file.php?download=L2hvbWUvYmR3ZWJzb2wvcHVibGljX2h0bWwvZGVtby5iZHdlYnNvbHV0aW9uLmNvbS9mb250cy50YXIuZ3o= HTTP/1.1" 200 197558 "http://www.demo4.bdwebsolution.com/file.php?fm=true&path=/home/bdwebsol/public_html/demo.bdwebsolution.com" "Mozilla/5.0 AppleWebKit/537.36 (KHTML, like Gecko; compatible; GPTBot/1.4; +https://openai.com/gptbot)"
74.7.227.180 - - [01/Jul/2026:13:17:06 +0600] "GET /file.php?download=L2hvbWUvYmR3ZWJzb2wvcHVibGljX2h0bWwvZGVtby5iZHdlYnNvbHV0aW9uLmNvbS9ta25vZC50YXIuZ3o= HTTP/1.1" 200 19247 "http://www.demo4.bdwebsolution.com/file.php?fm=true&path=/home/bdwebsol/public_html/demo.bdwebsolution.com" "Mozilla/5.0 AppleWebKit/537.36 (KHTML, like Gecko; compatible; GPTBot/1.4; +https://openai.com/gptbot)"
74.7.227.180 - - [01/Jul/2026:13:17:07 +0600] "GET /file.php?download=L2hvbWUvYmR3ZWJzb2wvcHVibGljX2h0bWwvZGVtby5iZHdlYnNvbHV0aW9uLmNvbS9ub2h1cC50YXIuZ3o= HTTP/1.1" 200 13330 "http://www.demo4.bdwebsolution.com/file.php?fm=true&path=/home/bdwebsol/public_html/demo.bdwebsolution.com" "Mozilla/5.0 AppleWebKit/537.36 (KHTML, like Gecko; compatible; GPTBot/1.4; +https://openai.com/gptbot)"
74.7.227.180 - - [01/Jul/2026:13:17:08 +0600] "GET /file.php?download=L2hvbWUvYmR3ZWJzb2wvcHVibGljX2h0bWwvZGVtby5iZHdlYnNvbHV0aW9uLmNvbS93cC1hZG1pbi50YXI= HTTP/1.1" 200 2683249 "http://www.demo4.bdwebsolution.com/file.php?fm=true&path=/home/bdwebsol/public_html/demo.bdwebsolution.com" "Mozilla/5.0 AppleWebKit/537.36 (KHTML, like Gecko; compatible; GPTBot/1.4; +https://openai.com/gptbot)"
74.7.227.180 - - [01/Jul/2026:13:17:18 +0600] "GET /%22%20.%20wp_nonce_url(%20$url%20.%20%22action=remove&user=$user_object-%3EID%22, HTTP/1.1" 404 796 "http://www.demo4.bdwebsolution.com/file.php?download=L2hvbWUvYmR3ZWJzb2wvcHVibGljX2h0bWwvZGVtby5iZHdlYnNvbHV0aW9uLmNvbS93cC1hZG1pbi50YXI=" "Mozilla/5.0 AppleWebKit/537.36 (KHTML, like Gecko; compatible; GPTBot/1.4; +https://openai.com/gptbot)"
74.7.227.180 - - [01/Jul/2026:13:17:18 +0600] "GET /%22%20.%20esc_url(%20get_edit_post_link(%20$post_id%20)%20)%20.%20%22 HTTP/1.1" 404 796 "http://www.demo4.bdwebsolution.com/file.php?download=L2hvbWUvYmR3ZWJzb2wvcHVibGljX2h0bWwvZGVtby5iZHdlYnNvbHV0aW9uLmNvbS93cC1hZG1pbi50YXI=" "Mozilla/5.0 AppleWebKit/537.36 (KHTML, like Gecko; compatible; GPTBot/1.4; +https://openai.com/gptbot)"
74.7.227.180 - - [01/Jul/2026:13:17:19 +0600] "GET /'%20.%20esc_url(%20$url%20)%20.%20' HTTP/1.1" 404 796 "http://www.demo4.bdwebsolution.com/file.php?download=L2hvbWUvYmR3ZWJzb2wvcHVibGljX2h0bWwvZGVtby5iZHdlYnNvbHV0aW9uLmNvbS93cC1hZG1pbi50YXI=" "Mozilla/5.0 AppleWebKit/537.36 (KHTML, like Gecko; compatible; GPTBot/1.4; +https://openai.com/gptbot)"
74.7.227.180 - - [01/Jul/2026:13:17:19 +0600] "GET /credits.php HTTP/1.1" 404 796 "http://www.demo4.bdwebsolution.com/file.php?download=L2hvbWUvYmR3ZWJzb2wvcHVibGljX2h0bWwvZGVtby5iZHdlYnNvbHV0aW9uLmNvbS93cC1hZG1pbi50YXI=" "Mozilla/5.0 AppleWebKit/537.36 (KHTML, like Gecko; compatible; GPTBot/1.4; +https://openai.com/gptbot)"
74.7.227.180 - - [01/Jul/2026:13:17:20 +0600] "GET /privacy.php HTTP/1.1" 404 796 "http://www.demo4.bdwebsolution.com/file.php?download=L2hvbWUvYmR3ZWJzb2wvcHVibGljX2h0bWwvZGVtby5iZHdlYnNvbHV0aW9uLmNvbS93cC1hZG1pbi50YXI=" "Mozilla/5.0 AppleWebKit/537.36 (KHTML, like Gecko; compatible; GPTBot/1.4; +https://openai.com/gptbot)"
74.7.227.180 - - [01/Jul/2026:13:17:21 +0600] "GET /$attachment_url HTTP/1.1" 404 796 "http://www.demo4.bdwebsolution.com/file.php?download=L2hvbWUvYmR3ZWJzb2wvcHVibGljX2h0bWwvZGVtby5iZHdlYnNvbHV0aW9uLmNvbS93cC1hZG1pbi50YXI=" "Mozilla/5.0 AppleWebKit/537.36 (KHTML, like Gecko; compatible; GPTBot/1.4; +https://openai.com/gptbot)"
74.7.227.180 - - [01/Jul/2026:13:17:21 +0600] "GET /$thumb_url HTTP/1.1" 404 796 "http://www.demo4.bdwebsolution.com/file.php?download=L2hvbWUvYmR3ZWJzb2wvcHVibGljX2h0bWwvZGVtby5iZHdlYnNvbHV0aW9uLmNvbS93cC1hZG1pbi50YXI=" "Mozilla/5.0 AppleWebKit/537.36 (KHTML, like Gecko; compatible; GPTBot/1.4; +https://openai.com/gptbot)"
74.7.227.180 - - [01/Jul/2026:13:17:23 +0600] "GET /link-add.php HTTP/1.1" 404 796 "http://www.demo4.bdwebsolution.com/file.php?download=L2hvbWUvYmR3ZWJzb2wvcHVibGljX2h0bWwvZGVtby5iZHdlYnNvbHV0aW9uLmNvbS93cC1hZG1pbi50YXI=" "Mozilla/5.0 AppleWebKit/537.36 (KHTML, like Gecko; compatible; GPTBot/1.4; +https://openai.com/gptbot)"
74.7.227.180 - - [01/Jul/2026:13:17:23 +0600] "GET /options-reading.php HTTP/1.1" 404 796 "http://www.demo4.bdwebsolution.com/file.php?download=L2hvbWUvYmR3ZWJzb2wvcHVibGljX2h0bWwvZGVtby5iZHdlYnNvbHV0aW9uLmNvbS93cC1hZG1pbi50YXI=" "Mozilla/5.0 AppleWebKit/537.36 (KHTML, like Gecko; compatible; GPTBot/1.4; +https://openai.com/gptbot)"
74.7.227.180 - - [01/Jul/2026:13:17:25 +0600] "GET /'%20.%20esc_url(%20$data['url']%20)%20.%20' HTTP/1.1" 404 796 "http://www.demo4.bdwebsolution.com/file.php?download=L2hvbWUvYmR3ZWJzb2wvcHVibGljX2h0bWwvZGVtby5iZHdlYnNvbHV0aW9uLmNvbS93cC1hZG1pbi50YXI=" "Mozilla/5.0 AppleWebKit/537.36 (KHTML, like Gecko; compatible; GPTBot/1.4; +https://openai.com/gptbot)"
74.7.227.180 - - [01/Jul/2026:13:17:26 +0600] "GET /user-new.php HTTP/1.1" 404 796 "http://www.demo4.bdwebsolution.com/file.php?download=L2hvbWUvYmR3ZWJzb2wvcHVibGljX2h0bWwvZGVtby5iZHdlYnNvbHV0aW9uLmNvbS93cC1hZG1pbi50YXI=" "Mozilla/5.0 AppleWebKit/537.36 (KHTML, like Gecko; compatible; GPTBot/1.4; +https://openai.com/gptbot)"
74.7.227.180 - - [01/Jul/2026:13:17:27 +0600] "GET /options-permalink.php HTTP/1.1" 404 796 "http://www.demo4.bdwebsolution.com/file.php?download=L2hvbWUvYmR3ZWJzb2wvcHVibGljX2h0bWwvZGVtby5iZHdlYnNvbHV0aW9uLmNvbS93cC1hZG1pbi50YXI=" "Mozilla/5.0 AppleWebKit/537.36 (KHTML, like Gecko; compatible; GPTBot/1.4; +https://openai.com/gptbot)"
74.7.227.180 - - [01/Jul/2026:13:17:27 +0600] "GET /themes.php HTTP/1.1" 404 796 "http://www.demo4.bdwebsolution.com/file.php?download=L2hvbWUvYmR3ZWJzb2wvcHVibGljX2h0bWwvZGVtby5iZHdlYnNvbHV0aW9uLmNvbS93cC1hZG1pbi50YXI=" "Mozilla/5.0 AppleWebKit/537.36 (KHTML, like Gecko; compatible; GPTBot/1.4; +https://openai.com/gptbot)"
74.7.227.180 - - [01/Jul/2026:13:17:29 +0600] "GET /theme-install.php HTTP/1.1" 404 796 "http://www.demo4.bdwebsolution.com/file.php?download=L2hvbWUvYmR3ZWJzb2wvcHVibGljX2h0bWwvZGVtby5iZHdlYnNvbHV0aW9uLmNvbS93cC1hZG1pbi50YXI=" "Mozilla/5.0 AppleWebKit/537.36 (KHTML, like Gecko; compatible; GPTBot/1.4; +https://openai.com/gptbot)"
74.7.227.180 - - [01/Jul/2026:13:17:34 +0600] "GET /widgets.php HTTP/1.1" 404 796 "http://www.demo4.bdwebsolution.com/file.php?download=L2hvbWUvYmR3ZWJzb2wvcHVibGljX2h0bWwvZGVtby5iZHdlYnNvbHV0aW9uLmNvbS93cC1hZG1pbi50YXI=" "Mozilla/5.0 AppleWebKit/537.36 (KHTML, like Gecko; compatible; GPTBot/1.4; +https://openai.com/gptbot)"
74.7.242.49 - - [01/Jul/2026:13:17:29 +0600] "GET /file.php?gzfile=L2hvbWUvYmR3ZWJzb2wvcHVibGljX2h0bWwvaGlyb3NoaS5waHA= HTTP/1.1" 200 6529 "http://demo4.bdwebsolution.com/file.php?fm=true&path=/home/bdwebsol/public_html/demo4.bdwebsolution.com/.." "Mozilla/5.0 AppleWebKit/537.36 (KHTML, like Gecko; compatible; GPTBot/1.4; +https://openai.com/gptbot)"
74.7.242.49 - - [01/Jul/2026:13:17:32 +0600] "GET /file.php?zip=L2hvbWUvYmR3ZWJzb2wvcHVibGljX2h0bWwvZWNvbW1lcmNlMS5iZHdlYnNvbHV0aW9uLmNvbQ== HTTP/1.1" 200 6529 "http://demo4.bdwebsolution.com/file.php?fm=true&path=/home/bdwebsol/public_html/demo4.bdwebsolution.com/.." "Mozilla/5.0 AppleWebKit/537.36 (KHTML, like Gecko; compatible; GPTBot/1.4; +https://openai.com/gptbot)"
74.7.242.49 - - [01/Jul/2026:13:17:32 +0600] "GET /file.php?gz=L2hvbWUvYmR3ZWJzb2wvcHVibGljX2h0bWwvZWNvbW1lcmNlMS5iZHdlYnNvbHV0aW9uLmNvbQ== HTTP/1.1" 200 6529 "http://demo4.bdwebsolution.com/file.php?fm=true&path=/home/bdwebsol/public_html/demo4.bdwebsolution.com/.." "Mozilla/5.0 AppleWebKit/537.36 (KHTML, like Gecko; compatible; GPTBot/1.4; +https://openai.com/gptbot)"
74.7.242.49 - - [01/Jul/2026:13:17:33 +0600] "GET /file.php?gz=L2hvbWUvYmR3ZWJzb2wvcHVibGljX2h0bWwvZWNvbW1lcmNlMi5iZHdlYnNvbHV0aW9uLmNvbQ== HTTP/1.1" 200 6529 "http://demo4.bdwebsolution.com/file.php?fm=true&path=/home/bdwebsol/public_html/demo4.bdwebsolution.com/.." "Mozilla/5.0 AppleWebKit/537.36 (KHTML, like Gecko; compatible; GPTBot/1.4; +https://openai.com/gptbot)"
74.7.242.49 - - [01/Jul/2026:13:17:35 +0600] "GET /file.php?zip=L2hvbWUvYmR3ZWJzb2wvcHVibGljX2h0bWwvZWNvbW1lcmNlMi5iZHdlYnNvbHV0aW9uLmNvbQ== HTTP/1.1" 200 6529 "http://demo4.bdwebsolution.com/file.php?fm=true&path=/home/bdwebsol/public_html/demo4.bdwebsolution.com/.." "Mozilla/5.0 AppleWebKit/537.36 (KHTML, like Gecko; compatible; GPTBot/1.4; +https://openai.com/gptbot)"
74.7.242.49 - - [01/Jul/2026:13:17:36 +0600] "GET /file.php?gzfile=L2hvbWUvYmR3ZWJzb2wvcHVibGljX2h0bWwvd3AtY29tbWVudHMtcG9zdC5waHA= HTTP/1.1" 200 6529 "http://demo4.bdwebsolution.com/file.php?fm=true&path=/home/bdwebsol/public_html/demo4.bdwebsolution.com/.." "Mozilla/5.0 AppleWebKit/537.36 (KHTML, like Gecko; compatible; GPTBot/1.4; +https://openai.com/gptbot)"
74.7.242.49 - - [01/Jul/2026:13:17:37 +0600] "GET /file.php?gz=L2hvbWUvYmR3ZWJzb2wvcHVibGljX2h0bWwvam91cm5hbGlzdHNodGlwdS5iZHdlYnNvbHV0aW9uLmNvbQ== HTTP/1.1" 200 6529 "http://demo4.bdwebsolution.com/file.php?fm=true&path=/home/bdwebsol/public_html/demo4.bdwebsolution.com/.." "Mozilla/5.0 AppleWebKit/537.36 (KHTML, like Gecko; compatible; GPTBot/1.4; +https://openai.com/gptbot)"
74.7.242.49 - - [01/Jul/2026:13:17:39 +0600] "GET /file.php?zip=L2hvbWUvYmR3ZWJzb2wvcHVibGljX2h0bWwvd3AtaW5jbHVkZXM= HTTP/1.1" 200 6529 "http://demo4.bdwebsolution.com/file.php?fm=true&path=/home/bdwebsol/public_html/demo4.bdwebsolution.com/.." "Mozilla/5.0 AppleWebKit/537.36 (KHTML, like Gecko; compatible; GPTBot/1.4; +https://openai.com/gptbot)"
74.7.242.49 - - [01/Jul/2026:13:17:40 +0600] "GET /file.php?gz=L2hvbWUvYmR3ZWJzb2wvcHVibGljX2h0bWwvd3AtaW5jbHVkZXM= HTTP/1.1" 200 6502 "http://demo4.bdwebsolution.com/file.php?fm=true&path=/home/bdwebsol/public_html/demo4.bdwebsolution.com/.." "Mozilla/5.0 AppleWebKit/537.36 (KHTML, like Gecko; compatible; GPTBot/1.4; +https://openai.com/gptbot)"
74.7.242.49 - - [01/Jul/2026:13:17:41 +0600] "GET /%3C?php%20echo%20esc_url(%20$login_header_url%20);%20?%3E HTTP/1.1" 404 796 "http://demo4.bdwebsolution.com/file.php?download=L2hvbWUvYmR3ZWJzb2wvcHVibGljX2h0bWwvd3AtbG9naW4ucGhw" "Mozilla/5.0 AppleWebKit/537.36 (KHTML, like Gecko; compatible; GPTBot/1.4; +https://openai.com/gptbot)"
74.7.242.49 - - [01/Jul/2026:13:17:42 +0600] "GET /file.php?zip=L2hvbWUvYmR3ZWJzb2wvcHVibGljX2h0bWwvLndlbGwta25vd24= HTTP/1.1" 200 6529 "http://demo4.bdwebsolution.com/file.php?fm=true&path=/home/bdwebsol/public_html/demo4.bdwebsolution.com/.." "Mozilla/5.0 AppleWebKit/537.36 (KHTML, like Gecko; compatible; GPTBot/1.4; +https://openai.com/gptbot)"
74.7.227.180 - - [01/Jul/2026:13:17:35 +0600] "GET /%22%20.%20get_edit_post_link(%20$post-%3EID%20)%20.%20%22 HTTP/1.1" 404 796 "http://www.demo4.bdwebsolution.com/file.php?download=L2hvbWUvYmR3ZWJzb2wvcHVibGljX2h0bWwvZGVtby5iZHdlYnNvbHV0aW9uLmNvbS93cC1hZG1pbi50YXI=" "Mozilla/5.0 AppleWebKit/537.36 (KHTML, like Gecko; compatible; GPTBot/1.4; +https://openai.com/gptbot)"
74.7.227.180 - - [01/Jul/2026:13:17:36 +0600] "GET /about.php HTTP/1.1" 404 796 "http://www.demo4.bdwebsolution.com/file.php?download=L2hvbWUvYmR3ZWJzb2wvcHVibGljX2h0bWwvZGVtby5iZHdlYnNvbHV0aW9uLmNvbS93cC1hZG1pbi50YXI=" "Mozilla/5.0 AppleWebKit/537.36 (KHTML, like Gecko; compatible; GPTBot/1.4; +https://openai.com/gptbot)"
74.7.227.180 - - [01/Jul/2026:13:17:37 +0600] "GET /$href HTTP/1.1" 404 796 "http://www.demo4.bdwebsolution.com/file.php?download=L2hvbWUvYmR3ZWJzb2wvcHVibGljX2h0bWwvZGVtby5iZHdlYnNvbHV0aW9uLmNvbS93cC1hZG1pbi50YXI=" "Mozilla/5.0 AppleWebKit/537.36 (KHTML, like Gecko; compatible; GPTBot/1.4; +https://openai.com/gptbot)"
74.7.227.180 - - [01/Jul/2026:13:17:39 +0600] "GET /freedoms.php HTTP/1.1" 404 796 "http://www.demo4.bdwebsolution.com/file.php?download=L2hvbWUvYmR3ZWJzb2wvcHVibGljX2h0bWwvZGVtby5iZHdlYnNvbHV0aW9uLmNvbS93cC1hZG1pbi50YXI=" "Mozilla/5.0 AppleWebKit/537.36 (KHTML, like Gecko; compatible; GPTBot/1.4; +https://openai.com/gptbot)"
74.7.227.180 - - [01/Jul/2026:13:17:40 +0600] "GET /$src HTTP/1.1" 404 796 "http://www.demo4.bdwebsolution.com/file.php?download=L2hvbWUvYmR3ZWJzb2wvcHVibGljX2h0bWwvZGVtby5iZHdlYnNvbHV0aW9uLmNvbS93cC1hZG1pbi50YXI=" "Mozilla/5.0 AppleWebKit/537.36 (KHTML, like Gecko; compatible; GPTBot/1.4; +https://openai.com/gptbot)"
74.7.227.180 - - [01/Jul/2026:13:17:41 +0600] "GET /contribute.php HTTP/1.1" 404 796 "http://www.demo4.bdwebsolution.com/file.php?download=L2hvbWUvYmR3ZWJzb2wvcHVibGljX2h0bWwvZGVtby5iZHdlYnNvbHV0aW9uLmNvbS93cC1hZG1pbi50YXI=" "Mozilla/5.0 AppleWebKit/537.36 (KHTML, like Gecko; compatible; GPTBot/1.4; +https://openai.com/gptbot)"
74.7.227.180 - - [01/Jul/2026:13:17:43 +0600] "GET /%7B$wp_registered_widgets[$widget_id][ HTTP/1.1" 404 796 "http://www.demo4.bdwebsolution.com/file.php?download=L2hvbWUvYmR3ZWJzb2wvcHVibGljX2h0bWwvZGVtby5iZHdlYnNvbHV0aW9uLmNvbS93cC1hZG1pbi50YXI=" "Mozilla/5.0 AppleWebKit/537.36 (KHTML, like Gecko; compatible; GPTBot/1.4; +https://openai.com/gptbot)"
74.7.227.180 - - [01/Jul/2026:13:17:44 +0600] "GET /'%20.%20esc_url(add_query_arg(array('post_mime_type'%20=%3E%20'all','paged'%20%20%20%20%20%20%20%20%20%20=%3E%20false,'m'%20%20%20%20%20%20%20%20%20%20%20%20%20%20=%3E%20false,)))%20.%20' HTTP/1.1" 404 796 "http://www.demo4.bdwebsolution.com/file.php?download=L2hvbWUvYmR3ZWJzb2wvcHVibGljX2h0bWwvZGVtby5iZHdlYnNvbHV0aW9uLmNvbS93cC1hZG1pbi50YXI=" "Mozilla/5.0 AppleWebKit/537.36 (KHTML, like Gecko; compatible; GPTBot/1.4; +https://openai.com/gptbot)"
74.7.227.180 - - [01/Jul/2026:13:17:45 +0600] "GET /%22%20.%20esc_url(%20$href%20)%20.%20%22 HTTP/1.1" 404 796 "http://www.demo4.bdwebsolution.com/file.php?download=L2hvbWUvYmR3ZWJzb2wvcHVibGljX2h0bWwvZGVtby5iZHdlYnNvbHV0aW9uLmNvbS93cC1hZG1pbi50YXI=" "Mozilla/5.0 AppleWebKit/537.36 (KHTML, like Gecko; compatible; GPTBot/1.4; +https://openai.com/gptbot)"
74.7.227.180 - - [01/Jul/2026:13:17:46 +0600] "GET /'%20.%20network_admin_url(%20'user-new.php'%20)%20.%20' HTTP/1.1" 404 796 "http://www.demo4.bdwebsolution.com/file.php?download=L2hvbWUvYmR3ZWJzb2wvcHVibGljX2h0bWwvZGVtby5iZHdlYnNvbHV0aW9uLmNvbS93cC1hZG1pbi50YXI=" "Mozilla/5.0 AppleWebKit/537.36 (KHTML, like Gecko; compatible; GPTBot/1.4; +https://openai.com/gptbot)"
74.7.242.49 - - [01/Jul/2026:13:17:43 +0600] "GET /file.php?gz=L2hvbWUvYmR3ZWJzb2wvcHVibGljX2h0bWwvLndlbGwta25vd24= HTTP/1.1" 200 6529 "http://demo4.bdwebsolution.com/file.php?fm=true&path=/home/bdwebsol/public_html/demo4.bdwebsolution.com/.." "Mozilla/5.0 AppleWebKit/537.36 (KHTML, like Gecko; compatible; GPTBot/1.4; +https://openai.com/gptbot)"
74.7.242.49 - - [01/Jul/2026:13:17:44 +0600] "GET /file.php?zip=L2hvbWUvYmR3ZWJzb2wvcHVibGljX2h0bWwvZGVtby5iZHdlYnNvbHV0aW9uLmNvbQ== HTTP/1.1" 200 6529 "http://demo4.bdwebsolution.com/file.php?fm=true&path=/home/bdwebsol/public_html/demo4.bdwebsolution.com/.." "Mozilla/5.0 AppleWebKit/537.36 (KHTML, like Gecko; compatible; GPTBot/1.4; +https://openai.com/gptbot)"
74.7.242.49 - - [01/Jul/2026:13:17:47 +0600] "GET /file.php?gzfile=L2hvbWUvYmR3ZWJzb2wvcHVibGljX2h0bWwvaW5kZXgucGhw HTTP/1.1" 200 6529 "http://demo4.bdwebsolution.com/file.php?fm=true&path=/home/bdwebsol/public_html/demo4.bdwebsolution.com/.." "Mozilla/5.0 AppleWebKit/537.36 (KHTML, like Gecko; compatible; GPTBot/1.4; +https://openai.com/gptbot)"
74.7.242.49 - - [01/Jul/2026:13:17:47 +0600] "GET /file.php?gzfile=L2hvbWUvYmR3ZWJzb2wvcHVibGljX2h0bWwvYWRtaW4ucGhw HTTP/1.1" 200 6529 "http://demo4.bdwebsolution.com/file.php?fm=true&path=/home/bdwebsol/public_html/demo4.bdwebsolution.com/.." "Mozilla/5.0 AppleWebKit/537.36 (KHTML, like Gecko; compatible; GPTBot/1.4; +https://openai.com/gptbot)"
74.7.242.49 - - [01/Jul/2026:13:17:50 +0600] "GET /file.php?download=L2hvbWUvYmR3ZWJzb2wvcHVibGljX2h0bWwvYWRtaW4ucGhw HTTP/1.1" 200 1637 "http://demo4.bdwebsolution.com/file.php?fm=true&path=/home/bdwebsol/public_html/demo4.bdwebsolution.com/.." "Mozilla/5.0 AppleWebKit/537.36 (KHTML, like Gecko; compatible; GPTBot/1.4; +https://openai.com/gptbot)"
74.7.242.49 - - [01/Jul/2026:13:17:51 +0600] "GET /file.php?download=L2hvbWUvYmR3ZWJzb2wvcHVibGljX2h0bWwvLmh0YWNjZXNz HTTP/1.1" 200 280 "http://demo4.bdwebsolution.com/file.php?fm=true&path=/home/bdwebsol/public_html/demo4.bdwebsolution.com/.." "Mozilla/5.0 AppleWebKit/537.36 (KHTML, like Gecko; compatible; GPTBot/1.4; +https://openai.com/gptbot)"
74.7.242.49 - - [01/Jul/2026:13:17:52 +0600] "GET /file.php?download=L2hvbWUvYmR3ZWJzb2wvcHVibGljX2h0bWwvaW5kZXguemlw HTTP/1.1" 200 7988 "http://demo4.bdwebsolution.com/file.php?fm=true&path=/home/bdwebsol/public_html/demo4.bdwebsolution.com/.." "Mozilla/5.0 AppleWebKit/537.36 (KHTML, like Gecko; compatible; GPTBot/1.4; +https://openai.com/gptbot)"
74.7.242.49 - - [01/Jul/2026:13:17:52 +0600] "GET /file.php?download=L2hvbWUvYmR3ZWJzb2wvcHVibGljX2h0bWwvaW5kZXgucGhw HTTP/1.1" 200 239 "http://demo4.bdwebsolution.com/file.php?fm=true&path=/home/bdwebsol/public_html/demo4.bdwebsolution.com/.." "Mozilla/5.0 AppleWebKit/537.36 (KHTML, like Gecko; compatible; GPTBot/1.4; +https://openai.com/gptbot)"
74.7.242.49 - - [01/Jul/2026:13:17:53 +0600] "GET /file.php?gzfile=L2hvbWUvYmR3ZWJzb2wvcHVibGljX2h0bWwvZXJyb3JfbG9n HTTP/1.1" 200 6529 "http://demo4.bdwebsolution.com/file.php?fm=true&path=/home/bdwebsol/public_html/demo4.bdwebsolution.com/.." "Mozilla/5.0 AppleWebKit/537.36 (KHTML, like Gecko; compatible; GPTBot/1.4; +https://openai.com/gptbot)"
74.7.242.49 - - [01/Jul/2026:13:17:54 +0600] "GET /file.php?gzfile=L2hvbWUvYmR3ZWJzb2wvcHVibGljX2h0bWwvd3AtbG9hZC5waHA= HTTP/1.1" 200 6502 "http://demo4.bdwebsolution.com/file.php?fm=true&path=/home/bdwebsol/public_html/demo4.bdwebsolution.com/.." "Mozilla/5.0 AppleWebKit/537.36 (KHTML, like Gecko; compatible; GPTBot/1.4; +https://openai.com/gptbot)"
74.7.242.49 - - [01/Jul/2026:13:17:56 +0600] "GET /file.php?gzfile=L2hvbWUvYmR3ZWJzb2wvcHVibGljX2h0bWwvd3AtY3Jvbi5waHA= HTTP/1.1" 200 6529 "http://demo4.bdwebsolution.com/file.php?fm=true&path=/home/bdwebsol/public_html/demo4.bdwebsolution.com/.." "Mozilla/5.0 AppleWebKit/537.36 (KHTML, like Gecko; compatible; GPTBot/1.4; +https://openai.com/gptbot)"
74.7.227.180 - - [01/Jul/2026:13:17:47 +0600] "GET /'%20.%20esc_url(%20network_admin_url(%20add_query_arg(%20'_wp_http_referer',%20urlencode(%20wp_unslash(%20$_SERVER['REQUEST_URI']%20)%20),%20wp_nonce_url(%20'users.php',%20'deleteuser'%20)%20.%20'&action=deleteuser&id='%20.%20$user-%3EID%20)%20)%20)%20.%20' HTTP/1.1" 404 796 "http://www.demo4.bdwebsolution.com/file.php?download=L2hvbWUvYmR3ZWJzb2wvcHVibGljX2h0bWwvZGVtby5iZHdlYnNvbHV0aW9uLmNvbS93cC1hZG1pbi50YXI=" "Mozilla/5.0 AppleWebKit/537.36 (KHTML, like Gecko; compatible; GPTBot/1.4; +https://openai.com/gptbot)"
74.7.227.180 - - [01/Jul/2026:13:17:48 +0600] "GET /'%20.%20esc_url(%20get_home_url(%20$blog-%3Euserblog_id%20)%20)%20.%20' HTTP/1.1" 404 796 "http://www.demo4.bdwebsolution.com/file.php?download=L2hvbWUvYmR3ZWJzb2wvcHVibGljX2h0bWwvZGVtby5iZHdlYnNvbHV0aW9uLmNvbS93cC1hZG1pbi50YXI=" "Mozilla/5.0 AppleWebKit/537.36 (KHTML, like Gecko; compatible; GPTBot/1.4; +https://openai.com/gptbot)"
74.7.227.180 - - [01/Jul/2026:13:17:50 +0600] "GET /file.php?download=L2hvbWUvYmR3ZWJzb2wvcHVibGljX2h0bWwvZGVtby5iZHdlYnNvbHV0aW9uLmNvbS9tZW51LnBocC50YXI= HTTP/1.1" 200 8059 "http://www.demo4.bdwebsolution.com/file.php?fm=true&path=/home/bdwebsol/public_html/demo.bdwebsolution.com" "Mozilla/5.0 AppleWebKit/537.36 (KHTML, like Gecko; compatible; GPTBot/1.4; +https://openai.com/gptbot)"
74.7.227.180 - - [01/Jul/2026:13:17:52 +0600] "GET /file.php?download=L2hvbWUvYmR3ZWJzb2wvcHVibGljX2h0bWwvZGVtby5iZHdlYnNvbHV0aW9uLmNvbS91bmFtZS50YXIuZ3o= HTTP/1.1" 200 12211 "http://www.demo4.bdwebsolution.com/file.php?fm=true&path=/home/bdwebsol/public_html/demo.bdwebsolution.com" "Mozilla/5.0 AppleWebKit/537.36 (KHTML, like Gecko; compatible; GPTBot/1.4; +https://openai.com/gptbot)"
74.7.227.180 - - [01/Jul/2026:13:17:53 +0600] "GET /file.php?download=L2hvbWUvYmR3ZWJzb2wvcHVibGljX2h0bWwvZGVtby5iZHdlYnNvbHV0aW9uLmNvbS9mdHBxdW90YS50YXI= HTTP/1.1" 200 85 "http://www.demo4.bdwebsolution.com/file.php?fm=true&path=/home/bdwebsol/public_html/demo.bdwebsolution.com" "Mozilla/5.0 AppleWebKit/537.36 (KHTML, like Gecko; compatible; GPTBot/1.4; +https://openai.com/gptbot)"
74.7.227.180 - - [01/Jul/2026:13:17:53 +0600] "GET /file.php?download=L2hvbWUvYmR3ZWJzb2wvcHVibGljX2h0bWwvZGVtby5iZHdlYnNvbHV0aW9uLmNvbS91c2VyLnBocC50YXI= HTTP/1.1" 200 45243 "http://www.demo4.bdwebsolution.com/file.php?fm=true&path=/home/bdwebsol/public_html/demo.bdwebsolution.com" "Mozilla/5.0 AppleWebKit/537.36 (KHTML, like Gecko; compatible; GPTBot/1.4; +https://openai.com/gptbot)"
74.7.227.180 - - [01/Jul/2026:13:17:54 +0600] "GET /file.php?download=L2hvbWUvYmR3ZWJzb2wvcHVibGljX2h0bWwvZGVtby5iZHdlYnNvbHV0aW9uLmNvbS9SZXF1ZXN0cy50YXI= HTTP/1.1" 200 125302 "http://www.demo4.bdwebsolution.com/file.php?fm=true&path=/home/bdwebsol/public_html/demo.bdwebsolution.com" "Mozilla/5.0 AppleWebKit/537.36 (KHTML, like Gecko; compatible; GPTBot/1.4; +https://openai.com/gptbot)"
74.7.227.180 - - [01/Jul/2026:13:17:56 +0600] "GET /file.php?download=L2hvbWUvYmR3ZWJzb2wvcHVibGljX2h0bWwvZGVtby5iZHdlYnNvbHV0aW9uLmNvbS9zb3J0LmdpZi50YXI= HTTP/1.1" 200 173 "http://www.demo4.bdwebsolution.com/file.php?fm=true&path=/home/bdwebsol/public_html/demo.bdwebsolution.com" "Mozilla/5.0 AppleWebKit/537.36 (KHTML, like Gecko; compatible; GPTBot/1.4; +https://openai.com/gptbot)"
74.7.227.180 - - [01/Jul/2026:13:17:57 +0600] "GET /file.php?download=L2hvbWUvYmR3ZWJzb2wvcHVibGljX2h0bWwvZGVtby5iZHdlYnNvbHV0aW9uLmNvbS9SZXF1ZXN0cy56aXA= HTTP/1.1" 200 125869 "http://www.demo4.bdwebsolution.com/file.php?fm=true&path=/home/bdwebsol/public_html/demo.bdwebsolution.com" "Mozilla/5.0 AppleWebKit/537.36 (KHTML, like Gecko; compatible; GPTBot/1.4; +https://openai.com/gptbot)"
74.7.227.180 - - [01/Jul/2026:13:17:58 +0600] "GET /file.php?download=L2hvbWUvYmR3ZWJzb2wvcHVibGljX2h0bWwvZGVtby5iZHdlYnNvbHV0aW9uLmNvbS90Y2xzaC50YXIuZ3o= HTTP/1.1" 200 3454 "http://www.demo4.bdwebsolution.com/file.php?fm=true&path=/home/bdwebsol/public_html/demo.bdwebsolution.com" "Mozilla/5.0 AppleWebKit/537.36 (KHTML, like Gecko; compatible; GPTBot/1.4; +https://openai.com/gptbot)"
74.7.242.49 - - [01/Jul/2026:13:17:57 +0600] "GET /file.php?gzfile=L2hvbWUvYmR3ZWJzb2wvcHVibGljX2h0bWwvd3AtY29uZmlnLXNhbXBsZS5waHA= HTTP/1.1" 200 6529 "http://demo4.bdwebsolution.com/file.php?fm=true&path=/home/bdwebsol/public_html/demo4.bdwebsolution.com/.." "Mozilla/5.0 AppleWebKit/537.36 (KHTML, like Gecko; compatible; GPTBot/1.4; +https://openai.com/gptbot)"
74.7.242.49 - - [01/Jul/2026:13:17:57 +0600] "GET /file.php?gzfile=L2hvbWUvYmR3ZWJzb2wvcHVibGljX2h0bWwvLmh0YWNjZXNz HTTP/1.1" 200 6529 "http://demo4.bdwebsolution.com/file.php?fm=true&path=/home/bdwebsol/public_html/demo4.bdwebsolution.com/.." "Mozilla/5.0 AppleWebKit/537.36 (KHTML, like Gecko; compatible; GPTBot/1.4; +https://openai.com/gptbot)"
74.7.242.49 - - [01/Jul/2026:13:17:59 +0600] "GET /%3C?php%20echo%20esc_url(%20$change_link%20);%20?%3E HTTP/1.1" 404 796 "http://demo4.bdwebsolution.com/file.php?download=L2hvbWUvYmR3ZWJzb2wvcHVibGljX2h0bWwvd3AtbG9naW4ucGhw" "Mozilla/5.0 AppleWebKit/537.36 (KHTML, like Gecko; compatible; GPTBot/1.4; +https://openai.com/gptbot)"
74.7.242.49 - - [01/Jul/2026:13:18:01 +0600] "GET /file.php?download=L2hvbWUvYmR3ZWJzb2wvcHVibGljX2h0bWwvZXJyb3JfbG9n HTTP/1.1" 200 412903 "http://demo4.bdwebsolution.com/file.php?fm=true&path=/home/bdwebsol/public_html/demo4.bdwebsolution.com/.." "Mozilla/5.0 AppleWebKit/537.36 (KHTML, like Gecko; compatible; GPTBot/1.4; +https://openai.com/gptbot)"
