File manager - Edit - /usr/local/apache/domlogs/bdwebsol/demo.bdwebsolution.com-ssl_log
Back
81.171.74.60 - - [01/Jul/2026:06:55:57 +0600] "POST / HTTP/1.1" 200 838 "-" "Go-http-client/1.1"
176.65.148.30 - - [01/Jul/2026:06:55:57 +0600] "GET / HTTP/1.1" 200 842 "-" "Mozilla/5.0 (compatible; CT-WP-Scanner/1.0; +https://example.com/bot)"
81.171.74.60 - - [01/Jul/2026:06:55:58 +0600] "GET /database.sql HTTP/1.1" 404 796 "-" "Go-http-client/1.1"
81.171.74.60 - - [01/Jul/2026:06:55:58 +0600] "GET /docker-compose.yml HTTP/1.1" 404 796 "-" "Go-http-client/1.1"
81.171.74.60 - - [01/Jul/2026:06:55:58 +0600] "GET /server.key HTTP/1.1" 404 796 "-" "Go-http-client/1.1"
81.171.74.60 - - [01/Jul/2026:06:55:58 +0600] "GET /etc/ssl/private/server.key HTTP/1.1" 404 796 "-" "Go-http-client/1.1"
81.171.74.60 - - [01/Jul/2026:06:55:58 +0600] "GET /.vscode/sftp.json HTTP/1.1" 404 796 "-" "Go-http-client/1.1"
81.171.74.60 - - [01/Jul/2026:06:55:58 +0600] "GET /secrets.json HTTP/1.1" 404 796 "-" "Go-http-client/1.1"
81.171.74.60 - - [01/Jul/2026:06:55:59 +0600] "GET /.bash_history HTTP/1.1" 404 796 "-" "Go-http-client/1.1"
81.171.74.60 - - [01/Jul/2026:06:55:59 +0600] "GET /wp-config.php HTTP/1.1" 404 796 "-" "Go-http-client/1.1"
81.171.74.60 - - [01/Jul/2026:06:55:59 +0600] "GET /.ssh/id_ecdsa HTTP/1.1" 404 796 "-" "Go-http-client/1.1"
176.65.148.30 - - [01/Jul/2026:06:55:59 +0600] "GET /xmlrpc.php?rsd HTTP/1.1" 404 796 "-" "Mozilla/5.0 (compatible; CT-WP-Scanner/1.0; +https://example.com/bot)"
81.171.74.60 - - [01/Jul/2026:06:55:59 +0600] "GET /_vti_pvt/service.pwd HTTP/1.1" 404 796 "-" "Go-http-client/1.1"
81.171.74.60 - - [01/Jul/2026:06:55:59 +0600] "GET /api/.env HTTP/1.1" 404 796 "-" "Go-http-client/1.1"
81.171.74.60 - - [01/Jul/2026:06:55:59 +0600] "GET /wp-admin/setup-config.php HTTP/1.1" 404 796 "-" "Go-http-client/1.1"
81.171.74.60 - - [01/Jul/2026:06:55:59 +0600] "GET /.env HTTP/1.1" 404 796 "-" "Go-http-client/1.1"
81.171.74.60 - - [01/Jul/2026:06:55:59 +0600] "GET /backup.tar.gz HTTP/1.1" 404 796 "-" "Go-http-client/1.1"
81.171.74.60 - - [01/Jul/2026:06:55:59 +0600] "GET /actuator/heapdump HTTP/1.1" 404 796 "-" "Go-http-client/1.1"
38.60.169.166 - - [01/Jul/2026:06:56:18 +0600] "GET /.env.local HTTP/1.1" 404 796 "-" "Mozilla/5.0 (Windows NT 10.0; Win64; x64) AppleWebKit/537.36 (KHTML, like Gecko) Chrome/136.0.0.0 Safari/537.36 (Silvy X Ran)"
38.60.169.166 - - [01/Jul/2026:06:56:19 +0600] "GET /.env.production HTTP/1.1" 404 796 "-" "Mozilla/5.0 (Windows NT 10.0; Win64; x64) AppleWebKit/537.36 (KHTML, like Gecko) Chrome/136.0.0.0 Safari/537.36 (Silvy X Ran)"
38.60.169.166 - - [01/Jul/2026:06:56:19 +0600] "GET /.env.development HTTP/1.1" 404 796 "-" "Mozilla/5.0 (Windows NT 10.0; Win64; x64) AppleWebKit/537.36 (KHTML, like Gecko) Chrome/136.0.0.0 Safari/537.36 (Silvy X Ran)"
38.60.169.166 - - [01/Jul/2026:06:56:19 +0600] "GET /.env.dev HTTP/1.1" 404 796 "-" "Mozilla/5.0 (Windows NT 10.0; Win64; x64) AppleWebKit/537.36 (KHTML, like Gecko) Chrome/136.0.0.0 Safari/537.36 (Silvy X Ran)"
38.60.169.166 - - [01/Jul/2026:06:56:20 +0600] "GET /.env.prod HTTP/1.1" 404 796 "-" "Mozilla/5.0 (Windows NT 10.0; Win64; x64) AppleWebKit/537.36 (KHTML, like Gecko) Chrome/136.0.0.0 Safari/537.36 (Silvy X Ran)"
38.60.169.166 - - [01/Jul/2026:06:56:20 +0600] "GET /.env.test HTTP/1.1" 404 796 "-" "Mozilla/5.0 (Windows NT 10.0; Win64; x64) AppleWebKit/537.36 (KHTML, like Gecko) Chrome/136.0.0.0 Safari/537.36 (Silvy X Ran)"
38.60.169.166 - - [01/Jul/2026:06:56:20 +0600] "GET /.env.staging HTTP/1.1" 404 796 "-" "Mozilla/5.0 (Windows NT 10.0; Win64; x64) AppleWebKit/537.36 (KHTML, like Gecko) Chrome/136.0.0.0 Safari/537.36 (Silvy X Ran)"
38.60.169.166 - - [01/Jul/2026:06:56:21 +0600] "GET /.env.backup HTTP/1.1" 404 796 "-" "Mozilla/5.0 (Windows NT 10.0; Win64; x64) AppleWebKit/537.36 (KHTML, like Gecko) Chrome/136.0.0.0 Safari/537.36 (Silvy X Ran)"
38.60.169.166 - - [01/Jul/2026:06:56:21 +0600] "GET /.env.save HTTP/1.1" 404 796 "-" "Mozilla/5.0 (Windows NT 10.0; Win64; x64) AppleWebKit/537.36 (KHTML, like Gecko) Chrome/136.0.0.0 Safari/537.36 (Silvy X Ran)"
38.60.169.166 - - [01/Jul/2026:06:56:22 +0600] "GET /.env.old HTTP/1.1" 404 796 "-" "Mozilla/5.0 (Windows NT 10.0; Win64; x64) AppleWebKit/537.36 (KHTML, like Gecko) Chrome/136.0.0.0 Safari/537.36 (Silvy X Ran)"
38.60.169.166 - - [01/Jul/2026:06:56:22 +0600] "GET /.env.bak HTTP/1.1" 404 796 "-" "Mozilla/5.0 (Windows NT 10.0; Win64; x64) AppleWebKit/537.36 (KHTML, like Gecko) Chrome/136.0.0.0 Safari/537.36 (Silvy X Ran)"
38.60.169.166 - - [01/Jul/2026:06:56:22 +0600] "GET /.env.tmp HTTP/1.1" 404 796 "-" "Mozilla/5.0 (Windows NT 10.0; Win64; x64) AppleWebKit/537.36 (KHTML, like Gecko) Chrome/136.0.0.0 Safari/537.36 (Silvy X Ran)"
38.60.169.166 - - [01/Jul/2026:06:56:23 +0600] "GET /.env.swp HTTP/1.1" 404 796 "-" "Mozilla/5.0 (Windows NT 10.0; Win64; x64) AppleWebKit/537.36 (KHTML, like Gecko) Chrome/136.0.0.0 Safari/537.36 (Silvy X Ran)"
38.60.169.166 - - [01/Jul/2026:06:56:23 +0600] "GET /.env~ HTTP/1.1" 404 796 "-" "Mozilla/5.0 (Windows NT 10.0; Win64; x64) AppleWebKit/537.36 (KHTML, like Gecko) Chrome/136.0.0.0 Safari/537.36 (Silvy X Ran)"
38.60.169.166 - - [01/Jul/2026:06:56:23 +0600] "GET /.env.example HTTP/1.1" 404 796 "-" "Mozilla/5.0 (Windows NT 10.0; Win64; x64) AppleWebKit/537.36 (KHTML, like Gecko) Chrome/136.0.0.0 Safari/537.36 (Silvy X Ran)"
38.60.169.166 - - [01/Jul/2026:06:56:24 +0600] "GET /.env.sample HTTP/1.1" 404 796 "-" "Mozilla/5.0 (Windows NT 10.0; Win64; x64) AppleWebKit/537.36 (KHTML, like Gecko) Chrome/136.0.0.0 Safari/537.36 (Silvy X Ran)"
38.60.169.166 - - [01/Jul/2026:06:56:24 +0600] "GET /.env.dist HTTP/1.1" 404 796 "-" "Mozilla/5.0 (Windows NT 10.0; Win64; x64) AppleWebKit/537.36 (KHTML, like Gecko) Chrome/136.0.0.0 Safari/537.36 (Silvy X Ran)"
38.60.169.166 - - [01/Jul/2026:06:56:24 +0600] "GET /.env.template HTTP/1.1" 404 796 "-" "Mozilla/5.0 (Windows NT 10.0; Win64; x64) AppleWebKit/537.36 (KHTML, like Gecko) Chrome/136.0.0.0 Safari/537.36 (Silvy X Ran)"
38.60.169.166 - - [01/Jul/2026:06:56:25 +0600] "GET /.env.production.local HTTP/1.1" 404 796 "-" "Mozilla/5.0 (Windows NT 10.0; Win64; x64) AppleWebKit/537.36 (KHTML, like Gecko) Chrome/136.0.0.0 Safari/537.36 (Silvy X Ran)"
38.60.169.166 - - [01/Jul/2026:06:56:25 +0600] "GET /.env.development.local HTTP/1.1" 404 796 "-" "Mozilla/5.0 (Windows NT 10.0; Win64; x64) AppleWebKit/537.36 (KHTML, like Gecko) Chrome/136.0.0.0 Safari/537.36 (Silvy X Ran)"
38.60.169.166 - - [01/Jul/2026:06:56:25 +0600] "GET /.env.test.local HTTP/1.1" 404 796 "-" "Mozilla/5.0 (Windows NT 10.0; Win64; x64) AppleWebKit/537.36 (KHTML, like Gecko) Chrome/136.0.0.0 Safari/537.36 (Silvy X Ran)"
38.60.169.166 - - [01/Jul/2026:06:56:26 +0600] "GET /.envrc HTTP/1.1" 404 796 "-" "Mozilla/5.0 (Windows NT 10.0; Win64; x64) AppleWebKit/537.36 (KHTML, like Gecko) Chrome/136.0.0.0 Safari/537.36 (Silvy X Ran)"
38.60.169.166 - - [01/Jul/2026:06:56:26 +0600] "GET /.flaskenv HTTP/1.1" 404 796 "-" "Mozilla/5.0 (Windows NT 10.0; Win64; x64) AppleWebKit/537.36 (KHTML, like Gecko) Chrome/136.0.0.0 Safari/537.36 (Silvy X Ran)"
38.60.169.166 - - [01/Jul/2026:06:56:27 +0600] "GET /env HTTP/1.1" 404 796 "-" "Mozilla/5.0 (Windows NT 10.0; Win64; x64) AppleWebKit/537.36 (KHTML, like Gecko) Chrome/136.0.0.0 Safari/537.36 (Silvy X Ran)"
38.60.169.166 - - [01/Jul/2026:06:56:27 +0600] "GET /env.js HTTP/1.1" 404 796 "-" "Mozilla/5.0 (Windows NT 10.0; Win64; x64) AppleWebKit/537.36 (KHTML, like Gecko) Chrome/136.0.0.0 Safari/537.36 (Silvy X Ran)"
38.60.169.166 - - [01/Jul/2026:06:56:27 +0600] "GET /env.json HTTP/1.1" 404 796 "-" "Mozilla/5.0 (Windows NT 10.0; Win64; x64) AppleWebKit/537.36 (KHTML, like Gecko) Chrome/136.0.0.0 Safari/537.36 (Silvy X Ran)"
38.60.169.166 - - [01/Jul/2026:06:56:28 +0600] "GET /app/.env HTTP/1.1" 404 796 "-" "Mozilla/5.0 (Windows NT 10.0; Win64; x64) AppleWebKit/537.36 (KHTML, like Gecko) Chrome/136.0.0.0 Safari/537.36 (Silvy X Ran)"
38.60.169.166 - - [01/Jul/2026:06:56:28 +0600] "GET /src/.env HTTP/1.1" 404 796 "-" "Mozilla/5.0 (Windows NT 10.0; Win64; x64) AppleWebKit/537.36 (KHTML, like Gecko) Chrome/136.0.0.0 Safari/537.36 (Silvy X Ran)"
38.60.169.166 - - [01/Jul/2026:06:56:28 +0600] "GET /config/.env HTTP/1.1" 404 796 "-" "Mozilla/5.0 (Windows NT 10.0; Win64; x64) AppleWebKit/537.36 (KHTML, like Gecko) Chrome/136.0.0.0 Safari/537.36 (Silvy X Ran)"
38.60.169.166 - - [01/Jul/2026:06:56:29 +0600] "GET /backend/.env HTTP/1.1" 404 796 "-" "Mozilla/5.0 (Windows NT 10.0; Win64; x64) AppleWebKit/537.36 (KHTML, like Gecko) Chrome/136.0.0.0 Safari/537.36 (Silvy X Ran)"
38.60.169.166 - - [01/Jul/2026:06:56:29 +0600] "GET /frontend/.env HTTP/1.1" 404 796 "-" "Mozilla/5.0 (Windows NT 10.0; Win64; x64) AppleWebKit/537.36 (KHTML, like Gecko) Chrome/136.0.0.0 Safari/537.36 (Silvy X Ran)"
38.60.169.166 - - [01/Jul/2026:06:56:29 +0600] "GET /api/.env HTTP/1.1" 404 796 "-" "Mozilla/5.0 (Windows NT 10.0; Win64; x64) AppleWebKit/537.36 (KHTML, like Gecko) Chrome/136.0.0.0 Safari/537.36 (Silvy X Ran)"
38.60.169.166 - - [01/Jul/2026:06:56:30 +0600] "GET /server/.env HTTP/1.1" 404 796 "-" "Mozilla/5.0 (Windows NT 10.0; Win64; x64) AppleWebKit/537.36 (KHTML, like Gecko) Chrome/136.0.0.0 Safari/537.36 (Silvy X Ran)"
38.60.169.166 - - [01/Jul/2026:06:56:30 +0600] "GET /client/.env HTTP/1.1" 404 796 "-" "Mozilla/5.0 (Windows NT 10.0; Win64; x64) AppleWebKit/537.36 (KHTML, like Gecko) Chrome/136.0.0.0 Safari/537.36 (Silvy X Ran)"
38.60.169.166 - - [01/Jul/2026:06:56:31 +0600] "GET /web/.env HTTP/1.1" 404 796 "-" "Mozilla/5.0 (Windows NT 10.0; Win64; x64) AppleWebKit/537.36 (KHTML, like Gecko) Chrome/136.0.0.0 Safari/537.36 (Silvy X Ran)"
38.60.169.166 - - [01/Jul/2026:06:56:31 +0600] "GET /public/.env HTTP/1.1" 404 796 "-" "Mozilla/5.0 (Windows NT 10.0; Win64; x64) AppleWebKit/537.36 (KHTML, like Gecko) Chrome/136.0.0.0 Safari/537.36 (Silvy X Ran)"
38.60.169.166 - - [01/Jul/2026:06:56:31 +0600] "GET /private/.env HTTP/1.1" 404 796 "-" "Mozilla/5.0 (Windows NT 10.0; Win64; x64) AppleWebKit/537.36 (KHTML, like Gecko) Chrome/136.0.0.0 Safari/537.36 (Silvy X Ran)"
38.60.169.166 - - [01/Jul/2026:06:56:32 +0600] "GET /var/.env HTTP/1.1" 404 796 "-" "Mozilla/5.0 (Windows NT 10.0; Win64; x64) AppleWebKit/537.36 (KHTML, like Gecko) Chrome/136.0.0.0 Safari/537.36 (Silvy X Ran)"
38.60.169.166 - - [01/Jul/2026:06:56:32 +0600] "GET /docker-compose.yml HTTP/1.1" 404 796 "-" "Mozilla/5.0 (Windows NT 10.0; Win64; x64) AppleWebKit/537.36 (KHTML, like Gecko) Chrome/136.0.0.0 Safari/537.36 (Silvy X Ran)"
38.60.169.166 - - [01/Jul/2026:06:56:32 +0600] "GET /docker-compose.yaml HTTP/1.1" 404 796 "-" "Mozilla/5.0 (Windows NT 10.0; Win64; x64) AppleWebKit/537.36 (KHTML, like Gecko) Chrome/136.0.0.0 Safari/537.36 (Silvy X Ran)"
38.60.169.166 - - [01/Jul/2026:06:56:33 +0600] "GET /docker-compose.override.yml HTTP/1.1" 404 796 "-" "Mozilla/5.0 (Windows NT 10.0; Win64; x64) AppleWebKit/537.36 (KHTML, like Gecko) Chrome/136.0.0.0 Safari/537.36 (Silvy X Ran)"
38.60.169.166 - - [01/Jul/2026:06:56:33 +0600] "GET /docker-compose.dev.yml HTTP/1.1" 404 796 "-" "Mozilla/5.0 (Windows NT 10.0; Win64; x64) AppleWebKit/537.36 (KHTML, like Gecko) Chrome/136.0.0.0 Safari/537.36 (Silvy X Ran)"
38.60.169.166 - - [01/Jul/2026:06:56:33 +0600] "GET /docker-compose.prod.yml HTTP/1.1" 404 796 "-" "Mozilla/5.0 (Windows NT 10.0; Win64; x64) AppleWebKit/537.36 (KHTML, like Gecko) Chrome/136.0.0.0 Safari/537.36 (Silvy X Ran)"
38.60.169.166 - - [01/Jul/2026:06:56:34 +0600] "GET /config.js HTTP/1.1" 404 796 "-" "Mozilla/5.0 (Windows NT 10.0; Win64; x64) AppleWebKit/537.36 (KHTML, like Gecko) Chrome/136.0.0.0 Safari/537.36 (Silvy X Ran)"
38.60.169.166 - - [01/Jul/2026:06:56:34 +0600] "GET /config.json HTTP/1.1" 404 796 "-" "Mozilla/5.0 (Windows NT 10.0; Win64; x64) AppleWebKit/537.36 (KHTML, like Gecko) Chrome/136.0.0.0 Safari/537.36 (Silvy X Ran)"
38.60.169.166 - - [01/Jul/2026:06:56:35 +0600] "GET /settings.js HTTP/1.1" 404 796 "-" "Mozilla/5.0 (Windows NT 10.0; Win64; x64) AppleWebKit/537.36 (KHTML, like Gecko) Chrome/136.0.0.0 Safari/537.36 (Silvy X Ran)"
38.60.169.166 - - [01/Jul/2026:06:56:35 +0600] "GET /settings.json HTTP/1.1" 404 796 "-" "Mozilla/5.0 (Windows NT 10.0; Win64; x64) AppleWebKit/537.36 (KHTML, like Gecko) Chrome/136.0.0.0 Safari/537.36 (Silvy X Ran)"
38.60.169.166 - - [01/Jul/2026:06:56:35 +0600] "GET /secrets.json HTTP/1.1" 404 796 "-" "Mozilla/5.0 (Windows NT 10.0; Win64; x64) AppleWebKit/537.36 (KHTML, like Gecko) Chrome/136.0.0.0 Safari/537.36 (Silvy X Ran)"
38.60.169.166 - - [01/Jul/2026:06:56:36 +0600] "GET /credentials.json HTTP/1.1" 404 796 "-" "Mozilla/5.0 (Windows NT 10.0; Win64; x64) AppleWebKit/537.36 (KHTML, like Gecko) Chrome/136.0.0.0 Safari/537.36 (Silvy X Ran)"
38.60.169.166 - - [01/Jul/2026:06:56:36 +0600] "GET /cdp_api_key.json HTTP/1.1" 404 796 "-" "Mozilla/5.0 (Windows NT 10.0; Win64; x64) AppleWebKit/537.36 (KHTML, like Gecko) Chrome/136.0.0.0 Safari/537.36 (Silvy X Ran)"
38.60.169.166 - - [01/Jul/2026:06:56:36 +0600] "GET /app.js HTTP/1.1" 404 796 "-" "Mozilla/5.0 (Windows NT 10.0; Win64; x64) AppleWebKit/537.36 (KHTML, like Gecko) Chrome/136.0.0.0 Safari/537.36 (Silvy X Ran)"
38.60.169.166 - - [01/Jul/2026:06:56:37 +0600] "GET /main.js HTTP/1.1" 404 796 "-" "Mozilla/5.0 (Windows NT 10.0; Win64; x64) AppleWebKit/537.36 (KHTML, like Gecko) Chrome/136.0.0.0 Safari/537.36 (Silvy X Ran)"
38.60.169.166 - - [01/Jul/2026:06:56:37 +0600] "GET /index.js HTTP/1.1" 404 796 "-" "Mozilla/5.0 (Windows NT 10.0; Win64; x64) AppleWebKit/537.36 (KHTML, like Gecko) Chrome/136.0.0.0 Safari/537.36 (Silvy X Ran)"
38.60.169.166 - - [01/Jul/2026:06:56:37 +0600] "GET /server.js HTTP/1.1" 404 796 "-" "Mozilla/5.0 (Windows NT 10.0; Win64; x64) AppleWebKit/537.36 (KHTML, like Gecko) Chrome/136.0.0.0 Safari/537.36 (Silvy X Ran)"
38.60.169.166 - - [01/Jul/2026:06:56:38 +0600] "GET /bundle.js HTTP/1.1" 404 796 "-" "Mozilla/5.0 (Windows NT 10.0; Win64; x64) AppleWebKit/537.36 (KHTML, like Gecko) Chrome/136.0.0.0 Safari/537.36 (Silvy X Ran)"
38.60.169.166 - - [01/Jul/2026:06:56:38 +0600] "GET /app.bundle.js HTTP/1.1" 404 796 "-" "Mozilla/5.0 (Windows NT 10.0; Win64; x64) AppleWebKit/537.36 (KHTML, like Gecko) Chrome/136.0.0.0 Safari/537.36 (Silvy X Ran)"
38.60.169.166 - - [01/Jul/2026:06:56:39 +0600] "GET /main.bundle.js HTTP/1.1" 404 796 "-" "Mozilla/5.0 (Windows NT 10.0; Win64; x64) AppleWebKit/537.36 (KHTML, like Gecko) Chrome/136.0.0.0 Safari/537.36 (Silvy X Ran)"
38.60.169.166 - - [01/Jul/2026:06:56:39 +0600] "GET /vendor.js HTTP/1.1" 404 796 "-" "Mozilla/5.0 (Windows NT 10.0; Win64; x64) AppleWebKit/537.36 (KHTML, like Gecko) Chrome/136.0.0.0 Safari/537.36 (Silvy X Ran)"
38.60.169.166 - - [01/Jul/2026:06:56:39 +0600] "GET /chunk.js HTTP/1.1" 404 796 "-" "Mozilla/5.0 (Windows NT 10.0; Win64; x64) AppleWebKit/537.36 (KHTML, like Gecko) Chrome/136.0.0.0 Safari/537.36 (Silvy X Ran)"
38.60.169.166 - - [01/Jul/2026:06:56:40 +0600] "GET /static/js/main.js HTTP/1.1" 404 796 "-" "Mozilla/5.0 (Windows NT 10.0; Win64; x64) AppleWebKit/537.36 (KHTML, like Gecko) Chrome/136.0.0.0 Safari/537.36 (Silvy X Ran)"
38.60.169.166 - - [01/Jul/2026:06:56:40 +0600] "GET /static/js/app.js HTTP/1.1" 404 796 "-" "Mozilla/5.0 (Windows NT 10.0; Win64; x64) AppleWebKit/537.36 (KHTML, like Gecko) Chrome/136.0.0.0 Safari/537.36 (Silvy X Ran)"
38.60.169.166 - - [01/Jul/2026:06:56:40 +0600] "GET /static/js/bundle.js HTTP/1.1" 404 796 "-" "Mozilla/5.0 (Windows NT 10.0; Win64; x64) AppleWebKit/537.36 (KHTML, like Gecko) Chrome/136.0.0.0 Safari/537.36 (Silvy X Ran)"
38.60.169.166 - - [01/Jul/2026:06:56:41 +0600] "GET /dist/main.js HTTP/1.1" 404 796 "-" "Mozilla/5.0 (Windows NT 10.0; Win64; x64) AppleWebKit/537.36 (KHTML, like Gecko) Chrome/136.0.0.0 Safari/537.36 (Silvy X Ran)"
38.60.169.166 - - [01/Jul/2026:06:56:41 +0600] "GET /dist/app.js HTTP/1.1" 404 796 "-" "Mozilla/5.0 (Windows NT 10.0; Win64; x64) AppleWebKit/537.36 (KHTML, like Gecko) Chrome/136.0.0.0 Safari/537.36 (Silvy X Ran)"
38.60.169.166 - - [01/Jul/2026:06:56:41 +0600] "GET /dist/bundle.js HTTP/1.1" 404 796 "-" "Mozilla/5.0 (Windows NT 10.0; Win64; x64) AppleWebKit/537.36 (KHTML, like Gecko) Chrome/136.0.0.0 Safari/537.36 (Silvy X Ran)"
38.60.169.166 - - [01/Jul/2026:06:56:42 +0600] "GET /build/static/js/main.js HTTP/1.1" 404 796 "-" "Mozilla/5.0 (Windows NT 10.0; Win64; x64) AppleWebKit/537.36 (KHTML, like Gecko) Chrome/136.0.0.0 Safari/537.36 (Silvy X Ran)"
38.60.169.166 - - [01/Jul/2026:06:56:42 +0600] "GET /assets/index.js HTTP/1.1" 404 796 "-" "Mozilla/5.0 (Windows NT 10.0; Win64; x64) AppleWebKit/537.36 (KHTML, like Gecko) Chrome/136.0.0.0 Safari/537.36 (Silvy X Ran)"
38.60.169.166 - - [01/Jul/2026:06:56:43 +0600] "GET /assets/app.js HTTP/1.1" 404 796 "-" "Mozilla/5.0 (Windows NT 10.0; Win64; x64) AppleWebKit/537.36 (KHTML, like Gecko) Chrome/136.0.0.0 Safari/537.36 (Silvy X Ran)"
38.60.169.166 - - [01/Jul/2026:06:56:43 +0600] "GET /js/app.js HTTP/1.1" 404 796 "-" "Mozilla/5.0 (Windows NT 10.0; Win64; x64) AppleWebKit/537.36 (KHTML, like Gecko) Chrome/136.0.0.0 Safari/537.36 (Silvy X Ran)"
38.60.169.166 - - [01/Jul/2026:06:56:43 +0600] "GET /js/main.js HTTP/1.1" 404 796 "-" "Mozilla/5.0 (Windows NT 10.0; Win64; x64) AppleWebKit/537.36 (KHTML, like Gecko) Chrome/136.0.0.0 Safari/537.36 (Silvy X Ran)"
38.60.169.166 - - [01/Jul/2026:06:56:44 +0600] "GET /settings.py HTTP/1.1" 404 796 "-" "Mozilla/5.0 (Windows NT 10.0; Win64; x64) AppleWebKit/537.36 (KHTML, like Gecko) Chrome/136.0.0.0 Safari/537.36 (Silvy X Ran)"
142.93.129.190 - - [01/Jul/2026:06:56:44 +0600] "GET / HTTP/1.1" 200 2053 "-" "Mozilla/5.0 (l9scan/2.0.8393e24343e2835313e2135313; +https://leakix.net)"
38.60.169.166 - - [01/Jul/2026:06:56:44 +0600] "GET /config.py HTTP/1.1" 404 796 "-" "Mozilla/5.0 (Windows NT 10.0; Win64; x64) AppleWebKit/537.36 (KHTML, like Gecko) Chrome/136.0.0.0 Safari/537.36 (Silvy X Ran)"
38.60.169.166 - - [01/Jul/2026:06:56:44 +0600] "GET /secrets.py HTTP/1.1" 404 796 "-" "Mozilla/5.0 (Windows NT 10.0; Win64; x64) AppleWebKit/537.36 (KHTML, like Gecko) Chrome/136.0.0.0 Safari/537.36 (Silvy X Ran)"
38.60.169.166 - - [01/Jul/2026:06:56:45 +0600] "GET /config/secrets.yml HTTP/1.1" 404 796 "-" "Mozilla/5.0 (Windows NT 10.0; Win64; x64) AppleWebKit/537.36 (KHTML, like Gecko) Chrome/136.0.0.0 Safari/537.36 (Silvy X Ran)"
142.93.129.190 - - [01/Jul/2026:06:56:45 +0600] "GET /console/ HTTP/1.1" 404 796 "-" "Mozilla/5.0 (l9scan/2.0.8393e24343e2835313e2135313; +https://leakix.net)"
38.60.169.166 - - [01/Jul/2026:06:56:45 +0600] "GET /config/master.key HTTP/1.1" 404 796 "-" "Mozilla/5.0 (Windows NT 10.0; Win64; x64) AppleWebKit/537.36 (KHTML, like Gecko) Chrome/136.0.0.0 Safari/537.36 (Silvy X Ran)"
38.60.169.166 - - [01/Jul/2026:06:56:45 +0600] "GET /wp-config.php.bak HTTP/1.1" 404 796 "-" "Mozilla/5.0 (Windows NT 10.0; Win64; x64) AppleWebKit/537.36 (KHTML, like Gecko) Chrome/136.0.0.0 Safari/537.36 (Silvy X Ran)"
38.60.169.166 - - [01/Jul/2026:06:56:46 +0600] "GET /wp-config.php.old HTTP/1.1" 404 796 "-" "Mozilla/5.0 (Windows NT 10.0; Win64; x64) AppleWebKit/537.36 (KHTML, like Gecko) Chrome/136.0.0.0 Safari/537.36 (Silvy X Ran)"
38.60.169.166 - - [01/Jul/2026:06:56:46 +0600] "GET /wp-config.php.save HTTP/1.1" 404 796 "-" "Mozilla/5.0 (Windows NT 10.0; Win64; x64) AppleWebKit/537.36 (KHTML, like Gecko) Chrome/136.0.0.0 Safari/537.36 (Silvy X Ran)"
38.60.169.166 - - [01/Jul/2026:06:56:47 +0600] "GET /wp-config.php.txt HTTP/1.1" 404 796 "-" "Mozilla/5.0 (Windows NT 10.0; Win64; x64) AppleWebKit/537.36 (KHTML, like Gecko) Chrome/136.0.0.0 Safari/537.36 (Silvy X Ran)"
38.60.169.166 - - [01/Jul/2026:06:56:47 +0600] "GET /wp-config.php~ HTTP/1.1" 404 796 "-" "Mozilla/5.0 (Windows NT 10.0; Win64; x64) AppleWebKit/537.36 (KHTML, like Gecko) Chrome/136.0.0.0 Safari/537.36 (Silvy X Ran)"
38.60.169.166 - - [01/Jul/2026:06:56:47 +0600] "GET /config/app.php HTTP/1.1" 404 796 "-" "Mozilla/5.0 (Windows NT 10.0; Win64; x64) AppleWebKit/537.36 (KHTML, like Gecko) Chrome/136.0.0.0 Safari/537.36 (Silvy X Ran)"
38.60.169.166 - - [01/Jul/2026:06:56:48 +0600] "GET /application.properties HTTP/1.1" 404 796 "-" "Mozilla/5.0 (Windows NT 10.0; Win64; x64) AppleWebKit/537.36 (KHTML, like Gecko) Chrome/136.0.0.0 Safari/537.36 (Silvy X Ran)"
38.60.169.166 - - [01/Jul/2026:06:56:48 +0600] "GET /application.yml HTTP/1.1" 404 796 "-" "Mozilla/5.0 (Windows NT 10.0; Win64; x64) AppleWebKit/537.36 (KHTML, like Gecko) Chrome/136.0.0.0 Safari/537.36 (Silvy X Ran)"
38.60.169.166 - - [01/Jul/2026:06:56:48 +0600] "GET /application.yaml HTTP/1.1" 404 796 "-" "Mozilla/5.0 (Windows NT 10.0; Win64; x64) AppleWebKit/537.36 (KHTML, like Gecko) Chrome/136.0.0.0 Safari/537.36 (Silvy X Ran)"
38.60.169.166 - - [01/Jul/2026:06:56:49 +0600] "GET /application-dev.properties HTTP/1.1" 404 796 "-" "Mozilla/5.0 (Windows NT 10.0; Win64; x64) AppleWebKit/537.36 (KHTML, like Gecko) Chrome/136.0.0.0 Safari/537.36 (Silvy X Ran)"
38.60.169.166 - - [01/Jul/2026:06:56:49 +0600] "GET /application-prod.properties HTTP/1.1" 404 796 "-" "Mozilla/5.0 (Windows NT 10.0; Win64; x64) AppleWebKit/537.36 (KHTML, like Gecko) Chrome/136.0.0.0 Safari/537.36 (Silvy X Ran)"
38.60.169.166 - - [01/Jul/2026:06:56:49 +0600] "GET /appsettings.json HTTP/1.1" 404 796 "-" "Mozilla/5.0 (Windows NT 10.0; Win64; x64) AppleWebKit/537.36 (KHTML, like Gecko) Chrome/136.0.0.0 Safari/537.36 (Silvy X Ran)"
38.60.169.166 - - [01/Jul/2026:06:56:50 +0600] "GET /appsettings.Development.json HTTP/1.1" 404 796 "-" "Mozilla/5.0 (Windows NT 10.0; Win64; x64) AppleWebKit/537.36 (KHTML, like Gecko) Chrome/136.0.0.0 Safari/537.36 (Silvy X Ran)"
38.60.169.166 - - [01/Jul/2026:06:56:50 +0600] "GET /appsettings.Production.json HTTP/1.1" 404 796 "-" "Mozilla/5.0 (Windows NT 10.0; Win64; x64) AppleWebKit/537.36 (KHTML, like Gecko) Chrome/136.0.0.0 Safari/537.36 (Silvy X Ran)"
142.93.129.190 - - [01/Jul/2026:06:56:50 +0600] "GET /login.action HTTP/1.1" 404 796 "-" "Mozilla/5.0 (l9scan/2.0.8393e24343e2835313e2135313; +https://leakix.net)"
38.60.169.166 - - [01/Jul/2026:06:56:51 +0600] "GET /config.yaml HTTP/1.1" 404 796 "-" "Mozilla/5.0 (Windows NT 10.0; Win64; x64) AppleWebKit/537.36 (KHTML, like Gecko) Chrome/136.0.0.0 Safari/537.36 (Silvy X Ran)"
38.60.169.166 - - [01/Jul/2026:06:56:51 +0600] "GET /config.yml HTTP/1.1" 404 796 "-" "Mozilla/5.0 (Windows NT 10.0; Win64; x64) AppleWebKit/537.36 (KHTML, like Gecko) Chrome/136.0.0.0 Safari/537.36 (Silvy X Ran)"
38.60.169.166 - - [01/Jul/2026:06:56:51 +0600] "GET /config.toml HTTP/1.1" 404 796 "-" "Mozilla/5.0 (Windows NT 10.0; Win64; x64) AppleWebKit/537.36 (KHTML, like Gecko) Chrome/136.0.0.0 Safari/537.36 (Silvy X Ran)"
38.60.169.166 - - [01/Jul/2026:06:56:52 +0600] "GET /serverless.yml HTTP/1.1" 404 796 "-" "Mozilla/5.0 (Windows NT 10.0; Win64; x64) AppleWebKit/537.36 (KHTML, like Gecko) Chrome/136.0.0.0 Safari/537.36 (Silvy X Ran)"
38.60.169.166 - - [01/Jul/2026:06:56:52 +0600] "GET /serverless.yaml HTTP/1.1" 404 796 "-" "Mozilla/5.0 (Windows NT 10.0; Win64; x64) AppleWebKit/537.36 (KHTML, like Gecko) Chrome/136.0.0.0 Safari/537.36 (Silvy X Ran)"
38.60.169.166 - - [01/Jul/2026:06:56:52 +0600] "GET /config/production.json HTTP/1.1" 404 796 "-" "Mozilla/5.0 (Windows NT 10.0; Win64; x64) AppleWebKit/537.36 (KHTML, like Gecko) Chrome/136.0.0.0 Safari/537.36 (Silvy X Ran)"
38.60.169.166 - - [01/Jul/2026:06:56:53 +0600] "GET /config/development.json HTTP/1.1" 404 796 "-" "Mozilla/5.0 (Windows NT 10.0; Win64; x64) AppleWebKit/537.36 (KHTML, like Gecko) Chrome/136.0.0.0 Safari/537.36 (Silvy X Ran)"
38.60.169.166 - - [01/Jul/2026:06:56:53 +0600] "GET /config/default.json HTTP/1.1" 404 796 "-" "Mozilla/5.0 (Windows NT 10.0; Win64; x64) AppleWebKit/537.36 (KHTML, like Gecko) Chrome/136.0.0.0 Safari/537.36 (Silvy X Ran)"
38.60.169.166 - - [01/Jul/2026:06:56:53 +0600] "GET /config/local.json HTTP/1.1" 404 796 "-" "Mozilla/5.0 (Windows NT 10.0; Win64; x64) AppleWebKit/537.36 (KHTML, like Gecko) Chrome/136.0.0.0 Safari/537.36 (Silvy X Ran)"
38.60.169.166 - - [01/Jul/2026:06:56:54 +0600] "GET /conf/settings.json HTTP/1.1" 404 796 "-" "Mozilla/5.0 (Windows NT 10.0; Win64; x64) AppleWebKit/537.36 (KHTML, like Gecko) Chrome/136.0.0.0 Safari/537.36 (Silvy X Ran)"
38.60.169.166 - - [01/Jul/2026:06:56:54 +0600] "GET /data/config.json HTTP/1.1" 404 796 "-" "Mozilla/5.0 (Windows NT 10.0; Win64; x64) AppleWebKit/537.36 (KHTML, like Gecko) Chrome/136.0.0.0 Safari/537.36 (Silvy X Ran)"
38.60.169.166 - - [01/Jul/2026:06:56:54 +0600] "GET /actuator/env HTTP/1.1" 404 796 "-" "Mozilla/5.0 (Windows NT 10.0; Win64; x64) AppleWebKit/537.36 (KHTML, like Gecko) Chrome/136.0.0.0 Safari/537.36 (Silvy X Ran)"
38.60.169.166 - - [01/Jul/2026:06:56:55 +0600] "GET /actuator/configprops HTTP/1.1" 404 796 "-" "Mozilla/5.0 (Windows NT 10.0; Win64; x64) AppleWebKit/537.36 (KHTML, like Gecko) Chrome/136.0.0.0 Safari/537.36 (Silvy X Ran)"
38.60.169.166 - - [01/Jul/2026:06:56:55 +0600] "GET /api/config HTTP/1.1" 404 796 "-" "Mozilla/5.0 (Windows NT 10.0; Win64; x64) AppleWebKit/537.36 (KHTML, like Gecko) Chrome/136.0.0.0 Safari/537.36 (Silvy X Ran)"
38.60.169.166 - - [01/Jul/2026:06:56:56 +0600] "GET /api/settings HTTP/1.1" 404 796 "-" "Mozilla/5.0 (Windows NT 10.0; Win64; x64) AppleWebKit/537.36 (KHTML, like Gecko) Chrome/136.0.0.0 Safari/537.36 (Silvy X Ran)"
38.60.169.166 - - [01/Jul/2026:06:56:56 +0600] "GET /api/env HTTP/1.1" 404 796 "-" "Mozilla/5.0 (Windows NT 10.0; Win64; x64) AppleWebKit/537.36 (KHTML, like Gecko) Chrome/136.0.0.0 Safari/537.36 (Silvy X Ran)"
38.60.169.166 - - [01/Jul/2026:06:56:56 +0600] "GET /backup/.env HTTP/1.1" 404 796 "-" "Mozilla/5.0 (Windows NT 10.0; Win64; x64) AppleWebKit/537.36 (KHTML, like Gecko) Chrome/136.0.0.0 Safari/537.36 (Silvy X Ran)"
38.60.169.166 - - [01/Jul/2026:06:56:57 +0600] "GET /backups/.env HTTP/1.1" 404 796 "-" "Mozilla/5.0 (Windows NT 10.0; Win64; x64) AppleWebKit/537.36 (KHTML, like Gecko) Chrome/136.0.0.0 Safari/537.36 (Silvy X Ran)"
38.60.169.166 - - [01/Jul/2026:06:56:57 +0600] "GET /old/.env HTTP/1.1" 404 796 "-" "Mozilla/5.0 (Windows NT 10.0; Win64; x64) AppleWebKit/537.36 (KHTML, like Gecko) Chrome/136.0.0.0 Safari/537.36 (Silvy X Ran)"
38.60.169.166 - - [01/Jul/2026:06:56:57 +0600] "GET /temp/.env HTTP/1.1" 404 796 "-" "Mozilla/5.0 (Windows NT 10.0; Win64; x64) AppleWebKit/537.36 (KHTML, like Gecko) Chrome/136.0.0.0 Safari/537.36 (Silvy X Ran)"
38.60.169.166 - - [01/Jul/2026:06:56:58 +0600] "GET /tmp/.env HTTP/1.1" 404 796 "-" "Mozilla/5.0 (Windows NT 10.0; Win64; x64) AppleWebKit/537.36 (KHTML, like Gecko) Chrome/136.0.0.0 Safari/537.36 (Silvy X Ran)"
38.60.169.166 - - [01/Jul/2026:06:56:58 +0600] "GET /.streamlit/secrets.toml HTTP/1.1" 404 796 "-" "Mozilla/5.0 (Windows NT 10.0; Win64; x64) AppleWebKit/537.36 (KHTML, like Gecko) Chrome/136.0.0.0 Safari/537.36 (Silvy X Ran)"
38.60.169.166 - - [01/Jul/2026:06:56:58 +0600] "GET /root/.streamlit/secrets.toml HTTP/1.1" 404 796 "-" "Mozilla/5.0 (Windows NT 10.0; Win64; x64) AppleWebKit/537.36 (KHTML, like Gecko) Chrome/136.0.0.0 Safari/537.36 (Silvy X Ran)"
38.60.169.166 - - [01/Jul/2026:06:56:59 +0600] "GET /root/.aws/credentials HTTP/1.1" 404 796 "-" "Mozilla/5.0 (Windows NT 10.0; Win64; x64) AppleWebKit/537.36 (KHTML, like Gecko) Chrome/136.0.0.0 Safari/537.36 (Silvy X Ran)"
38.60.169.166 - - [01/Jul/2026:06:56:59 +0600] "GET /home/ubuntu/.aws/credentials HTTP/1.1" 404 796 "-" "Mozilla/5.0 (Windows NT 10.0; Win64; x64) AppleWebKit/537.36 (KHTML, like Gecko) Chrome/136.0.0.0 Safari/537.36 (Silvy X Ran)"
38.60.169.166 - - [01/Jul/2026:06:56:59 +0600] "GET /home/ec2-user/.aws/credentials HTTP/1.1" 404 796 "-" "Mozilla/5.0 (Windows NT 10.0; Win64; x64) AppleWebKit/537.36 (KHTML, like Gecko) Chrome/136.0.0.0 Safari/537.36 (Silvy X Ran)"
38.60.169.166 - - [01/Jul/2026:06:57:00 +0600] "GET /home/node/.aws/credentials HTTP/1.1" 404 796 "-" "Mozilla/5.0 (Windows NT 10.0; Win64; x64) AppleWebKit/537.36 (KHTML, like Gecko) Chrome/136.0.0.0 Safari/537.36 (Silvy X Ran)"
38.60.169.166 - - [01/Jul/2026:06:57:00 +0600] "GET /terraform.tfvars HTTP/1.1" 404 796 "-" "Mozilla/5.0 (Windows NT 10.0; Win64; x64) AppleWebKit/537.36 (KHTML, like Gecko) Chrome/136.0.0.0 Safari/537.36 (Silvy X Ran)"
38.60.169.166 - - [01/Jul/2026:06:57:01 +0600] "GET /terraform.tfstate HTTP/1.1" 404 796 "-" "Mozilla/5.0 (Windows NT 10.0; Win64; x64) AppleWebKit/537.36 (KHTML, like Gecko) Chrome/136.0.0.0 Safari/537.36 (Silvy X Ran)"
38.60.169.166 - - [01/Jul/2026:06:57:01 +0600] "GET /ecosystem.config.js HTTP/1.1" 404 796 "-" "Mozilla/5.0 (Windows NT 10.0; Win64; x64) AppleWebKit/537.36 (KHTML, like Gecko) Chrome/136.0.0.0 Safari/537.36 (Silvy X Ran)"
38.60.169.166 - - [01/Jul/2026:06:57:01 +0600] "GET /secrets.yaml HTTP/1.1" 404 796 "-" "Mozilla/5.0 (Windows NT 10.0; Win64; x64) AppleWebKit/537.36 (KHTML, like Gecko) Chrome/136.0.0.0 Safari/537.36 (Silvy X Ran)"
167.71.175.236 - - [01/Jul/2026:06:57:01 +0600] "GET /server HTTP/1.1" 404 796 "-" "Mozilla/5.0 (l9scan/2.0.8393e24343e2835313e2135313; +https://leakix.net)"
38.60.169.166 - - [01/Jul/2026:06:57:02 +0600] "GET /secrets.yml HTTP/1.1" 404 796 "-" "Mozilla/5.0 (Windows NT 10.0; Win64; x64) AppleWebKit/537.36 (KHTML, like Gecko) Chrome/136.0.0.0 Safari/537.36 (Silvy X Ran)"
38.60.169.166 - - [01/Jul/2026:06:57:02 +0600] "GET /.secrets HTTP/1.1" 404 796 "-" "Mozilla/5.0 (Windows NT 10.0; Win64; x64) AppleWebKit/537.36 (KHTML, like Gecko) Chrome/136.0.0.0 Safari/537.36 (Silvy X Ran)"
38.60.169.166 - - [01/Jul/2026:06:57:02 +0600] "GET /.env.vault HTTP/1.1" 404 796 "-" "Mozilla/5.0 (Windows NT 10.0; Win64; x64) AppleWebKit/537.36 (KHTML, like Gecko) Chrome/136.0.0.0 Safari/537.36 (Silvy X Ran)"
38.60.169.166 - - [01/Jul/2026:06:57:03 +0600] "GET /.aws/credentials HTTP/1.1" 404 796 "-" "Mozilla/5.0 (Windows NT 10.0; Win64; x64) AppleWebKit/537.36 (KHTML, like Gecko) Chrome/136.0.0.0 Safari/537.36 (Silvy X Ran)"
38.60.169.166 - - [01/Jul/2026:06:57:03 +0600] "GET /.aws/config HTTP/1.1" 404 796 "-" "Mozilla/5.0 (Windows NT 10.0; Win64; x64) AppleWebKit/537.36 (KHTML, like Gecko) Chrome/136.0.0.0 Safari/537.36 (Silvy X Ran)"
38.60.169.166 - - [01/Jul/2026:06:57:03 +0600] "GET /.docker/config.json HTTP/1.1" 404 796 "-" "Mozilla/5.0 (Windows NT 10.0; Win64; x64) AppleWebKit/537.36 (KHTML, like Gecko) Chrome/136.0.0.0 Safari/537.36 (Silvy X Ran)"
38.60.169.166 - - [01/Jul/2026:06:57:04 +0600] "GET /storage/framework/.env HTTP/1.1" 404 796 "-" "Mozilla/5.0 (Windows NT 10.0; Win64; x64) AppleWebKit/537.36 (KHTML, like Gecko) Chrome/136.0.0.0 Safari/537.36 (Silvy X Ran)"
38.60.169.166 - - [01/Jul/2026:06:57:04 +0600] "GET /laravel/.env HTTP/1.1" 404 796 "-" "Mozilla/5.0 (Windows NT 10.0; Win64; x64) AppleWebKit/537.36 (KHTML, like Gecko) Chrome/136.0.0.0 Safari/537.36 (Silvy X Ran)"
38.60.169.166 - - [01/Jul/2026:06:57:05 +0600] "GET /debug/vars HTTP/1.1" 404 796 "-" "Mozilla/5.0 (Windows NT 10.0; Win64; x64) AppleWebKit/537.36 (KHTML, like Gecko) Chrome/136.0.0.0 Safari/537.36 (Silvy X Ran)"
38.60.169.166 - - [01/Jul/2026:06:57:05 +0600] "GET /.gcp/credentials.json HTTP/1.1" 404 796 "-" "Mozilla/5.0 (Windows NT 10.0; Win64; x64) AppleWebKit/537.36 (KHTML, like Gecko) Chrome/136.0.0.0 Safari/537.36 (Silvy X Ran)"
38.60.169.166 - - [01/Jul/2026:06:57:05 +0600] "GET /.gcp/service-account.json HTTP/1.1" 404 796 "-" "Mozilla/5.0 (Windows NT 10.0; Win64; x64) AppleWebKit/537.36 (KHTML, like Gecko) Chrome/136.0.0.0 Safari/537.36 (Silvy X Ran)"
38.60.169.166 - - [01/Jul/2026:06:57:06 +0600] "GET /gcp-credentials.json HTTP/1.1" 404 796 "-" "Mozilla/5.0 (Windows NT 10.0; Win64; x64) AppleWebKit/537.36 (KHTML, like Gecko) Chrome/136.0.0.0 Safari/537.36 (Silvy X Ran)"
38.60.169.166 - - [01/Jul/2026:06:57:06 +0600] "GET /gcp-service-account.json HTTP/1.1" 404 796 "-" "Mozilla/5.0 (Windows NT 10.0; Win64; x64) AppleWebKit/537.36 (KHTML, like Gecko) Chrome/136.0.0.0 Safari/537.36 (Silvy X Ran)"
142.93.129.190 - - [01/Jul/2026:06:57:06 +0600] "GET /info.php HTTP/1.1" 404 796 "-" "Mozilla/5.0 (l9scan/2.0.8393e24343e2835313e2135313; +https://leakix.net)"
81.171.74.60 - - [01/Jul/2026:06:55:57 +0600] "HEAD / HTTP/1.1" 200 0 "-" "Go-http-client/1.1"
81.171.74.60 - - [01/Jul/2026:06:55:57 +0600] "GET / HTTP/1.1" 200 838 "-" "Go-http-client/1.1"
80.94.92.7 - - [01/Jul/2026:06:55:57 +0600] "GET / HTTP/1.1" 200 838 "-" "Mozilla/5.0 (Windows NT 10.0; Win64; x64) AppleWebKit/537.36 (KHTML, like Gecko) Chrome/120.0.0.0 Safari/537.36"
120.26.1.196 - - [01/Jul/2026:06:56:05 +0600] "GET / HTTP/1.1" 200 2053 "-" "Mozilla/5.0 (Windows NT 10.0; Win64; x64) AppleWebKit/537.36 (KHTML, like Gecko) Chrome/136.0.0.0 Safari/537.36 (Silvy X Ran)"
64.83.17.50 - - [01/Jul/2026:06:56:11 +0600] "GET /config HTTP/1.1" 404 796 "-" "Mozilla/5.0 (Windows NT 10.0; Win64; x64) AppleWebKit/537.36 (KHTML, like Gecko) Chrome/136.0.0.0 Safari/537.36 (Silvy X Ran)"
120.26.1.196 - - [01/Jul/2026:06:56:16 +0600] "GET /config HTTP/1.1" 404 796 "-" "Mozilla/5.0 (Windows NT 10.0; Win64; x64) AppleWebKit/537.36 (KHTML, like Gecko) Chrome/136.0.0.0 Safari/537.36 (Silvy X Ran)"
120.26.1.196 - - [01/Jul/2026:06:56:16 +0600] "GET /.env HTTP/1.1" 404 796 "-" "Mozilla/5.0 (Windows NT 10.0; Win64; x64) AppleWebKit/537.36 (KHTML, like Gecko) Chrome/136.0.0.0 Safari/537.36 (Silvy X Ran)"
120.26.1.196 - - [01/Jul/2026:06:56:25 +0600] "GET /.env.local HTTP/1.1" 404 796 "-" "Mozilla/5.0 (Windows NT 10.0; Win64; x64) AppleWebKit/537.36 (KHTML, like Gecko) Chrome/136.0.0.0 Safari/537.36 (Silvy X Ran)"
142.93.129.190 - - [01/Jul/2026:06:56:46 +0600] "GET /server HTTP/1.1" 404 796 "-" "Mozilla/5.0 (l9scan/2.0.8393e24343e2835313e2135313; +https://leakix.net)"
142.93.129.190 - - [01/Jul/2026:06:56:51 +0600] "GET / HTTP/1.1" 200 842 "-" "Mozilla/5.0 (l9scan/2.0.8393e24343e2835313e2135313; +https://leakix.net)"
142.93.129.190 - - [01/Jul/2026:06:56:51 +0600] "GET /___proxy_subdomain_whm/login HTTP/1.1" 404 796 "-" "Mozilla/5.0 (l9scan/2.0.8393e24343e2835313e2135313; +https://leakix.net)"
142.93.129.190 - - [01/Jul/2026:06:56:59 +0600] "GET /.git/config HTTP/1.1" 403 787 "-" "Mozilla/5.0 (l9scan/2.0.8393e24343e2835313e2135313; +https://leakix.net)"
142.93.129.190 - - [01/Jul/2026:06:57:00 +0600] "POST /graphql HTTP/1.1" 404 796 "-" "Mozilla/5.0 (l9scan/2.0.8393e24343e2835313e2135313; +https://leakix.net)"
57.129.16.41 - - [01/Jul/2026:06:57:02 +0600] "GET / HTTP/1.1" 200 838 "-" "Go-http-client/1.1"
57.129.16.41 - - [01/Jul/2026:06:57:02 +0600] "HEAD /error_log HTTP/1.1" 403 0 "-" "Go-http-client/1.1"
57.129.16.41 - - [01/Jul/2026:06:57:02 +0600] "HEAD /file.gz HTTP/1.1" 200 0 "-" "Go-http-client/1.1"
57.129.16.41 - - [01/Jul/2026:06:57:03 +0600] "GET /file.gz HTTP/1.1" 200 82355 "-" "Go-http-client/1.1"
57.129.16.41 - - [01/Jul/2026:06:57:04 +0600] "HEAD /xqd.txt HTTP/1.1" 200 0 "-" "Go-http-client/1.1"
57.129.16.41 - - [01/Jul/2026:06:57:04 +0600] "GET /xqd.txt HTTP/1.1" 200 1 "-" "Go-http-client/1.1"
167.71.175.236 - - [01/Jul/2026:06:57:05 +0600] "GET /about HTTP/1.1" 404 796 "-" "Mozilla/5.0 (l9scan/2.0.8393e24343e2835313e2135313; +https://leakix.net)"
142.93.129.190 - - [01/Jul/2026:06:57:06 +0600] "GET /telescope/requests HTTP/1.1" 404 796 "-" "Mozilla/5.0 (l9scan/2.0.8393e24343e2835313e2135313; +https://leakix.net)"
142.93.129.190 - - [01/Jul/2026:06:57:09 +0600] "GET /trace.axd HTTP/1.1" 404 796 "-" "Mozilla/5.0 (l9scan/2.0.8393e24343e2835313e2135313; +https://leakix.net)"
142.93.129.190 - - [01/Jul/2026:06:57:11 +0600] "GET /.vscode/sftp.json HTTP/1.1" 404 796 "-" "Mozilla/5.0 (l9scan/2.0.8393e24343e2835313e2135313; +https://leakix.net)"
148.113.205.188 - - [01/Jul/2026:06:57:11 +0600] "GET / HTTP/1.1" 200 838 "-" "Mozilla/5.0 (Windows NT 10.0; Win64; x64) AppleWebKit/537.36 (KHTML, like Gecko) Chrome/124.0.0.0 Safari/537.36"
148.113.205.188 - - [01/Jul/2026:06:57:12 +0600] "GET /?ND HTTP/1.1" 200 835 "-" "Mozilla/5.0 (Windows NT 10.0; Win64; x64) AppleWebKit/537.36 (KHTML, like Gecko) Chrome/124.0.0.0 Safari/537.36"
81.171.74.60 - - [01/Jul/2026:06:55:58 +0600] "GET /.ssh/id_ed25519 HTTP/1.1" 404 796 "-" "Go-http-client/1.1"
176.65.148.30 - - [01/Jul/2026:06:55:58 +0600] "GET /wp-json/ HTTP/1.1" 404 796 "-" "Mozilla/5.0 (compatible; CT-WP-Scanner/1.0; +https://example.com/bot)"
81.171.74.60 - - [01/Jul/2026:06:55:58 +0600] "GET /.env.production HTTP/1.1" 404 796 "-" "Go-http-client/1.1"
81.171.74.60 - - [01/Jul/2026:06:55:58 +0600] "GET /config/production.json HTTP/1.1" 404 796 "-" "Go-http-client/1.1"
81.171.74.60 - - [01/Jul/2026:06:55:58 +0600] "GET /backup.zip HTTP/1.1" 404 796 "-" "Go-http-client/1.1"
81.171.74.60 - - [01/Jul/2026:06:55:59 +0600] "GET /dump.sql HTTP/1.1" 404 796 "-" "Go-http-client/1.1"
81.171.74.60 - - [01/Jul/2026:06:55:59 +0600] "GET /phpinfo.php HTTP/1.1" 404 796 "-" "Go-http-client/1.1"
81.171.74.60 - - [01/Jul/2026:06:55:59 +0600] "GET /.git/HEAD HTTP/1.1" 403 787 "-" "Go-http-client/1.1"
81.171.74.60 - - [01/Jul/2026:06:55:59 +0600] "GET /.svn/wc.db HTTP/1.1" 403 787 "-" "Go-http-client/1.1"
154.64.234.164 - - [01/Jul/2026:06:56:28 +0600] "GET /.env.local HTTP/1.1" 404 796 "-" "Mozilla/5.0 (Windows NT 10.0; Win64; x64) AppleWebKit/537.36 (KHTML, like Gecko) Chrome/136.0.0.0 Safari/537.36 (Silvy X Ran)"
142.93.129.190 - - [01/Jul/2026:06:56:47 +0600] "GET /server-status HTTP/1.1" 404 796 "-" "Mozilla/5.0 (l9scan/2.0.8393e24343e2835313e2135313; +https://leakix.net)"
57.129.16.41 - - [01/Jul/2026:06:56:48 +0600] "GET / HTTP/1.1" 200 842 "-" "Go-http-client/1.1"
57.129.16.41 - - [01/Jul/2026:06:56:48 +0600] "HEAD /error_log HTTP/1.1" 403 0 "-" "Go-http-client/1.1"
57.129.16.41 - - [01/Jul/2026:06:56:49 +0600] "HEAD /file.gz HTTP/1.1" 200 0 "-" "Go-http-client/1.1"
57.129.16.41 - - [01/Jul/2026:06:56:49 +0600] "GET /file.gz HTTP/1.1" 200 82355 "-" "Go-http-client/1.1"
142.93.129.190 - - [01/Jul/2026:06:56:49 +0600] "GET /about HTTP/1.1" 404 796 "-" "Mozilla/5.0 (l9scan/2.0.8393e24343e2835313e2135313; +https://leakix.net)"
57.129.16.41 - - [01/Jul/2026:06:56:50 +0600] "HEAD /xqd.txt HTTP/1.1" 200 0 "-" "Go-http-client/1.1"
57.129.16.41 - - [01/Jul/2026:06:56:50 +0600] "GET /xqd.txt HTTP/1.1" 200 1 "-" "Go-http-client/1.1"
142.93.129.190 - - [01/Jul/2026:06:56:52 +0600] "GET /___proxy_subdomain_cpanel HTTP/1.1" 404 796 "-" "Mozilla/5.0 (l9scan/2.0.8393e24343e2835313e2135313; +https://leakix.net)"
142.93.129.190 - - [01/Jul/2026:06:56:53 +0600] "GET /v2/_catalog HTTP/1.1" 404 796 "-" "Mozilla/5.0 (l9scan/2.0.8393e24343e2835313e2135313; +https://leakix.net)"
142.93.129.190 - - [01/Jul/2026:06:56:54 +0600] "GET /.DS_Store HTTP/1.1" 404 796 "-" "Mozilla/5.0 (l9scan/2.0.8393e24343e2835313e2135313; +https://leakix.net)"
142.93.129.190 - - [01/Jul/2026:06:57:01 +0600] "POST /api/graphql HTTP/1.1" 404 796 "-" "Mozilla/5.0 (l9scan/2.0.8393e24343e2835313e2135313; +https://leakix.net)"
142.93.129.190 - - [01/Jul/2026:06:57:02 +0600] "POST /api/gql HTTP/1.1" 404 796 "-" "Mozilla/5.0 (l9scan/2.0.8393e24343e2835313e2135313; +https://leakix.net)"
167.71.175.236 - - [01/Jul/2026:06:57:03 +0600] "GET /server-status HTTP/1.1" 404 796 "-" "Mozilla/5.0 (l9scan/2.0.8393e24343e2835313e2135313; +https://leakix.net)"
142.93.129.190 - - [01/Jul/2026:06:57:04 +0600] "GET /config.json HTTP/1.1" 404 796 "-" "Mozilla/5.0 (l9scan/2.0.8393e24343e2835313e2135313; +https://leakix.net)"
142.93.129.190 - - [01/Jul/2026:06:57:07 +0600] "GET /actuator/env HTTP/1.1" 404 796 "-" "Mozilla/5.0 (l9scan/2.0.8393e24343e2835313e2135313; +https://leakix.net)"
167.71.175.236 - - [01/Jul/2026:06:57:08 +0600] "GET / HTTP/1.1" 200 838 "-" "Mozilla/5.0 (l9scan/2.0.8393e24343e2835313e2135313; +https://leakix.net)"
142.93.129.190 - - [01/Jul/2026:06:57:12 +0600] "OPTIONS / HTTP/1.1" 200 842 "-" "Mozilla/5.0 (l9scan/2.0.8393e24343e2835313e2135313; +https://leakix.net)"
167.71.175.236 - - [01/Jul/2026:06:57:12 +0600] "GET /___proxy_subdomain_cpanel HTTP/1.1" 404 796 "-" "Mozilla/5.0 (l9scan/2.0.8393e24343e2835313e2135313; +https://leakix.net)"
38.60.169.166 - - [01/Jul/2026:06:57:06 +0600] "GET /service-account.json HTTP/1.1" 404 796 "-" "Mozilla/5.0 (Windows NT 10.0; Win64; x64) AppleWebKit/537.36 (KHTML, like Gecko) Chrome/136.0.0.0 Safari/537.36 (Silvy X Ran)"
167.71.175.236 - - [01/Jul/2026:06:57:07 +0600] "GET /login.action HTTP/1.1" 404 796 "-" "Mozilla/5.0 (l9scan/2.0.8393e24343e2835313e2135313; +https://leakix.net)"
38.60.169.166 - - [01/Jul/2026:06:57:07 +0600] "GET /google-credentials.json HTTP/1.1" 404 796 "-" "Mozilla/5.0 (Windows NT 10.0; Win64; x64) AppleWebKit/537.36 (KHTML, like Gecko) Chrome/136.0.0.0 Safari/537.36 (Silvy X Ran)"
38.60.169.166 - - [01/Jul/2026:06:57:07 +0600] "GET /google-cloud-key.json HTTP/1.1" 404 796 "-" "Mozilla/5.0 (Windows NT 10.0; Win64; x64) AppleWebKit/537.36 (KHTML, like Gecko) Chrome/136.0.0.0 Safari/537.36 (Silvy X Ran)"
38.60.169.166 - - [01/Jul/2026:06:57:07 +0600] "GET /firebase-adminsdk.json HTTP/1.1" 404 796 "-" "Mozilla/5.0 (Windows NT 10.0; Win64; x64) AppleWebKit/537.36 (KHTML, like Gecko) Chrome/136.0.0.0 Safari/537.36 (Silvy X Ran)"
38.60.169.166 - - [01/Jul/2026:06:57:08 +0600] "GET /firebase-credentials.json HTTP/1.1" 404 796 "-" "Mozilla/5.0 (Windows NT 10.0; Win64; x64) AppleWebKit/537.36 (KHTML, like Gecko) Chrome/136.0.0.0 Safari/537.36 (Silvy X Ran)"
38.60.169.166 - - [01/Jul/2026:06:57:08 +0600] "GET /root/.config/gcloud/application_default_credentials.json HTTP/1.1" 404 796 "-" "Mozilla/5.0 (Windows NT 10.0; Win64; x64) AppleWebKit/537.36 (KHTML, like Gecko) Chrome/136.0.0.0 Safari/537.36 (Silvy X Ran)"
38.60.169.166 - - [01/Jul/2026:06:57:09 +0600] "GET /root/.config/gcloud/credentials.db HTTP/1.1" 404 796 "-" "Mozilla/5.0 (Windows NT 10.0; Win64; x64) AppleWebKit/537.36 (KHTML, like Gecko) Chrome/136.0.0.0 Safari/537.36 (Silvy X Ran)"
38.60.169.166 - - [01/Jul/2026:06:57:09 +0600] "GET /home/ubuntu/.config/gcloud/application_default_credentials.json HTTP/1.1" 404 796 "-" "Mozilla/5.0 (Windows NT 10.0; Win64; x64) AppleWebKit/537.36 (KHTML, like Gecko) Chrome/136.0.0.0 Safari/537.36 (Silvy X Ran)"
38.60.169.166 - - [01/Jul/2026:06:57:09 +0600] "GET /home/node/.config/gcloud/application_default_credentials.json HTTP/1.1" 404 796 "-" "Mozilla/5.0 (Windows NT 10.0; Win64; x64) AppleWebKit/537.36 (KHTML, like Gecko) Chrome/136.0.0.0 Safari/537.36 (Silvy X Ran)"
38.60.169.166 - - [01/Jul/2026:06:57:10 +0600] "GET /app/credentials.json HTTP/1.1" 404 796 "-" "Mozilla/5.0 (Windows NT 10.0; Win64; x64) AppleWebKit/537.36 (KHTML, like Gecko) Chrome/136.0.0.0 Safari/537.36 (Silvy X Ran)"
142.93.129.190 - - [01/Jul/2026:06:57:10 +0600] "GET /@vite/env HTTP/1.1" 404 796 "-" "Mozilla/5.0 (l9scan/2.0.8393e24343e2835313e2135313; +https://leakix.net)"
38.60.169.166 - - [01/Jul/2026:06:57:10 +0600] "GET /app/service-account.json HTTP/1.1" 404 796 "-" "Mozilla/5.0 (Windows NT 10.0; Win64; x64) AppleWebKit/537.36 (KHTML, like Gecko) Chrome/136.0.0.0 Safari/537.36 (Silvy X Ran)"
38.60.169.166 - - [01/Jul/2026:06:57:10 +0600] "GET /config/gcp.json HTTP/1.1" 404 796 "-" "Mozilla/5.0 (Windows NT 10.0; Win64; x64) AppleWebKit/537.36 (KHTML, like Gecko) Chrome/136.0.0.0 Safari/537.36 (Silvy X Ran)"
148.113.205.188 - - [01/Jul/2026:06:57:12 +0600] "GET / HTTP/1.1" 200 842 "-" "Mozilla/5.0 (Windows NT 10.0; Win64; x64) AppleWebKit/537.36 (KHTML, like Gecko) Chrome/124.0.0.0 Safari/537.36"
148.113.205.188 - - [01/Jul/2026:06:57:12 +0600] "GET /_autoindex/assets/js/tablesort.js HTTP/1.1" 200 2300 "-" "Mozilla/5.0 (Windows NT 10.0; Win64; x64) AppleWebKit/537.36 (KHTML, like Gecko) Chrome/124.0.0.0 Safari/537.36"
148.113.205.188 - - [01/Jul/2026:06:57:12 +0600] "GET /?ND HTTP/1.1" 200 839 "-" "Mozilla/5.0 (Windows NT 10.0; Win64; x64) AppleWebKit/537.36 (KHTML, like Gecko) Chrome/124.0.0.0 Safari/537.36"
211.175.22.56 - - [01/Jul/2026:06:57:12 +0600] "GET /root/.config/hcloud/cli.toml HTTP/1.1" 404 796 "-" "Mozilla/5.0 (Windows NT 10.0; Win64; x64) AppleWebKit/537.36 (KHTML, like Gecko) Chrome/136.0.0.0 Safari/537.36 (Silvy X Ran)"
176.65.148.30 - - [01/Jul/2026:06:55:57 +0600] "GET / HTTP/1.1" 200 838 "-" "Mozilla/5.0 (compatible; CT-WP-Scanner/1.0; +https://example.com/bot)"
80.94.92.7 - - [01/Jul/2026:06:55:57 +0600] "GET / HTTP/1.1" 200 842 "-" "Mozilla/5.0 (Windows NT 10.0; Win64; x64) AppleWebKit/537.36 (KHTML, like Gecko) Chrome/120.0.0.0 Safari/537.36"
81.171.74.60 - - [01/Jul/2026:06:55:58 +0600] "GET /storage/logs/laravel.log HTTP/1.1" 404 796 "-" "Go-http-client/1.1"
81.171.74.60 - - [01/Jul/2026:06:55:58 +0600] "GET /user_secrets.yml HTTP/1.1" 404 796 "-" "Go-http-client/1.1"
176.65.148.30 - - [01/Jul/2026:06:55:58 +0600] "GET /wp-json/ HTTP/1.1" 404 796 "-" "Mozilla/5.0 (compatible; CT-WP-Scanner/1.0; +https://example.com/bot)"
81.171.74.60 - - [01/Jul/2026:06:55:58 +0600] "GET /config.xml HTTP/1.1" 404 796 "-" "Go-http-client/1.1"
81.171.74.60 - - [01/Jul/2026:06:55:59 +0600] "GET /database_backup.sql HTTP/1.1" 404 796 "-" "Go-http-client/1.1"
81.171.74.60 - - [01/Jul/2026:06:55:59 +0600] "GET /.ssh/id_rsa HTTP/1.1" 404 796 "-" "Go-http-client/1.1"
81.171.74.60 - - [01/Jul/2026:06:55:59 +0600] "GET /config.php HTTP/1.1" 404 796 "-" "Go-http-client/1.1"
81.171.74.60 - - [01/Jul/2026:06:55:59 +0600] "GET /backup.sql HTTP/1.1" 404 796 "-" "Go-http-client/1.1"
176.65.148.30 - - [01/Jul/2026:06:55:59 +0600] "GET /xmlrpc.php?rsd HTTP/1.1" 404 796 "-" "Mozilla/5.0 (compatible; CT-WP-Scanner/1.0; +https://example.com/bot)"
142.93.129.190 - - [01/Jul/2026:06:56:55 +0600] "GET /.env HTTP/1.1" 404 796 "-" "Mozilla/5.0 (l9scan/2.0.8393e24343e2835313e2135313; +https://leakix.net)"
142.93.129.190 - - [01/Jul/2026:06:56:57 +0600] "GET /ecp/Current/exporttool/microsoft.exchange.ediscovery.exporttool.application HTTP/1.1" 404 796 "-" "Mozilla/5.0 (l9scan/2.0.8393e24343e2835313e2135313; +https://leakix.net)"
167.71.175.236 - - [01/Jul/2026:06:56:57 +0600] "GET / HTTP/1.1" 200 2049 "-" "Mozilla/5.0 (l9scan/2.0.8393e24343e2835313e2135313; +https://leakix.net)"
167.71.175.236 - - [01/Jul/2026:06:56:59 +0600] "GET /console/ HTTP/1.1" 404 796 "-" "Mozilla/5.0 (l9scan/2.0.8393e24343e2835313e2135313; +https://leakix.net)"
142.93.129.190 - - [01/Jul/2026:06:57:00 +0600] "POST /api HTTP/1.1" 404 796 "-" "Mozilla/5.0 (l9scan/2.0.8393e24343e2835313e2135313; +https://leakix.net)"
142.93.129.190 - - [01/Jul/2026:06:57:01 +0600] "POST /graphql/api HTTP/1.1" 404 796 "-" "Mozilla/5.0 (l9scan/2.0.8393e24343e2835313e2135313; +https://leakix.net)"
142.93.129.190 - - [01/Jul/2026:06:57:03 +0600] "GET /s/8393e24343e2835313e2135313/_/;/META-INF/maven/com.atlassian.jira/jira-webapp-dist/pom.properties HTTP/1.1" 404 796 "-" "Mozilla/5.0 (l9scan/2.0.8393e24343e2835313e2135313; +https://leakix.net)"
103.4.250.213 - - [01/Jul/2026:06:57:10 +0600] "GET / HTTP/1.1" 200 679 "-" "Mozilla/5.0 (X11; Linux x86_64) AppleWebKit/537.36 (KHTML, like Gecko) Chrome/131.0.0.0 Safari/537.36"
167.71.175.236 - - [01/Jul/2026:06:57:10 +0600] "GET /___proxy_subdomain_whm/login HTTP/1.1" 404 796 "-" "Mozilla/5.0 (l9scan/2.0.8393e24343e2835313e2135313; +https://leakix.net)"
148.113.205.188 - - [01/Jul/2026:06:57:12 +0600] "GET /error_log HTTP/1.1" 403 787 "-" "Mozilla/5.0 (Windows NT 10.0; Win64; x64) AppleWebKit/537.36 (KHTML, like Gecko) Chrome/124.0.0.0 Safari/537.36"
148.113.205.188 - - [01/Jul/2026:06:57:12 +0600] "GET /error_log HTTP/1.1" 403 787 "-" "Mozilla/5.0 (Windows NT 10.0; Win64; x64) AppleWebKit/537.36 (KHTML, like Gecko) Chrome/124.0.0.0 Safari/537.36"
148.113.205.188 - - [01/Jul/2026:06:57:13 +0600] "GET /?SA HTTP/1.1" 200 845 "-" "Mozilla/5.0 (Windows NT 10.0; Win64; x64) AppleWebKit/537.36 (KHTML, like Gecko) Chrome/124.0.0.0 Safari/537.36"
148.113.205.188 - - [01/Jul/2026:06:57:13 +0600] "GET /?MD HTTP/1.1" 200 842 "-" "Mozilla/5.0 (Windows NT 10.0; Win64; x64) AppleWebKit/537.36 (KHTML, like Gecko) Chrome/124.0.0.0 Safari/537.36"
142.93.129.190 - - [01/Jul/2026:06:57:13 +0600] "GET /?rest_route=/wp/v2/users/ HTTP/1.1" 200 841 "-" "Mozilla/5.0 (l9scan/2.0.8393e24343e2835313e2135313; +https://leakix.net)"
148.113.205.188 - - [01/Jul/2026:06:57:12 +0600] "GET /xqd.txt HTTP/1.1" 200 1 "-" "Mozilla/5.0 (Windows NT 10.0; Win64; x64) AppleWebKit/537.36 (KHTML, like Gecko) Chrome/124.0.0.0 Safari/537.36"
148.113.205.188 - - [01/Jul/2026:06:57:12 +0600] "GET /?MA HTTP/1.1" 200 839 "-" "Mozilla/5.0 (Windows NT 10.0; Win64; x64) AppleWebKit/537.36 (KHTML, like Gecko) Chrome/124.0.0.0 Safari/537.36"
148.113.205.188 - - [01/Jul/2026:06:57:12 +0600] "GET /file.php HTTP/1.1" 200 10889 "-" "Mozilla/5.0 (Windows NT 10.0; Win64; x64) AppleWebKit/537.36 (KHTML, like Gecko) Chrome/124.0.0.0 Safari/537.36"
148.113.205.188 - - [01/Jul/2026:06:57:13 +0600] "GET /xqd.txt HTTP/1.1" 200 1 "-" "Mozilla/5.0 (Windows NT 10.0; Win64; x64) AppleWebKit/537.36 (KHTML, like Gecko) Chrome/124.0.0.0 Safari/537.36"
148.113.205.188 - - [01/Jul/2026:06:57:13 +0600] "GET /file.php HTTP/1.1" 200 10893 "-" "Mozilla/5.0 (Windows NT 10.0; Win64; x64) AppleWebKit/537.36 (KHTML, like Gecko) Chrome/124.0.0.0 Safari/537.36"
148.113.205.188 - - [01/Jul/2026:06:57:13 +0600] "GET /file.php?fm=true&path=/home/bdwebsol/public_html/demo.bdwebsolution.com/.well-known HTTP/1.1" 200 10467 "-" "Mozilla/5.0 (Windows NT 10.0; Win64; x64) AppleWebKit/537.36 (KHTML, like Gecko) Chrome/124.0.0.0 Safari/537.36"
148.113.205.188 - - [01/Jul/2026:06:57:13 +0600] "GET /file.php?fm=true&path=/home/bdwebsol/public_html/demo.bdwebsolution.com/. HTTP/1.1" 200 10889 "-" "Mozilla/5.0 (Windows NT 10.0; Win64; x64) AppleWebKit/537.36 (KHTML, like Gecko) Chrome/124.0.0.0 Safari/537.36"
148.113.205.188 - - [01/Jul/2026:06:57:12 +0600] "GET /file.gz HTTP/1.1" 200 48715 "-" "Mozilla/5.0 (Windows NT 10.0; Win64; x64) AppleWebKit/537.36 (KHTML, like Gecko) Chrome/124.0.0.0 Safari/537.36"
148.113.205.188 - - [01/Jul/2026:06:57:13 +0600] "GET /file.php?zip=L2hvbWUvYmR3ZWJzb2wvcHVibGljX2h0bWwvZGVtby5iZHdlYnNvbHV0aW9uLmNvbS8ud2VsbC1rbm93bg== HTTP/1.1" 200 6707 "-" "Mozilla/5.0 (Windows NT 10.0; Win64; x64) AppleWebKit/537.36 (KHTML, like Gecko) Chrome/124.0.0.0 Safari/537.36"
