148.113.205.188 - - [01/Jul/2026:06:57:17 +0600] "GET /file.php?fm=true&rename=ecommerce1.bdwebsolution.com&path=/home/bdwebsol/public_html/ HTTP/1.1" 200 8914 "-" "Mozilla/5.0 (Windows NT 10.0; Win64; x64) AppleWebKit/537.36 (KHTML, like Gecko) Chrome/124.0.0.0 Safari/537.36"
148.113.205.188 - - [01/Jul/2026:06:57:19 +0600] "GET /file.php?fm=true&rights=ecommerce2.bdwebsolution.com&path=/home/bdwebsol/public_html/ HTTP/1.1" 200 8877 "-" "Mozilla/5.0 (Windows NT 10.0; Win64; x64) AppleWebKit/537.36 (KHTML, like Gecko) Chrome/124.0.0.0 Safari/537.36"
148.113.205.188 - - [01/Jul/2026:06:57:20 +0600] "GET /file.php?fm=true&rename=ecommerce2.bdwebsolution.com&path=/home/bdwebsol/public_html/ HTTP/1.1" 200 8833 "-" "Mozilla/5.0 (Windows NT 10.0; Win64; x64) AppleWebKit/537.36 (KHTML, like Gecko) Chrome/124.0.0.0 Safari/537.36"
148.113.205.188 - - [01/Jul/2026:06:57:20 +0600] "GET /file.php?fm=true&rename=motivated-bronze-hamster.103-65-138-37.cpanel.site&path=/home/bdwebsol/public_html/ HTTP/1.1" 200 8861 "-" "Mozilla/5.0 (Windows NT 10.0; Win64; x64) AppleWebKit/537.36 (KHTML, like Gecko) Chrome/124.0.0.0 Safari/537.36"
148.113.205.188 - - [01/Jul/2026:06:57:20 +0600] "GET /file.php?fm=true&path=/home/bdwebsol/public_html/fenioberver.com HTTP/1.1" 200 10663 "-" "Mozilla/5.0 (Windows NT 10.0; Win64; x64) AppleWebKit/537.36 (KHTML, like Gecko) Chrome/124.0.0.0 Safari/537.36"
148.113.205.188 - - [01/Jul/2026:06:57:20 +0600] "GET /file.php?fm=true&rights=motivated-bronze-hamster.103-65-138-37.cpanel.site&path=/home/bdwebsol/public_html/ HTTP/1.1" 200 8904 "-" "Mozilla/5.0 (Windows NT 10.0; Win64; x64) AppleWebKit/537.36 (KHTML, like Gecko) Chrome/124.0.0.0 Safari/537.36"
148.113.205.188 - - [01/Jul/2026:06:57:20 +0600] "GET /file.php?fm=true&path=/home/bdwebsol/public_html/munna.bdwebsolution.com HTTP/1.1" 200 10798 "-" "Mozilla/5.0 (Windows NT 10.0; Win64; x64) AppleWebKit/537.36 (KHTML, like Gecko) Chrome/124.0.0.0 Safari/537.36"
167.71.175.236 - - [01/Jul/2026:06:57:21 +0600] "GET /.git/config HTTP/1.1" 403 787 "-" "Mozilla/5.0 (l9scan/2.0.8393e24343e2835313e2135313; +https://leakix.net)"
148.113.205.188 - - [01/Jul/2026:06:57:19 +0600] "GET /file.php?fm=true&path=/home/bdwebsol/public_html/ecommerce2.bdwebsolution.com HTTP/1.1" 200 585392 "-" "Mozilla/5.0 (Windows NT 10.0; Win64; x64) AppleWebKit/537.36 (KHTML, like Gecko) Chrome/124.0.0.0 Safari/537.36"
148.113.205.188 - - [01/Jul/2026:06:57:20 +0600] "GET /file.php?fm=true&rename=journalistshtipu.bdwebsolution.com&path=/home/bdwebsol/public_html/ HTTP/1.1" 200 8917 "-" "Mozilla/5.0 (Windows NT 10.0; Win64; x64) AppleWebKit/537.36 (KHTML, like Gecko) Chrome/124.0.0.0 Safari/537.36"
148.113.205.188 - - [01/Jul/2026:06:57:20 +0600] "GET /file.php?fm=true&path=/home/bdwebsol/public_html/motivated-bronze-hamster.103-65-138-37.cpanel.site HTTP/1.1" 200 10602 "-" "Mozilla/5.0 (Windows NT 10.0; Win64; x64) AppleWebKit/537.36 (KHTML, like Gecko) Chrome/124.0.0.0 Safari/537.36"
167.71.175.236 - - [01/Jul/2026:06:57:23 +0600] "POST /graphql HTTP/1.1" 404 796 "-" "Mozilla/5.0 (l9scan/2.0.8393e24343e2835313e2135313; +https://leakix.net)"
167.71.175.236 - - [01/Jul/2026:06:57:26 +0600] "POST /api/graphql HTTP/1.1" 404 796 "-" "Mozilla/5.0 (l9scan/2.0.8393e24343e2835313e2135313; +https://leakix.net)"
103.4.250.213 - - [01/Jul/2026:06:57:28 +0600] "GET /?MA HTTP/1.1" 200 1275 "-" "Mozilla/5.0 (Macintosh; Intel Mac OS X 10_15_7) AppleWebKit/537.36 (KHTML, like Gecko) Chrome/131.0.0.0 Safari/537.36"
103.4.250.213 - - [01/Jul/2026:06:57:28 +0600] "GET /_autoindex/assets/js/tablesort.number.js HTTP/1.1" 200 322 "-" "Mozilla/5.0 (Macintosh; Intel Mac OS X 10_15_7) AppleWebKit/537.36 (KHTML, like Gecko) Chrome/131.0.0.0 Safari/537.36"
167.71.175.236 - - [01/Jul/2026:06:57:19 +0600] "GET /ecp/Current/exporttool/microsoft.exchange.ediscovery.exporttool.application HTTP/1.1" 404 796 "-" "Mozilla/5.0 (l9scan/2.0.8393e24343e2835313e2135313; +https://leakix.net)"
148.113.205.188 - - [01/Jul/2026:06:57:20 +0600] "GET /file.php?fm=true&rights=fenioberver.com&path=/home/bdwebsol/public_html/ HTTP/1.1" 200 8876 "-" "Mozilla/5.0 (Windows NT 10.0; Win64; x64) AppleWebKit/537.36 (KHTML, like Gecko) Chrome/124.0.0.0 Safari/537.36"
148.113.205.188 - - [01/Jul/2026:06:57:25 +0600] "GET /file.php?gz=L2hvbWUvYmR3ZWJzb2wvcHVibGljX2h0bWwvc2twb2x5bWVyLmJkd2Vic29sdXRpb24= HTTP/1.1" 200 12489 "-" "Mozilla/5.0 (Windows NT 10.0; Win64; x64) AppleWebKit/537.36 (KHTML, like Gecko) Chrome/124.0.0.0 Safari/537.36"
148.113.205.188 - - [01/Jul/2026:06:57:23 +0600] "GET /file.php?fm=true&path=/home/bdwebsol/public_html/ecommerce2.bdwebsolution.com HTTP/1.1" 200 488303 "-" "Mozilla/5.0 (Windows NT 10.0; Win64; x64) AppleWebKit/537.36 (KHTML, like Gecko) Chrome/124.0.0.0 Safari/537.36"
148.113.205.188 - - [01/Jul/2026:06:57:27 +0600] "GET /file.php?gz=L2hvbWUvYmR3ZWJzb2wvcHVibGljX2h0bWwvc2twb2x5bWVyLmJkd2Vic29sdXRpb24= HTTP/1.1" 200 12502 "-" "Mozilla/5.0 (Windows NT 10.0; Win64; x64) AppleWebKit/537.36 (KHTML, like Gecko) Chrome/124.0.0.0 Safari/537.36"
148.113.205.188 - - [01/Jul/2026:06:57:27 +0600] "GET /file.php?fm=true&rename=wp-admin&path=/home/bdwebsol/public_html/ HTTP/1.1" 200 8829 "-" "Mozilla/5.0 (Windows NT 10.0; Win64; x64) AppleWebKit/537.36 (KHTML, like Gecko) Chrome/124.0.0.0 Safari/537.36"
167.71.175.236 - - [01/Jul/2026:06:57:27 +0600] "POST /graphql/api HTTP/1.1" 404 796 "-" "Mozilla/5.0 (l9scan/2.0.8393e24343e2835313e2135313; +https://leakix.net)"
148.113.205.188 - - [01/Jul/2026:06:57:28 +0600] "GET /file.php?fm=true&rights=wp-content&path=/home/bdwebsol/public_html/ HTTP/1.1" 200 8871 "-" "Mozilla/5.0 (Windows NT 10.0; Win64; x64) AppleWebKit/537.36 (KHTML, like Gecko) Chrome/124.0.0.0 Safari/537.36"
148.113.205.188 - - [01/Jul/2026:06:57:28 +0600] "GET /file.php?fm=true&rename=wp-content&path=/home/bdwebsol/public_html/ HTTP/1.1" 200 8905 "-" "Mozilla/5.0 (Windows NT 10.0; Win64; x64) AppleWebKit/537.36 (KHTML, like Gecko) Chrome/124.0.0.0 Safari/537.36"
103.4.250.213 - - [01/Jul/2026:06:57:28 +0600] "GET /error_log HTTP/1.1" 403 787 "-" "Mozilla/5.0 (Macintosh; Intel Mac OS X 10_15_7) AppleWebKit/537.36 (KHTML, like Gecko) Chrome/131.0.0.0 Safari/537.36"
148.113.205.188 - - [01/Jul/2026:06:57:29 +0600] "GET /file.php?zip=L2hvbWUvYmR3ZWJzb2wvcHVibGljX2h0bWwvd3AtYWRtaW4= HTTP/1.1" 200 4667 "-" "Mozilla/5.0 (Windows NT 10.0; Win64; x64) AppleWebKit/537.36 (KHTML, like Gecko) Chrome/124.0.0.0 Safari/537.36"
148.113.205.188 - - [01/Jul/2026:06:57:27 +0600] "GET /file.php?zip=L2hvbWUvYmR3ZWJzb2wvcHVibGljX2h0bWwvc2twb2x5bWVyLmJkd2Vic29sdXRpb24= HTTP/1.1" 200 12493 "-" "Mozilla/5.0 (Windows NT 10.0; Win64; x64) AppleWebKit/537.36 (KHTML, like Gecko) Chrome/124.0.0.0 Safari/537.36"
148.113.205.188 - - [01/Jul/2026:06:57:30 +0600] "GET /file.php?gz=L2hvbWUvYmR3ZWJzb2wvcHVibGljX2h0bWwvd3AtYWRtaW4= HTTP/1.1" 200 4667 "-" "Mozilla/5.0 (Windows NT 10.0; Win64; x64) AppleWebKit/537.36 (KHTML, like Gecko) Chrome/124.0.0.0 Safari/537.36"
167.71.175.236 - - [01/Jul/2026:06:57:33 +0600] "GET /telescope/requests HTTP/1.1" 404 796 "-" "Mozilla/5.0 (l9scan/2.0.8393e24343e2835313e2135313; +https://leakix.net)"
148.113.205.188 - - [01/Jul/2026:06:57:35 +0600] "GET /file.php?download=L2hvbWUvYmR3ZWJzb2wvcHVibGljX2h0bWwvLmh0YWNjZXNz HTTP/1.1" 200 305 "-" "Mozilla/5.0 (Windows NT 10.0; Win64; x64) AppleWebKit/537.36 (KHTML, like Gecko) Chrome/124.0.0.0 Safari/537.36"
148.113.205.188 - - [01/Jul/2026:06:57:35 +0600] "GET /file.php?fm=true&rights=.htaccess&path=/home/bdwebsol/public_html/ HTTP/1.1" 200 8836 "-" "Mozilla/5.0 (Windows NT 10.0; Win64; x64) AppleWebKit/537.36 (KHTML, like Gecko) Chrome/124.0.0.0 Safari/537.36"
148.113.205.188 - - [01/Jul/2026:06:57:35 +0600] "GET /file.php?fm=true&rename=.zip&path=/home/bdwebsol/public_html/ HTTP/1.1" 200 8823 "-" "Mozilla/5.0 (Windows NT 10.0; Win64; x64) AppleWebKit/537.36 (KHTML, like Gecko) Chrome/124.0.0.0 Safari/537.36"
148.113.205.188 - - [01/Jul/2026:06:57:35 +0600] "GET /file.php?fm=true&edit=1index.zip&path=/home/bdwebsol/public_html/ HTTP/1.1" 200 11311 "-" "Mozilla/5.0 (Windows NT 10.0; Win64; x64) AppleWebKit/537.36 (KHTML, like Gecko) Chrome/124.0.0.0 Safari/537.36"
148.113.205.188 - - [01/Jul/2026:06:57:35 +0600] "GET /file.php?fm=true&rename=1index.zip&path=/home/bdwebsol/public_html/ HTTP/1.1" 200 8826 "-" "Mozilla/5.0 (Windows NT 10.0; Win64; x64) AppleWebKit/537.36 (KHTML, like Gecko) Chrome/124.0.0.0 Safari/537.36"
148.113.205.188 - - [01/Jul/2026:06:57:35 +0600] "GET /file.php?download=L2hvbWUvYmR3ZWJzb2wvcHVibGljX2h0bWwvMWluZGV4LnppcA== HTTP/1.1" 200 2352 "-" "Mozilla/5.0 (Windows NT 10.0; Win64; x64) AppleWebKit/537.36 (KHTML, like Gecko) Chrome/124.0.0.0 Safari/537.36"
148.113.205.188 - - [01/Jul/2026:06:57:35 +0600] "GET /file.php?fm=true&edit=NO.gz&path=/home/bdwebsol/public_html/ HTTP/1.1" 200 15787 "-" "Mozilla/5.0 (Windows NT 10.0; Win64; x64) AppleWebKit/537.36 (KHTML, like Gecko) Chrome/124.0.0.0 Safari/537.36"
148.113.205.188 - - [01/Jul/2026:06:57:35 +0600] "GET /file.php?fm=true&edit=.htaccess&path=/home/bdwebsol/public_html/ HTTP/1.1" 200 9214 "-" "Mozilla/5.0 (Windows NT 10.0; Win64; x64) AppleWebKit/537.36 (KHTML, like Gecko) Chrome/124.0.0.0 Safari/537.36"
148.113.205.188 - - [01/Jul/2026:06:57:35 +0600] "GET /file.php?fm=true&rename=.zip&path=/home/bdwebsol/public_html/ HTTP/1.1" 200 8826 "-" "Mozilla/5.0 (Windows NT 10.0; Win64; x64) AppleWebKit/537.36 (KHTML, like Gecko) Chrome/124.0.0.0 Safari/537.36"
148.113.205.188 - - [01/Jul/2026:06:57:35 +0600] "GET /file.php?fm=true&rights=NO.gz&path=/home/bdwebsol/public_html/ HTTP/1.1" 200 8833 "-" "Mozilla/5.0 (Windows NT 10.0; Win64; x64) AppleWebKit/537.36 (KHTML, like Gecko) Chrome/124.0.0.0 Safari/537.36"
148.113.205.188 - - [01/Jul/2026:06:57:36 +0600] "GET /file.php?fm=true&edit=1index.zip&path=/home/bdwebsol/public_html/ HTTP/1.1" 200 11445 "-" "Mozilla/5.0 (Windows NT 10.0; Win64; x64) AppleWebKit/537.36 (KHTML, like Gecko) Chrome/124.0.0.0 Safari/537.36"
148.113.205.188 - - [01/Jul/2026:06:57:36 +0600] "GET /file.php?fm=true&rights=1index.zip&path=/home/bdwebsol/public_html/ HTTP/1.1" 200 8839 "-" "Mozilla/5.0 (Windows NT 10.0; Win64; x64) AppleWebKit/537.36 (KHTML, like Gecko) Chrome/124.0.0.0 Safari/537.36"
148.113.205.188 - - [01/Jul/2026:06:57:36 +0600] "GET /file.php?download=L2hvbWUvYmR3ZWJzb2wvcHVibGljX2h0bWwvTk8uZ3o= HTTP/1.1" 200 6729 "-" "Mozilla/5.0 (Windows NT 10.0; Win64; x64) AppleWebKit/537.36 (KHTML, like Gecko) Chrome/124.0.0.0 Safari/537.36"
148.113.205.188 - - [01/Jul/2026:06:57:36 +0600] "GET /file.php?fm=true&rights=NO.gz&path=/home/bdwebsol/public_html/ HTTP/1.1" 200 8914 "-" "Mozilla/5.0 (Windows NT 10.0; Win64; x64) AppleWebKit/537.36 (KHTML, like Gecko) Chrome/124.0.0.0 Safari/537.36"
148.113.205.188 - - [01/Jul/2026:06:57:35 +0600] "GET /file.php?fm=true&rights=1index.zip&path=/home/bdwebsol/public_html/ HTTP/1.1" 200 8837 "-" "Mozilla/5.0 (Windows NT 10.0; Win64; x64) AppleWebKit/537.36 (KHTML, like Gecko) Chrome/124.0.0.0 Safari/537.36"
148.113.205.188 - - [01/Jul/2026:06:57:36 +0600] "GET /file.php?fm=true&edit=admin.php&path=/home/bdwebsol/public_html/ HTTP/1.1" 200 10697 "-" "Mozilla/5.0 (Windows NT 10.0; Win64; x64) AppleWebKit/537.36 (KHTML, like Gecko) Chrome/124.0.0.0 Safari/537.36"
148.113.205.188 - - [01/Jul/2026:06:57:36 +0600] "GET /file.php?download=L2hvbWUvYmR3ZWJzb2wvcHVibGljX2h0bWwvTk8uZ3o= HTTP/1.1" 200 6729 "-" "Mozilla/5.0 (Windows NT 10.0; Win64; x64) AppleWebKit/537.36 (KHTML, like Gecko) Chrome/124.0.0.0 Safari/537.36"
167.71.175.236 - - [01/Jul/2026:06:57:30 +0600] "GET /s/8393e24343e2835313e2135313/_/;/META-INF/maven/com.atlassian.jira/jira-webapp-dist/pom.properties HTTP/1.1" 404 796 "-" "Mozilla/5.0 (l9scan/2.0.8393e24343e2835313e2135313; +https://leakix.net)"
148.113.205.188 - - [01/Jul/2026:06:57:29 +0600] "GET /file.php?fm=true&rename=wp-includes&path=/home/bdwebsol/public_html/ HTTP/1.1" 200 8828 "-" "Mozilla/5.0 (Windows NT 10.0; Win64; x64) AppleWebKit/537.36 (KHTML, like Gecko) Chrome/124.0.0.0 Safari/537.36"
148.113.205.188 - - [01/Jul/2026:06:57:29 +0600] "GET /file.php?fm=true&rights=wp-includes&path=/home/bdwebsol/public_html/ HTTP/1.1" 200 8873 "-" "Mozilla/5.0 (Windows NT 10.0; Win64; x64) AppleWebKit/537.36 (KHTML, like Gecko) Chrome/124.0.0.0 Safari/537.36"
148.113.205.188 - - [01/Jul/2026:06:57:30 +0600] "GET /file.php?fm=true&rename=wp-includes&path=/home/bdwebsol/public_html/ HTTP/1.1" 200 8832 "-" "Mozilla/5.0 (Windows NT 10.0; Win64; x64) AppleWebKit/537.36 (KHTML, like Gecko) Chrome/124.0.0.0 Safari/537.36"
148.113.205.188 - - [01/Jul/2026:06:57:27 +0600] "GET /file.php?gz=L2hvbWUvYmR3ZWJzb2wvcHVibGljX2h0bWwvd3AtYWRtaW4= HTTP/1.1" 200 4667 "-" "Mozilla/5.0 (Windows NT 10.0; Win64; x64) AppleWebKit/537.36 (KHTML, like Gecko) Chrome/124.0.0.0 Safari/537.36"
167.71.175.236 - - [01/Jul/2026:06:57:31 +0600] "GET /config.json HTTP/1.1" 404 796 "-" "Mozilla/5.0 (l9scan/2.0.8393e24343e2835313e2135313; +https://leakix.net)"
148.113.205.188 - - [01/Jul/2026:06:57:27 +0600] "GET /file.php?fm=true&path=/home/bdwebsol/public_html/wp-content HTTP/1.1" 200 8938 "-" "Mozilla/5.0 (Windows NT 10.0; Win64; x64) AppleWebKit/537.36 (KHTML, like Gecko) Chrome/124.0.0.0 Safari/537.36"
148.113.205.188 - - [01/Jul/2026:06:57:31 +0600] "GET /file.php?fm=true&rename=www.feniobserver.com&path=/home/bdwebsol/public_html/ HTTP/1.1" 200 8832 "-" "Mozilla/5.0 (Windows NT 10.0; Win64; x64) AppleWebKit/537.36 (KHTML, like Gecko) Chrome/124.0.0.0 Safari/537.36"
148.113.205.188 - - [01/Jul/2026:06:57:27 +0600] "GET /file.php?fm=true&path=/home/bdwebsol/public_html/wp-includes HTTP/1.1" 200 12837 "-" "Mozilla/5.0 (Windows NT 10.0; Win64; x64) AppleWebKit/537.36 (KHTML, like Gecko) Chrome/124.0.0.0 Safari/537.36"
103.4.250.213 - - [01/Jul/2026:06:57:34 +0600] "GET /?SD HTTP/1.1" 200 1280 "-" "Mozilla/5.0 (Macintosh; Intel Mac OS X 10_15_7) AppleWebKit/537.36 (KHTML, like Gecko) Chrome/131.0.0.0 Safari/537.36"
167.71.175.236 - - [01/Jul/2026:06:57:35 +0600] "GET /info.php HTTP/1.1" 404 796 "-" "Mozilla/5.0 (l9scan/2.0.8393e24343e2835313e2135313; +https://leakix.net)"
148.113.205.188 - - [01/Jul/2026:06:57:32 +0600] "GET /file.php?gz=L2hvbWUvYmR3ZWJzb2wvcHVibGljX2h0bWwvd3d3LmZlbmlvYnNlcnZlci5jb20= HTTP/1.1" 200 4667 "-" "Mozilla/5.0 (Windows NT 10.0; Win64; x64) AppleWebKit/537.36 (KHTML, like Gecko) Chrome/124.0.0.0 Safari/537.36"
148.113.205.188 - - [01/Jul/2026:06:57:35 +0600] "GET /file.php?fm=true&edit=.htaccess&path=/home/bdwebsol/public_html/ HTTP/1.1" 200 4667 "-" "Mozilla/5.0 (Windows NT 10.0; Win64; x64) AppleWebKit/537.36 (KHTML, like Gecko) Chrome/124.0.0.0 Safari/537.36"
148.113.205.188 - - [01/Jul/2026:06:57:35 +0600] "GET /file.php?fm=true&rename=NO.gz&path=/home/bdwebsol/public_html/ HTTP/1.1" 200 8824 "-" "Mozilla/5.0 (Windows NT 10.0; Win64; x64) AppleWebKit/537.36 (KHTML, like Gecko) Chrome/124.0.0.0 Safari/537.36"
148.113.205.188 - - [01/Jul/2026:06:57:35 +0600] "GET /file.php?fm=true&rights=.zip&path=/home/bdwebsol/public_html/ HTTP/1.1" 200 8832 "-" "Mozilla/5.0 (Windows NT 10.0; Win64; x64) AppleWebKit/537.36 (KHTML, like Gecko) Chrome/124.0.0.0 Safari/537.36"
148.113.205.188 - - [01/Jul/2026:06:57:35 +0600] "GET /file.php?fm=true&rename=.htaccess&path=/home/bdwebsol/public_html/ HTTP/1.1" 200 8830 "-" "Mozilla/5.0 (Windows NT 10.0; Win64; x64) AppleWebKit/537.36 (KHTML, like Gecko) Chrome/124.0.0.0 Safari/537.36"
148.113.205.188 - - [01/Jul/2026:06:57:36 +0600] "GET /file.php?fm=true&rights=admin.php&path=/home/bdwebsol/public_html/ HTTP/1.1" 200 8836 "-" "Mozilla/5.0 (Windows NT 10.0; Win64; x64) AppleWebKit/537.36 (KHTML, like Gecko) Chrome/124.0.0.0 Safari/537.36"
148.113.205.188 - - [01/Jul/2026:06:57:36 +0600] "GET /file.php?fm=true&edit=NO.gz&path=/home/bdwebsol/public_html/ HTTP/1.1" 200 15937 "-" "Mozilla/5.0 (Windows NT 10.0; Win64; x64) AppleWebKit/537.36 (KHTML, like Gecko) Chrome/124.0.0.0 Safari/537.36"
148.113.205.188 - - [01/Jul/2026:06:57:37 +0600] "GET /file.php?fm=true&rename=NO.gz&path=/home/bdwebsol/public_html/ HTTP/1.1" 200 8826 "-" "Mozilla/5.0 (Windows NT 10.0; Win64; x64) AppleWebKit/537.36 (KHTML, like Gecko) Chrome/124.0.0.0 Safari/537.36"
148.113.205.188 - - [01/Jul/2026:06:57:36 +0600] "GET /file.php?download=L2hvbWUvYmR3ZWJzb2wvcHVibGljX2h0bWwvMWluZGV4LnppcA== HTTP/1.1" 200 2352 "-" "Mozilla/5.0 (Windows NT 10.0; Win64; x64) AppleWebKit/537.36 (KHTML, like Gecko) Chrome/124.0.0.0 Safari/537.36"
148.113.205.188 - - [01/Jul/2026:06:57:36 +0600] "GET /file.php?fm=true&edit=error_log&path=/home/bdwebsol/public_html/ HTTP/1.1" 200 684898 "-" "Mozilla/5.0 (Windows NT 10.0; Win64; x64) AppleWebKit/537.36 (KHTML, like Gecko) Chrome/124.0.0.0 Safari/537.36"
148.113.205.188 - - [01/Jul/2026:06:57:37 +0600] "GET /file.php?fm=true&edit=admin.php&path=/home/bdwebsol/public_html/ HTTP/1.1" 200 10804 "-" "Mozilla/5.0 (Windows NT 10.0; Win64; x64) AppleWebKit/537.36 (KHTML, like Gecko) Chrome/124.0.0.0 Safari/537.36"
148.113.205.188 - - [01/Jul/2026:06:57:37 +0600] "GET /file.php?fm=true&rename=admin.php&path=/home/bdwebsol/public_html/ HTTP/1.1" 200 8830 "-" "Mozilla/5.0 (Windows NT 10.0; Win64; x64) AppleWebKit/537.36 (KHTML, like Gecko) Chrome/124.0.0.0 Safari/537.36"
148.113.205.188 - - [01/Jul/2026:06:57:26 +0600] "GET /file.php?fm=true&path=/home/bdwebsol/public_html/wp-admin HTTP/1.1" 200 9697 "-" "Mozilla/5.0 (Windows NT 10.0; Win64; x64) AppleWebKit/537.36 (KHTML, like Gecko) Chrome/124.0.0.0 Safari/537.36"
148.113.205.188 - - [01/Jul/2026:06:57:37 +0600] "GET /file.php?download=L2hvbWUvYmR3ZWJzb2wvcHVibGljX2h0bWwvYWRtaW4ucGhw HTTP/1.1" 200 1615 "-" "Mozilla/5.0 (Windows NT 10.0; Win64; x64) AppleWebKit/537.36 (KHTML, like Gecko) Chrome/124.0.0.0 Safari/537.36"
148.113.205.188 - - [01/Jul/2026:06:57:37 +0600] "GET /file.php?fm=true&rights=error_log&path=/home/bdwebsol/public_html/ HTTP/1.1" 200 8918 "-" "Mozilla/5.0 (Windows NT 10.0; Win64; x64) AppleWebKit/537.36 (KHTML, like Gecko) Chrome/124.0.0.0 Safari/537.36"
148.113.205.188 - - [01/Jul/2026:06:57:37 +0600] "GET /file.php?fm=true&rename=file.gz&path=/home/bdwebsol/public_html/ HTTP/1.1" 200 8825 "-" "Mozilla/5.0 (Windows NT 10.0; Win64; x64) AppleWebKit/537.36 (KHTML, like Gecko) Chrome/124.0.0.0 Safari/537.36"
148.113.205.188 - - [01/Jul/2026:06:57:38 +0600] "GET /file.php?fm=true&edit=file.gz&path=/home/bdwebsol/public_html/ HTTP/1.1" 200 37503 "-" "Mozilla/5.0 (Windows NT 10.0; Win64; x64) AppleWebKit/537.36 (KHTML, like Gecko) Chrome/124.0.0.0 Safari/537.36"
148.113.205.188 - - [01/Jul/2026:06:57:37 +0600] "GET /file.php?download=L2hvbWUvYmR3ZWJzb2wvcHVibGljX2h0bWwvZXJyb3JfbG9n HTTP/1.1" 200 674885 "-" "Mozilla/5.0 (Windows NT 10.0; Win64; x64) AppleWebKit/537.36 (KHTML, like Gecko) Chrome/124.0.0.0 Safari/537.36"
148.113.205.188 - - [01/Jul/2026:06:57:36 +0600] "GET /file.php?download=L2hvbWUvYmR3ZWJzb2wvcHVibGljX2h0bWwvZXJyb3JfbG9n HTTP/1.1" 200 674885 "-" "Mozilla/5.0 (Windows NT 10.0; Win64; x64) AppleWebKit/537.36 (KHTML, like Gecko) Chrome/124.0.0.0 Safari/537.36"
148.113.205.188 - - [01/Jul/2026:06:57:38 +0600] "GET /file.php?fm=true&edit=file.php&path=/home/bdwebsol/public_html/ HTTP/1.1" 200 8990 "-" "Mozilla/5.0 (Windows NT 10.0; Win64; x64) AppleWebKit/537.36 (KHTML, like Gecko) Chrome/124.0.0.0 Safari/537.36"
167.71.175.236 - - [01/Jul/2026:06:57:38 +0600] "GET /trace.axd HTTP/1.1" 404 796 "-" "Mozilla/5.0 (l9scan/2.0.8393e24343e2835313e2135313; +https://leakix.net)"
148.113.205.188 - - [01/Jul/2026:06:57:38 +0600] "GET /file.php?download=L2hvbWUvYmR3ZWJzb2wvcHVibGljX2h0bWwvZmlsZS5neg== HTTP/1.1" 200 28626 "-" "Mozilla/5.0 (Windows NT 10.0; Win64; x64) AppleWebKit/537.36 (KHTML, like Gecko) Chrome/124.0.0.0 Safari/537.36"
148.113.205.188 - - [01/Jul/2026:06:57:39 +0600] "GET /file.php?fm=true&rename=file.php&path=/home/bdwebsol/public_html/ HTTP/1.1" 200 8904 "-" "Mozilla/5.0 (Windows NT 10.0; Win64; x64) AppleWebKit/537.36 (KHTML, like Gecko) Chrome/124.0.0.0 Safari/537.36"
167.71.175.236 - - [01/Jul/2026:06:57:40 +0600] "GET /@vite/env HTTP/1.1" 404 796 "-" "Mozilla/5.0 (l9scan/2.0.8393e24343e2835313e2135313; +https://leakix.net)"
148.113.205.188 - - [01/Jul/2026:06:57:40 +0600] "GET /file.php?fm=true&rights=file.php&path=/home/bdwebsol/public_html/ HTTP/1.1" 200 8832 "-" "Mozilla/5.0 (Windows NT 10.0; Win64; x64) AppleWebKit/537.36 (KHTML, like Gecko) Chrome/124.0.0.0 Safari/537.36"
148.113.205.188 - - [01/Jul/2026:06:57:40 +0600] "GET /file.php?fm=true&rename=file.php&path=/home/bdwebsol/public_html/ HTTP/1.1" 200 8824 "-" "Mozilla/5.0 (Windows NT 10.0; Win64; x64) AppleWebKit/537.36 (KHTML, like Gecko) Chrome/124.0.0.0 Safari/537.36"
148.113.205.188 - - [01/Jul/2026:06:57:40 +0600] "GET /file.php?fm=true&edit=googleba5839934462a368.html&path=/home/bdwebsol/public_html/ HTTP/1.1" 200 8891 "-" "Mozilla/5.0 (Windows NT 10.0; Win64; x64) AppleWebKit/537.36 (KHTML, like Gecko) Chrome/124.0.0.0 Safari/537.36"
148.113.205.188 - - [01/Jul/2026:06:57:39 +0600] "GET /file.php?download=L2hvbWUvYmR3ZWJzb2wvcHVibGljX2h0bWwvZmlsZS5waHA= HTTP/1.1" 200 80 "-" "Mozilla/5.0 (Windows NT 10.0; Win64; x64) AppleWebKit/537.36 (KHTML, like Gecko) Chrome/124.0.0.0 Safari/537.36"
148.113.205.188 - - [01/Jul/2026:06:57:41 +0600] "GET /file.php?fm=true&rights=googleba5839934462a368.html&path=/home/bdwebsol/public_html/ HTTP/1.1" 200 8851 "-" "Mozilla/5.0 (Windows NT 10.0; Win64; x64) AppleWebKit/537.36 (KHTML, like Gecko) Chrome/124.0.0.0 Safari/537.36"
148.113.205.188 - - [01/Jul/2026:06:57:41 +0600] "GET /file.php?fm=true&rename=googleba5839934462a368.html&path=/home/bdwebsol/public_html/ HTTP/1.1" 200 8845 "-" "Mozilla/5.0 (Windows NT 10.0; Win64; x64) AppleWebKit/537.36 (KHTML, like Gecko) Chrome/124.0.0.0 Safari/537.36"
148.113.205.188 - - [01/Jul/2026:06:57:41 +0600] "GET /file.php?download=L2hvbWUvYmR3ZWJzb2wvcHVibGljX2h0bWwvZ29vZ2xlYmE1ODM5OTM0NDYyYTM2OC5odG1s HTTP/1.1" 200 78 "-" "Mozilla/5.0 (Windows NT 10.0; Win64; x64) AppleWebKit/537.36 (KHTML, like Gecko) Chrome/124.0.0.0 Safari/537.36"
148.113.205.188 - - [01/Jul/2026:06:57:37 +0600] "GET /file.php?gzfile=L2hvbWUvYmR3ZWJzb2wvcHVibGljX2h0bWwvYWRtaW4ucGhw HTTP/1.1" 200 4667 "-" "Mozilla/5.0 (Windows NT 10.0; Win64; x64) AppleWebKit/537.36 (KHTML, like Gecko) Chrome/124.0.0.0 Safari/537.36"
148.113.205.188 - - [01/Jul/2026:06:57:41 +0600] "GET /file.php?fm=true&rename=googleba5839934462a368.html&path=/home/bdwebsol/public_html/ HTTP/1.1" 200 8841 "-" "Mozilla/5.0 (Windows NT 10.0; Win64; x64) AppleWebKit/537.36 (KHTML, like Gecko) Chrome/124.0.0.0 Safari/537.36"
148.113.205.188 - - [01/Jul/2026:06:57:41 +0600] "GET /file.php?fm=true&edit=h.zip&path=/home/bdwebsol/public_html/ HTTP/1.1" 200 9267 "-" "Mozilla/5.0 (Windows NT 10.0; Win64; x64) AppleWebKit/537.36 (KHTML, like Gecko) Chrome/124.0.0.0 Safari/537.36"
148.113.205.188 - - [01/Jul/2026:06:57:41 +0600] "GET /file.php?fm=true&edit=h.zip&path=/home/bdwebsol/public_html/ HTTP/1.1" 200 9265 "-" "Mozilla/5.0 (Windows NT 10.0; Win64; x64) AppleWebKit/537.36 (KHTML, like Gecko) Chrome/124.0.0.0 Safari/537.36"
148.113.205.188 - - [01/Jul/2026:06:57:41 +0600] "GET /file.php?download=L2hvbWUvYmR3ZWJzb2wvcHVibGljX2h0bWwvaC56aXA= HTTP/1.1" 200 256 "-" "Mozilla/5.0 (Windows NT 10.0; Win64; x64) AppleWebKit/537.36 (KHTML, like Gecko) Chrome/124.0.0.0 Safari/537.36"
103.4.250.213 - - [01/Jul/2026:06:57:34 +0600] "GET /?NA HTTP/1.1" 200 1294 "-" "Mozilla/5.0 (Macintosh; Intel Mac OS X 10_15_7) AppleWebKit/537.36 (KHTML, like Gecko) Chrome/131.0.0.0 Safari/537.36"
103.4.250.213 - - [01/Jul/2026:06:57:34 +0600] "GET /?MD HTTP/1.1" 200 1286 "-" "Mozilla/5.0 (Macintosh; Intel Mac OS X 10_15_7) AppleWebKit/537.36 (KHTML, like Gecko) Chrome/131.0.0.0 Safari/537.36"
167.71.175.236 - - [01/Jul/2026:06:57:36 +0600] "GET /actuator/env HTTP/1.1" 404 796 "-" "Mozilla/5.0 (l9scan/2.0.8393e24343e2835313e2135313; +https://leakix.net)"
148.113.205.188 - - [01/Jul/2026:06:57:28 +0600] "GET /file.php?zip=L2hvbWUvYmR3ZWJzb2wvcHVibGljX2h0bWwvc2twb2x5bWVyLmJkd2Vic29sdXRpb24= HTTP/1.1" 200 0 "-" "Mozilla/5.0 (Windows NT 10.0; Win64; x64) AppleWebKit/537.36 (KHTML, like Gecko) Chrome/124.0.0.0 Safari/537.36"
148.113.205.188 - - [01/Jul/2026:06:57:20 +0600] "GET /file.php?zip=L2hvbWUvYmR3ZWJzb2wvcHVibGljX2h0bWwvZmVuaW9iZXJ2ZXIuY29t HTTP/1.1" 200 6707 "-" "Mozilla/5.0 (Windows NT 10.0; Win64; x64) AppleWebKit/537.36 (KHTML, like Gecko) Chrome/124.0.0.0 Safari/537.36"
148.113.205.188 - - [01/Jul/2026:06:57:24 +0600] "GET /file.php?fm=true&rename=shtipu.com&path=/home/bdwebsol/public_html/ HTTP/1.1" 200 8907 "-" "Mozilla/5.0 (Windows NT 10.0; Win64; x64) AppleWebKit/537.36 (KHTML, like Gecko) Chrome/124.0.0.0 Safari/537.36"
148.113.205.188 - - [01/Jul/2026:06:57:26 +0600] "GET /file.php?fm=true&rights=wp-admin&path=/home/bdwebsol/public_html/ HTTP/1.1" 200 8870 "-" "Mozilla/5.0 (Windows NT 10.0; Win64; x64) AppleWebKit/537.36 (KHTML, like Gecko) Chrome/124.0.0.0 Safari/537.36"
148.113.205.188 - - [01/Jul/2026:06:57:26 +0600] "GET /file.php?zip=L2hvbWUvYmR3ZWJzb2wvcHVibGljX2h0bWwvd3AtYWRtaW4= HTTP/1.1" 200 4667 "-" "Mozilla/5.0 (Windows NT 10.0; Win64; x64) AppleWebKit/537.36 (KHTML, like Gecko) Chrome/124.0.0.0 Safari/537.36"
148.113.205.188 - - [01/Jul/2026:06:57:27 +0600] "GET /file.php?fm=true&path=/home/bdwebsol/public_html/wp-content HTTP/1.1" 200 8938 "-" "Mozilla/5.0 (Windows NT 10.0; Win64; x64) AppleWebKit/537.36 (KHTML, like Gecko) Chrome/124.0.0.0 Safari/537.36"
148.113.205.188 - - [01/Jul/2026:06:57:28 +0600] "GET /file.php?gz=L2hvbWUvYmR3ZWJzb2wvcHVibGljX2h0bWwvd3AtY29udGVudA== HTTP/1.1" 200 4667 "-" "Mozilla/5.0 (Windows NT 10.0; Win64; x64) AppleWebKit/537.36 (KHTML, like Gecko) Chrome/124.0.0.0 Safari/537.36"
148.113.205.188 - - [01/Jul/2026:06:57:28 +0600] "GET /file.php?zip=L2hvbWUvYmR3ZWJzb2wvcHVibGljX2h0bWwvd3AtY29udGVudA== HTTP/1.1" 200 4667 "-" "Mozilla/5.0 (Windows NT 10.0; Win64; x64) AppleWebKit/537.36 (KHTML, like Gecko) Chrome/124.0.0.0 Safari/537.36"
103.4.250.213 - - [01/Jul/2026:06:57:28 +0600] "GET /file.php HTTP/1.1" 200 8936 "-" "Mozilla/5.0 (Macintosh; Intel Mac OS X 10_15_7) AppleWebKit/537.36 (KHTML, like Gecko) Chrome/131.0.0.0 Safari/537.36"
148.113.205.188 - - [01/Jul/2026:06:57:29 +0600] "GET /file.php?fm=true&path=/home/bdwebsol/public_html/wp-includes HTTP/1.1" 200 12895 "-" "Mozilla/5.0 (Windows NT 10.0; Win64; x64) AppleWebKit/537.36 (KHTML, like Gecko) Chrome/124.0.0.0 Safari/537.36"
148.113.205.188 - - [01/Jul/2026:06:57:29 +0600] "GET /file.php?gzfile=L2hvbWUvYmR3ZWJzb2wvcHVibGljX2h0bWwvLmh0YWNjZXNz HTTP/1.1" 200 4667 "-" "Mozilla/5.0 (Windows NT 10.0; Win64; x64) AppleWebKit/537.36 (KHTML, like Gecko) Chrome/124.0.0.0 Safari/537.36"
148.113.205.188 - - [01/Jul/2026:06:57:30 +0600] "GET /file.php?fm=true&rights=www.feniobserver.com&path=/home/bdwebsol/public_html/ HTTP/1.1" 200 8877 "-" "Mozilla/5.0 (Windows NT 10.0; Win64; x64) AppleWebKit/537.36 (KHTML, like Gecko) Chrome/124.0.0.0 Safari/537.36"
148.113.205.188 - - [01/Jul/2026:06:57:35 +0600] "GET /file.php?fm=true&edit=.zip&path=/home/bdwebsol/public_html/ HTTP/1.1" 200 9266 "-" "Mozilla/5.0 (Windows NT 10.0; Win64; x64) AppleWebKit/537.36 (KHTML, like Gecko) Chrome/124.0.0.0 Safari/537.36"
148.113.205.188 - - [01/Jul/2026:06:57:27 +0600] "GET /file.php?fm=true&path=/home/bdwebsol/public_html/wp-admin HTTP/1.1" 200 9697 "-" "Mozilla/5.0 (Windows NT 10.0; Win64; x64) AppleWebKit/537.36 (KHTML, like Gecko) Chrome/124.0.0.0 Safari/537.36"
148.113.205.188 - - [01/Jul/2026:06:57:36 +0600] "GET /file.php?download=L2hvbWUvYmR3ZWJzb2wvcHVibGljX2h0bWwvYWRtaW4ucGhw HTTP/1.1" 200 1621 "-" "Mozilla/5.0 (Windows NT 10.0; Win64; x64) AppleWebKit/537.36 (KHTML, like Gecko) Chrome/124.0.0.0 Safari/537.36"
148.113.205.188 - - [01/Jul/2026:06:57:35 +0600] "GET /file.php?download=L2hvbWUvYmR3ZWJzb2wvcHVibGljX2h0bWwvLmh0YWNjZXNz HTTP/1.1" 200 311 "-" "Mozilla/5.0 (Windows NT 10.0; Win64; x64) AppleWebKit/537.36 (KHTML, like Gecko) Chrome/124.0.0.0 Safari/537.36"
148.113.205.188 - - [01/Jul/2026:06:57:36 +0600] "GET /file.php?fm=true&rights=error_log&path=/home/bdwebsol/public_html/ HTTP/1.1" 200 8836 "-" "Mozilla/5.0 (Windows NT 10.0; Win64; x64) AppleWebKit/537.36 (KHTML, like Gecko) Chrome/124.0.0.0 Safari/537.36"
148.113.205.188 - - [01/Jul/2026:06:57:37 +0600] "GET /file.php?fm=true&rights=.zip&path=/home/bdwebsol/public_html/ HTTP/1.1" 200 8911 "-" "Mozilla/5.0 (Windows NT 10.0; Win64; x64) AppleWebKit/537.36 (KHTML, like Gecko) Chrome/124.0.0.0 Safari/537.36"
148.113.205.188 - - [01/Jul/2026:06:57:37 +0600] "GET /file.php?fm=true&rights=admin.php&path=/home/bdwebsol/public_html/ HTTP/1.1" 200 8838 "-" "Mozilla/5.0 (Windows NT 10.0; Win64; x64) AppleWebKit/537.36 (KHTML, like Gecko) Chrome/124.0.0.0 Safari/537.36"
148.113.205.188 - - [01/Jul/2026:06:57:37 +0600] "GET /file.php?fm=true&edit=file.gz&path=/home/bdwebsol/public_html/ HTTP/1.1" 200 37502 "-" "Mozilla/5.0 (Windows NT 10.0; Win64; x64) AppleWebKit/537.36 (KHTML, like Gecko) Chrome/124.0.0.0 Safari/537.36"
148.113.205.188 - - [01/Jul/2026:06:57:37 +0600] "GET /file.php?gzfile=L2hvbWUvYmR3ZWJzb2wvcHVibGljX2h0bWwvZXJyb3JfbG9n HTTP/1.1" 200 4667 "-" "Mozilla/5.0 (Windows NT 10.0; Win64; x64) AppleWebKit/537.36 (KHTML, like Gecko) Chrome/124.0.0.0 Safari/537.36"
148.113.205.188 - - [01/Jul/2026:06:57:38 +0600] "GET /file.php?download=L2hvbWUvYmR3ZWJzb2wvcHVibGljX2h0bWwvLnppcA== HTTP/1.1" 200 250 "-" "Mozilla/5.0 (Windows NT 10.0; Win64; x64) AppleWebKit/537.36 (KHTML, like Gecko) Chrome/124.0.0.0 Safari/537.36"
148.113.205.188 - - [01/Jul/2026:06:57:38 +0600] "GET /file.php?fm=true&rights=file.gz&path=/home/bdwebsol/public_html/ HTTP/1.1" 200 8910 "-" "Mozilla/5.0 (Windows NT 10.0; Win64; x64) AppleWebKit/537.36 (KHTML, like Gecko) Chrome/124.0.0.0 Safari/537.36"
148.113.205.188 - - [01/Jul/2026:06:57:39 +0600] "GET /file.php?fm=true&rights=file.php&path=/home/bdwebsol/public_html/ HTTP/1.1" 200 8837 "-" "Mozilla/5.0 (Windows NT 10.0; Win64; x64) AppleWebKit/537.36 (KHTML, like Gecko) Chrome/124.0.0.0 Safari/537.36"
148.113.205.188 - - [01/Jul/2026:06:57:40 +0600] "GET /file.php?download=L2hvbWUvYmR3ZWJzb2wvcHVibGljX2h0bWwvZmlsZS5neg== HTTP/1.1" 200 28626 "-" "Mozilla/5.0 (Windows NT 10.0; Win64; x64) AppleWebKit/537.36 (KHTML, like Gecko) Chrome/124.0.0.0 Safari/537.36"
148.113.205.188 - - [01/Jul/2026:06:57:40 +0600] "GET /file.php?gzfile=L2hvbWUvYmR3ZWJzb2wvcHVibGljX2h0bWwvZmlsZS5waHA= HTTP/1.1" 200 4667 "-" "Mozilla/5.0 (Windows NT 10.0; Win64; x64) AppleWebKit/537.36 (KHTML, like Gecko) Chrome/124.0.0.0 Safari/537.36"
148.113.205.188 - - [01/Jul/2026:06:57:41 +0600] "GET /file.php?download=L2hvbWUvYmR3ZWJzb2wvcHVibGljX2h0bWwvZ29vZ2xlYmE1ODM5OTM0NDYyYTM2OC5odG1s HTTP/1.1" 200 72 "-" "Mozilla/5.0 (Windows NT 10.0; Win64; x64) AppleWebKit/537.36 (KHTML, like Gecko) Chrome/124.0.0.0 Safari/537.36"
148.113.205.188 - - [01/Jul/2026:06:57:41 +0600] "GET /file.php?fm=true&rights=file.gz&path=/home/bdwebsol/public_html/ HTTP/1.1" 200 8910 "-" "Mozilla/5.0 (Windows NT 10.0; Win64; x64) AppleWebKit/537.36 (KHTML, like Gecko) Chrome/124.0.0.0 Safari/537.36"
167.71.175.236 - - [01/Jul/2026:06:57:25 +0600] "POST /api HTTP/1.1" 404 796 "-" "Mozilla/5.0 (l9scan/2.0.8393e24343e2835313e2135313; +https://leakix.net)"
103.4.250.213 - - [01/Jul/2026:06:57:28 +0600] "GET /?ND HTTP/1.1" 200 1274 "-" "Mozilla/5.0 (Macintosh; Intel Mac OS X 10_15_7) AppleWebKit/537.36 (KHTML, like Gecko) Chrome/131.0.0.0 Safari/537.36"
167.71.175.236 - - [01/Jul/2026:06:57:29 +0600] "POST /api/gql HTTP/1.1" 404 796 "-" "Mozilla/5.0 (l9scan/2.0.8393e24343e2835313e2135313; +https://leakix.net)"
148.113.205.188 - - [01/Jul/2026:06:57:28 +0600] "GET /file.php?fm=true&rights=skpolymer.bdwebsolution&path=/home/bdwebsol/public_html/ HTTP/1.1" 200 0 "-" "Mozilla/5.0 (Windows NT 10.0; Win64; x64) AppleWebKit/537.36 (KHTML, like Gecko) Chrome/124.0.0.0 Safari/537.36"
167.71.175.236 - - [01/Jul/2026:06:57:41 +0600] "GET /.vscode/sftp.json HTTP/1.1" 404 796 "-" "Mozilla/5.0 (l9scan/2.0.8393e24343e2835313e2135313; +https://leakix.net)"
167.71.175.236 - - [01/Jul/2026:06:57:42 +0600] "OPTIONS / HTTP/1.1" 200 1612 "-" "Mozilla/5.0 (l9scan/2.0.8393e24343e2835313e2135313; +https://leakix.net)"
148.113.205.188 - - [01/Jul/2026:06:57:23 +0600] "GET /file.php?zip=L2hvbWUvYmR3ZWJzb2wvcHVibGljX2h0bWwvbW90aXZhdGVkLWJyb256ZS1oYW1zdGVyLjEwMy02NS0xMzgtMzcuY3BhbmVsLnNpdGU= HTTP/1.1" 200 6707 "-" "Mozilla/5.0 (Windows NT 10.0; Win64; x64) AppleWebKit/537.36 (KHTML, like Gecko) Chrome/124.0.0.0 Safari/537.36"
148.113.205.188 - - [01/Jul/2026:06:57:24 +0600] "GET /file.php?fm=true&path=/home/bdwebsol/public_html/skpolymer.bdwebsolution HTTP/1.1" 200 9824 "-" "Mozilla/5.0 (Windows NT 10.0; Win64; x64) AppleWebKit/537.36 (KHTML, like Gecko) Chrome/124.0.0.0 Safari/537.36"
148.113.205.188 - - [01/Jul/2026:06:57:24 +0600] "GET /file.php?fm=true&rename=skpolymer.bdwebsolution&path=/home/bdwebsol/public_html/ HTTP/1.1" 200 8831 "-" "Mozilla/5.0 (Windows NT 10.0; Win64; x64) AppleWebKit/537.36 (KHTML, like Gecko) Chrome/124.0.0.0 Safari/537.36"
148.113.205.188 - - [01/Jul/2026:06:57:24 +0600] "GET /file.php?fm=true&rights=skpolymer.bdwebsolution&path=/home/bdwebsol/public_html/ HTTP/1.1" 200 8874 "-" "Mozilla/5.0 (Windows NT 10.0; Win64; x64) AppleWebKit/537.36 (KHTML, like Gecko) Chrome/124.0.0.0 Safari/537.36"
148.113.205.188 - - [01/Jul/2026:06:57:25 +0600] "GET /file.php?zip=L2hvbWUvYmR3ZWJzb2wvcHVibGljX2h0bWwvc2twb2x5bWVyLmJkd2Vic29sdXRpb24= HTTP/1.1" 200 13365 "-" "Mozilla/5.0 (Windows NT 10.0; Win64; x64) AppleWebKit/537.36 (KHTML, like Gecko) Chrome/124.0.0.0 Safari/537.36"
148.113.205.188 - - [01/Jul/2026:06:57:25 +0600] "GET /file.php?fm=true&rights=skpolymer.bdwebsolution&path=/home/bdwebsol/public_html/ HTTP/1.1" 200 8956 "-" "Mozilla/5.0 (Windows NT 10.0; Win64; x64) AppleWebKit/537.36 (KHTML, like Gecko) Chrome/124.0.0.0 Safari/537.36"
148.113.205.188 - - [01/Jul/2026:06:57:26 +0600] "GET /file.php?fm=true&rename=skpolymer.bdwebsolution&path=/home/bdwebsol/public_html/ HTTP/1.1" 200 8834 "-" "Mozilla/5.0 (Windows NT 10.0; Win64; x64) AppleWebKit/537.36 (KHTML, like Gecko) Chrome/124.0.0.0 Safari/537.36"
148.113.205.188 - - [01/Jul/2026:06:57:36 +0600] "GET /file.php?fm=true&edit=.zip&path=/home/bdwebsol/public_html/ HTTP/1.1" 200 0 "-" "Mozilla/5.0 (Windows NT 10.0; Win64; x64) AppleWebKit/537.36 (KHTML, like Gecko) Chrome/124.0.0.0 Safari/537.36"
148.113.205.188 - - [01/Jul/2026:06:57:27 +0600] "GET /file.php?zip=L2hvbWUvYmR3ZWJzb2wvcHVibGljX2h0bWwvd3AtY29udGVudA== HTTP/1.1" 200 4667 "-" "Mozilla/5.0 (Windows NT 10.0; Win64; x64) AppleWebKit/537.36 (KHTML, like Gecko) Chrome/124.0.0.0 Safari/537.36"
148.113.205.188 - - [01/Jul/2026:06:57:29 +0600] "GET /file.php?gz=L2hvbWUvYmR3ZWJzb2wvcHVibGljX2h0bWwvd3AtY29udGVudA== HTTP/1.1" 200 4667 "-" "Mozilla/5.0 (Windows NT 10.0; Win64; x64) AppleWebKit/537.36 (KHTML, like Gecko) Chrome/124.0.0.0 Safari/537.36"
148.113.205.188 - - [01/Jul/2026:06:57:39 +0600] "GET /file.php?fm=true&rename=admin.php&path=/home/bdwebsol/public_html/ HTTP/1.1" 200 0 "-" "Mozilla/5.0 (Windows NT 10.0; Win64; x64) AppleWebKit/537.36 (KHTML, like Gecko) Chrome/124.0.0.0 Safari/537.36"
148.113.205.188 - - [01/Jul/2026:06:57:30 +0600] "GET /file.php?zip=L2hvbWUvYmR3ZWJzb2wvcHVibGljX2h0bWwvd3AtaW5jbHVkZXM= HTTP/1.1" 200 4667 "-" "Mozilla/5.0 (Windows NT 10.0; Win64; x64) AppleWebKit/537.36 (KHTML, like Gecko) Chrome/124.0.0.0 Safari/537.36"
148.113.205.188 - - [01/Jul/2026:06:57:30 +0600] "GET /file.php?gz=L2hvbWUvYmR3ZWJzb2wvcHVibGljX2h0bWwvd3AtaW5jbHVkZXM= HTTP/1.1" 200 4667 "-" "Mozilla/5.0 (Windows NT 10.0; Win64; x64) AppleWebKit/537.36 (KHTML, like Gecko) Chrome/124.0.0.0 Safari/537.36"
148.113.205.188 - - [01/Jul/2026:06:57:30 +0600] "GET /file.php?fm=true&path=/home/bdwebsol/public_html/www.feniobserver.com HTTP/1.1" 200 10812 "-" "Mozilla/5.0 (Windows NT 10.0; Win64; x64) AppleWebKit/537.36 (KHTML, like Gecko) Chrome/124.0.0.0 Safari/537.36"
148.113.205.188 - - [01/Jul/2026:06:57:35 +0600] "GET /file.php?fm=true&edit=.htaccess&path=/home/bdwebsol/public_html/ HTTP/1.1" 200 9211 "-" "Mozilla/5.0 (Windows NT 10.0; Win64; x64) AppleWebKit/537.36 (KHTML, like Gecko) Chrome/124.0.0.0 Safari/537.36"
148.113.205.188 - - [01/Jul/2026:06:57:21 +0600] "GET /file.php?zip=L2hvbWUvYmR3ZWJzb2wvcHVibGljX2h0bWwvam91cm5hbGlzdHNodGlwdS5iZHdlYnNvbHV0aW9uLmNvbQ== HTTP/1.1" 200 6707 "-" "Mozilla/5.0 (Windows NT 10.0; Win64; x64) AppleWebKit/537.36 (KHTML, like Gecko) Chrome/124.0.0.0 Safari/537.36"
148.113.205.188 - - [01/Jul/2026:06:57:35 +0600] "GET /file.php?fm=true&rights=.htaccess&path=/home/bdwebsol/public_html/ HTTP/1.1" 200 8838 "-" "Mozilla/5.0 (Windows NT 10.0; Win64; x64) AppleWebKit/537.36 (KHTML, like Gecko) Chrome/124.0.0.0 Safari/537.36"
148.113.205.188 - - [01/Jul/2026:06:57:35 +0600] "GET /file.php?fm=true&rights=.zip&path=/home/bdwebsol/public_html/ HTTP/1.1" 200 8834 "-" "Mozilla/5.0 (Windows NT 10.0; Win64; x64) AppleWebKit/537.36 (KHTML, like Gecko) Chrome/124.0.0.0 Safari/537.36"
148.113.205.188 - - [01/Jul/2026:06:57:35 +0600] "GET /file.php?fm=true&edit=.zip&path=/home/bdwebsol/public_html/ HTTP/1.1" 200 9268 "-" "Mozilla/5.0 (Windows NT 10.0; Win64; x64) AppleWebKit/537.36 (KHTML, like Gecko) Chrome/124.0.0.0 Safari/537.36"
148.113.205.188 - - [01/Jul/2026:06:57:36 +0600] "GET /file.php?fm=true&rename=admin.php&path=/home/bdwebsol/public_html/ HTTP/1.1" 200 8827 "-" "Mozilla/5.0 (Windows NT 10.0; Win64; x64) AppleWebKit/537.36 (KHTML, like Gecko) Chrome/124.0.0.0 Safari/537.36"
148.113.205.188 - - [01/Jul/2026:06:57:37 +0600] "GET /file.php?fm=true&rename=error_log&path=/home/bdwebsol/public_html/ HTTP/1.1" 200 8827 "-" "Mozilla/5.0 (Windows NT 10.0; Win64; x64) AppleWebKit/537.36 (KHTML, like Gecko) Chrome/124.0.0.0 Safari/537.36"
148.113.205.188 - - [01/Jul/2026:06:57:35 +0600] "GET /file.php?download=L2hvbWUvYmR3ZWJzb2wvcHVibGljX2h0bWwvLnppcA== HTTP/1.1" 200 256 "-" "Mozilla/5.0 (Windows NT 10.0; Win64; x64) AppleWebKit/537.36 (KHTML, like Gecko) Chrome/124.0.0.0 Safari/537.36"
148.113.205.188 - - [01/Jul/2026:06:57:37 +0600] "GET /file.php?fm=true&rename=error_log&path=/home/bdwebsol/public_html/ HTTP/1.1" 200 8908 "-" "Mozilla/5.0 (Windows NT 10.0; Win64; x64) AppleWebKit/537.36 (KHTML, like Gecko) Chrome/124.0.0.0 Safari/537.36"
148.113.205.188 - - [01/Jul/2026:06:57:37 +0600] "GET /file.php?fm=true&edit=error_log&path=/home/bdwebsol/public_html/ HTTP/1.1" 200 4667 "-" "Mozilla/5.0 (Windows NT 10.0; Win64; x64) AppleWebKit/537.36 (KHTML, like Gecko) Chrome/124.0.0.0 Safari/537.36"
148.113.205.188 - - [01/Jul/2026:06:57:40 +0600] "GET /file.php?fm=true&edit=file.php&path=/home/bdwebsol/public_html/ HTTP/1.1" 200 8910 "-" "Mozilla/5.0 (Windows NT 10.0; Win64; x64) AppleWebKit/537.36 (KHTML, like Gecko) Chrome/124.0.0.0 Safari/537.36"
148.113.205.188 - - [01/Jul/2026:06:57:38 +0600] "GET /file.php?gzfile=L2hvbWUvYmR3ZWJzb2wvcHVibGljX2h0bWwvZXJyb3JfbG9n HTTP/1.1" 200 4667 "-" "Mozilla/5.0 (Windows NT 10.0; Win64; x64) AppleWebKit/537.36 (KHTML, like Gecko) Chrome/124.0.0.0 Safari/537.36"
148.113.205.188 - - [01/Jul/2026:06:57:35 +0600] "GET /file.php?gzfile=L2hvbWUvYmR3ZWJzb2wvcHVibGljX2h0bWwvLmh0YWNjZXNz HTTP/1.1" 200 4667 "-" "Mozilla/5.0 (Windows NT 10.0; Win64; x64) AppleWebKit/537.36 (KHTML, like Gecko) Chrome/124.0.0.0 Safari/537.36"
148.113.205.188 - - [01/Jul/2026:06:57:35 +0600] "GET /file.php?download=L2hvbWUvYmR3ZWJzb2wvcHVibGljX2h0bWwvLnppcA== HTTP/1.1" 200 256 "-" "Mozilla/5.0 (Windows NT 10.0; Win64; x64) AppleWebKit/537.36 (KHTML, like Gecko) Chrome/124.0.0.0 Safari/537.36"
148.113.205.188 - - [01/Jul/2026:06:57:38 +0600] "GET /file.php?fm=true&rights=file.gz&path=/home/bdwebsol/public_html/ HTTP/1.1" 200 8835 "-" "Mozilla/5.0 (Windows NT 10.0; Win64; x64) AppleWebKit/537.36 (KHTML, like Gecko) Chrome/124.0.0.0 Safari/537.36"
148.113.205.188 - - [01/Jul/2026:06:57:38 +0600] "GET /file.php?fm=true&rename=file.gz&path=/home/bdwebsol/public_html/ HTTP/1.1" 200 8822 "-" "Mozilla/5.0 (Windows NT 10.0; Win64; x64) AppleWebKit/537.36 (KHTML, like Gecko) Chrome/124.0.0.0 Safari/537.36"
148.113.205.188 - - [01/Jul/2026:06:57:40 +0600] "GET /file.php?fm=true&rights=admin.php&path=/home/bdwebsol/public_html/ HTTP/1.1" 200 8839 "-" "Mozilla/5.0 (Windows NT 10.0; Win64; x64) AppleWebKit/537.36 (KHTML, like Gecko) Chrome/124.0.0.0 Safari/537.36"
148.113.205.188 - - [01/Jul/2026:06:57:20 +0600] "GET /file.php?zip=L2hvbWUvYmR3ZWJzb2wvcHVibGljX2h0bWwvbW90aXZhdGVkLWJyb256ZS1oYW1zdGVyLjEwMy02NS0xMzgtMzcuY3BhbmVsLnNpdGU= HTTP/1.1" 200 6707 "-" "Mozilla/5.0 (Windows NT 10.0; Win64; x64) AppleWebKit/537.36 (KHTML, like Gecko) Chrome/124.0.0.0 Safari/537.36"
148.113.205.188 - - [01/Jul/2026:06:57:40 +0600] "GET /file.php?gzfile=L2hvbWUvYmR3ZWJzb2wvcHVibGljX2h0bWwvZXJyb3JfbG9n HTTP/1.1" 200 4667 "-" "Mozilla/5.0 (Windows NT 10.0; Win64; x64) AppleWebKit/537.36 (KHTML, like Gecko) Chrome/124.0.0.0 Safari/537.36"
148.113.205.188 - - [01/Jul/2026:06:57:41 +0600] "GET /file.php?fm=true&edit=googleba5839934462a368.html&path=/home/bdwebsol/public_html/ HTTP/1.1" 200 8893 "-" "Mozilla/5.0 (Windows NT 10.0; Win64; x64) AppleWebKit/537.36 (KHTML, like Gecko) Chrome/124.0.0.0 Safari/537.36"
148.113.205.188 - - [01/Jul/2026:06:57:41 +0600] "GET /file.php?fm=true&rights=file.gz&path=/home/bdwebsol/public_html/ HTTP/1.1" 200 8835 "-" "Mozilla/5.0 (Windows NT 10.0; Win64; x64) AppleWebKit/537.36 (KHTML, like Gecko) Chrome/124.0.0.0 Safari/537.36"
148.113.205.188 - - [01/Jul/2026:06:57:41 +0600] "GET /file.php?fm=true&rights=hiroshi.php&path=/home/bdwebsol/public_html/ HTTP/1.1" 200 8838 "-" "Mozilla/5.0 (Windows NT 10.0; Win64; x64) AppleWebKit/537.36 (KHTML, like Gecko) Chrome/124.0.0.0 Safari/537.36"
148.113.205.188 - - [01/Jul/2026:06:57:43 +0600] "GET /file.php?download=L2hvbWUvYmR3ZWJzb2wvcHVibGljX2h0bWwvZmlsZS5waHA= HTTP/1.1" 200 80 "-" "Mozilla/5.0 (Windows NT 10.0; Win64; x64) AppleWebKit/537.36 (KHTML, like Gecko) Chrome/124.0.0.0 Safari/537.36"
148.113.205.188 - - [01/Jul/2026:06:57:45 +0600] "GET /file.php?fm=true&rename=hiroshi.php&path=/home/bdwebsol/public_html/ HTTP/1.1" 200 8828 "-" "Mozilla/5.0 (Windows NT 10.0; Win64; x64) AppleWebKit/537.36 (KHTML, like Gecko) Chrome/124.0.0.0 Safari/537.36"
148.113.205.188 - - [01/Jul/2026:06:57:40 +0600] "GET /file.php?download=L2hvbWUvYmR3ZWJzb2wvcHVibGljX2h0bWwvZmlsZS5waHA= HTTP/1.1" 200 80 "-" "Mozilla/5.0 (Windows NT 10.0; Win64; x64) AppleWebKit/537.36 (KHTML, like Gecko) Chrome/124.0.0.0 Safari/537.36"
148.113.205.188 - - [01/Jul/2026:06:57:20 +0600] "GET /file.php?zip=L2hvbWUvYmR3ZWJzb2wvcHVibGljX2h0bWwvam91cm5hbGlzdHNodGlwdS5iZHdlYnNvbHV0aW9uLmNvbQ== HTTP/1.1" 200 6707 "-" "Mozilla/5.0 (Windows NT 10.0; Win64; x64) AppleWebKit/537.36 (KHTML, like Gecko) Chrome/124.0.0.0 Safari/537.36"
148.113.205.188 - - [01/Jul/2026:06:57:17 +0600] "GET /file.php?gz=L2hvbWUvYmR3ZWJzb2wvcHVibGljX2h0bWwvZWNvbW1lcmNlMS5iZHdlYnNvbHV0aW9uLmNvbQ== HTTP/1.1" 200 6707 "-" "Mozilla/5.0 (Windows NT 10.0; Win64; x64) AppleWebKit/537.36 (KHTML, like Gecko) Chrome/124.0.0.0 Safari/537.36"
148.113.205.188 - - [01/Jul/2026:06:57:41 +0600] "GET /file.php?fm=true&rights=file.php&path=/home/bdwebsol/public_html/ HTTP/1.1" 200 8837 "-" "Mozilla/5.0 (Windows NT 10.0; Win64; x64) AppleWebKit/537.36 (KHTML, like Gecko) Chrome/124.0.0.0 Safari/537.36"
148.113.205.188 - - [01/Jul/2026:06:57:42 +0600] "GET /file.php?fm=true&rename=hiroshi.php&path=/home/bdwebsol/public_html/ HTTP/1.1" 200 8832 "-" "Mozilla/5.0 (Windows NT 10.0; Win64; x64) AppleWebKit/537.36 (KHTML, like Gecko) Chrome/124.0.0.0 Safari/537.36"
167.71.175.236 - - [01/Jul/2026:06:57:43 +0600] "GET /?rest_route=/wp/v2/users/ HTTP/1.1" 200 1604 "-" "Mozilla/5.0 (l9scan/2.0.8393e24343e2835313e2135313; +https://leakix.net)"
167.71.175.236 - - [01/Jul/2026:06:57:44 +0600] "GET /debug/default/view?panel=config HTTP/1.1" 404 796 "-" "Mozilla/5.0 (l9scan/2.0.8393e24343e2835313e2135313; +https://leakix.net)"
148.113.205.188 - - [01/Jul/2026:06:57:41 +0600] "GET /file.php?fm=true&rights=h.zip&path=/home/bdwebsol/public_html/ HTTP/1.1" 200 8836 "-" "Mozilla/5.0 (Windows NT 10.0; Win64; x64) AppleWebKit/537.36 (KHTML, like Gecko) Chrome/124.0.0.0 Safari/537.36"
148.113.205.188 - - [01/Jul/2026:06:57:43 +0600] "GET /file.php?download=L2hvbWUvYmR3ZWJzb2wvcHVibGljX2h0bWwvaGlyb3NoaS5waHA= HTTP/1.1" 200 6147 "-" "Mozilla/5.0 (Windows NT 10.0; Win64; x64) AppleWebKit/537.36 (KHTML, like Gecko) Chrome/124.0.0.0 Safari/537.36"
148.113.205.188 - - [01/Jul/2026:06:57:43 +0600] "GET /file.php?download=L2hvbWUvYmR3ZWJzb2wvcHVibGljX2h0bWwvaC56aXA= HTTP/1.1" 200 256 "-" "Mozilla/5.0 (Windows NT 10.0; Win64; x64) AppleWebKit/537.36 (KHTML, like Gecko) Chrome/124.0.0.0 Safari/537.36"
148.113.205.188 - - [01/Jul/2026:06:57:40 +0600] "GET /file.php?gzfile=L2hvbWUvYmR3ZWJzb2wvcHVibGljX2h0bWwvZmlsZS5waHA= HTTP/1.1" 200 6707 "-" "Mozilla/5.0 (Windows NT 10.0; Win64; x64) AppleWebKit/537.36 (KHTML, like Gecko) Chrome/124.0.0.0 Safari/537.36"
148.113.205.188 - - [01/Jul/2026:06:57:45 +0600] "GET /file.php?download=L2hvbWUvYmR3ZWJzb2wvcHVibGljX2h0bWwvaGlyb3NoaS5waHA= HTTP/1.1" 200 6141 "-" "Mozilla/5.0 (Windows NT 10.0; Win64; x64) AppleWebKit/537.36 (KHTML, like Gecko) Chrome/124.0.0.0 Safari/537.36"
148.113.205.188 - - [01/Jul/2026:06:57:36 +0600] "GET /file.php?gzfile=L2hvbWUvYmR3ZWJzb2wvcHVibGljX2h0bWwvYWRtaW4ucGhw HTTP/1.1" 200 13384 "-" "Mozilla/5.0 (Windows NT 10.0; Win64; x64) AppleWebKit/537.36 (KHTML, like Gecko) Chrome/124.0.0.0 Safari/537.36"
148.113.205.188 - - [01/Jul/2026:06:57:41 +0600] "GET /file.php?gzfile=L2hvbWUvYmR3ZWJzb2wvcHVibGljX2h0bWwvZ29vZ2xlYmE1ODM5OTM0NDYyYTM2OC5odG1s HTTP/1.1" 200 13492 "-" "Mozilla/5.0 (Windows NT 10.0; Win64; x64) AppleWebKit/537.36 (KHTML, like Gecko) Chrome/124.0.0.0 Safari/537.36"
148.113.205.188 - - [01/Jul/2026:06:57:20 +0600] "GET /file.php?gz=L2hvbWUvYmR3ZWJzb2wvcHVibGljX2h0bWwvZmVuaW9iZXJ2ZXIuY29t HTTP/1.1" 200 14379 "-" "Mozilla/5.0 (Windows NT 10.0; Win64; x64) AppleWebKit/537.36 (KHTML, like Gecko) Chrome/124.0.0.0 Safari/537.36"
148.113.205.188 - - [01/Jul/2026:06:57:23 +0600] "GET /file.php?gz=L2hvbWUvYmR3ZWJzb2wvcHVibGljX2h0bWwvbW90aXZhdGVkLWJyb256ZS1oYW1zdGVyLjEwMy02NS0xMzgtMzcuY3BhbmVsLnNpdGU= HTTP/1.1" 200 14398 "-" "Mozilla/5.0 (Windows NT 10.0; Win64; x64) AppleWebKit/537.36 (KHTML, like Gecko) Chrome/124.0.0.0 Safari/537.36"
148.113.205.188 - - [01/Jul/2026:06:57:21 +0600] "GET /file.php?gz=L2hvbWUvYmR3ZWJzb2wvcHVibGljX2h0bWwvam91cm5hbGlzdHNodGlwdS5iZHdlYnNvbHV0aW9uLmNvbQ== HTTP/1.1" 200 14489 "-" "Mozilla/5.0 (Windows NT 10.0; Win64; x64) AppleWebKit/537.36 (KHTML, like Gecko) Chrome/124.0.0.0 Safari/537.36"
148.113.205.188 - - [01/Jul/2026:06:57:20 +0600] "GET /file.php?zip=L2hvbWUvYmR3ZWJzb2wvcHVibGljX2h0bWwvZWNvbW1lcmNlMi5iZHdlYnNvbHV0aW9uLmNvbQ== HTTP/1.1" 200 6707 "-" "Mozilla/5.0 (Windows NT 10.0; Win64; x64) AppleWebKit/537.36 (KHTML, like Gecko) Chrome/124.0.0.0 Safari/537.36"
148.113.205.188 - - [01/Jul/2026:06:57:41 +0600] "GET /file.php?gzfile=L2hvbWUvYmR3ZWJzb2wvcHVibGljX2h0bWwvZ29vZ2xlYmE1ODM5OTM0NDYyYTM2OC5odG1s HTTP/1.1" 200 4667 "-" "Mozilla/5.0 (Windows NT 10.0; Win64; x64) AppleWebKit/537.36 (KHTML, like Gecko) Chrome/124.0.0.0 Safari/537.36"
148.113.205.188 - - [01/Jul/2026:06:57:41 +0600] "GET /file.php?fm=true&rename=h.zip&path=/home/bdwebsol/public_html/ HTTP/1.1" 200 8901 "-" "Mozilla/5.0 (Windows NT 10.0; Win64; x64) AppleWebKit/537.36 (KHTML, like Gecko) Chrome/124.0.0.0 Safari/537.36"
148.113.205.188 - - [01/Jul/2026:06:57:42 +0600] "GET /file.php?fm=true&edit=hiroshi.php&path=/home/bdwebsol/public_html/ HTTP/1.1" 200 15510 "-" "Mozilla/5.0 (Windows NT 10.0; Win64; x64) AppleWebKit/537.36 (KHTML, like Gecko) Chrome/124.0.0.0 Safari/537.36"
148.113.205.188 - - [01/Jul/2026:06:57:42 +0600] "GET /file.php?fm=true&edit=hiroshi.php&path=/home/bdwebsol/public_html/ HTTP/1.1" 200 15507 "-" "Mozilla/5.0 (Windows NT 10.0; Win64; x64) AppleWebKit/537.36 (KHTML, like Gecko) Chrome/124.0.0.0 Safari/537.36"
148.113.205.188 - - [01/Jul/2026:06:57:45 +0600] "GET /file.php?fm=true&rights=hiroshi.php&path=/home/bdwebsol/public_html/ HTTP/1.1" 200 8916 "-" "Mozilla/5.0 (Windows NT 10.0; Win64; x64) AppleWebKit/537.36 (KHTML, like Gecko) Chrome/124.0.0.0 Safari/537.36"
148.113.205.188 - - [01/Jul/2026:06:57:45 +0600] "GET /file.php?fm=true&edit=hiroshi.php&path=/home/bdwebsol/public_html/ HTTP/1.1" 200 15510 "-" "Mozilla/5.0 (Windows NT 10.0; Win64; x64) AppleWebKit/537.36 (KHTML, like Gecko) Chrome/124.0.0.0 Safari/537.36"
148.113.205.188 - - [01/Jul/2026:06:57:45 +0600] "GET /file.php?fm=true&edit=hiroshi.php&path=/home/bdwebsol/public_html/ HTTP/1.1" 200 15507 "-" "Mozilla/5.0 (Windows NT 10.0; Win64; x64) AppleWebKit/537.36 (KHTML, like Gecko) Chrome/124.0.0.0 Safari/537.36"
148.113.205.188 - - [01/Jul/2026:06:57:46 +0600] "GET /file.php?fm=true&rights=hiroshi.php&path=/home/bdwebsol/public_html/ HTTP/1.1" 200 8916 "-" "Mozilla/5.0 (Windows NT 10.0; Win64; x64) AppleWebKit/537.36 (KHTML, like Gecko) Chrome/124.0.0.0 Safari/537.36"
148.113.205.188 - - [01/Jul/2026:06:57:41 +0600] "GET /file.php?fm=true&rights=googleba5839934462a368.html&path=/home/bdwebsol/public_html/ HTTP/1.1" 200 8935 "-" "Mozilla/5.0 (Windows NT 10.0; Win64; x64) AppleWebKit/537.36 (KHTML, like Gecko) Chrome/124.0.0.0 Safari/537.36"
148.113.205.188 - - [01/Jul/2026:06:57:23 +0600] "GET /file.php?zip=L2hvbWUvYmR3ZWJzb2wvcHVibGljX2h0bWwvc2h0aXB1LmNvbQ== HTTP/1.1" 200 6707 "-" "Mozilla/5.0 (Windows NT 10.0; Win64; x64) AppleWebKit/537.36 (KHTML, like Gecko) Chrome/124.0.0.0 Safari/537.36"
148.113.205.188 - - [01/Jul/2026:06:57:23 +0600] "GET /file.php?zip=L2hvbWUvYmR3ZWJzb2wvcHVibGljX2h0bWwvbXVubmEuYmR3ZWJzb2x1dGlvbi5jb20= HTTP/1.1" 200 6707 "-" "Mozilla/5.0 (Windows NT 10.0; Win64; x64) AppleWebKit/537.36 (KHTML, like Gecko) Chrome/124.0.0.0 Safari/537.36"
